{"id":8155,"date":"2023-06-14T19:05:42","date_gmt":"2023-06-14T17:05:42","guid":{"rendered":"https:\/\/www.lesrencontreseconomiques.fr\/?page_id=8155"},"modified":"2025-07-01T14:04:11","modified_gmt":"2025-07-01T12:04:11","slug":"parc-jourdan","status":"publish","type":"page","link":"https:\/\/www.lesrencontreseconomiques.fr\/autour-des-rencontres\/parc-jourdan\/","title":{"rendered":"A voir dans le parc Jourdan"},"content":{"rendered":"<div class=\"-wrapper -846 -mt-90 -mb-90\">\n<div class=\"cp-cta-image-texte\">\n<div class=\"media \" data-aos=\"fade-right\" data-aos-anchor-placement=\"top-bottom\" data-aos-offset=\"200\">\n<div class=\"image -walc \" style=\"padding-top:100%\"><img width=\"224\" height=\"224\" src=\"https:\/\/www.lesrencontreseconomiques.fr\/wp-content\/uploads\/2025\/07\/Vignettes-NL-Cercle-4-224x224.png\" class=\"attachment-small size-small\" alt=\"\" decoding=\"async\" loading=\"lazy\" srcset=\"https:\/\/www.lesrencontreseconomiques.fr\/wp-content\/uploads\/2025\/07\/Vignettes-NL-Cercle-4-224x224.png 224w, https:\/\/www.lesrencontreseconomiques.fr\/wp-content\/uploads\/2025\/07\/Vignettes-NL-Cercle-4-150x150.png 150w, https:\/\/www.lesrencontreseconomiques.fr\/wp-content\/uploads\/2025\/07\/Vignettes-NL-Cercle-4-140x140.png 140w, https:\/\/www.lesrencontreseconomiques.fr\/wp-content\/uploads\/2025\/07\/Vignettes-NL-Cercle-4.png 290w\" sizes=\"auto, (max-width: 224px) 100vw, 224px\" \/><\/div>\n<\/p><\/div>\n<div class=\"description cp-texte\" data-aos=\"fade-up\" data-aos-anchor-placement=\"top-bottom\" data-aos-offset=\"200\">\n<h2>Les caf\u00e9s \u00e9ph\u00e9m\u00e8res<\/h2>\n<p>Deux caf\u00e9s \u00e9ph\u00e9m\u00e8res vous accueillent pendant les Rencontres. Vous y retrouverez boissons et snacks tout au long de la journ\u00e9e.<\/p>\n<\/p><\/div>\n<\/p><\/div>\n<\/div>\n<div class=\"-wrapper -846 -mt-90 -mb-90\">\n<div class=\"cp-cta-image-texte\">\n<div class=\"media \" data-aos=\"fade-right\" data-aos-anchor-placement=\"top-bottom\" data-aos-offset=\"200\">\n<div class=\"image -walc \" style=\"padding-top:100%\"><img width=\"224\" height=\"224\" src=\"https:\/\/www.lesrencontreseconomiques.fr\/wp-content\/uploads\/2025\/07\/Vignettes-NL-Cercle-5-224x224.png\" class=\"attachment-small size-small\" alt=\"\" decoding=\"async\" loading=\"lazy\" srcset=\"https:\/\/www.lesrencontreseconomiques.fr\/wp-content\/uploads\/2025\/07\/Vignettes-NL-Cercle-5-224x224.png 224w, https:\/\/www.lesrencontreseconomiques.fr\/wp-content\/uploads\/2025\/07\/Vignettes-NL-Cercle-5-150x150.png 150w, https:\/\/www.lesrencontreseconomiques.fr\/wp-content\/uploads\/2025\/07\/Vignettes-NL-Cercle-5-140x140.png 140w, https:\/\/www.lesrencontreseconomiques.fr\/wp-content\/uploads\/2025\/07\/Vignettes-NL-Cercle-5.png 290w\" sizes=\"auto, (max-width: 224px) 100vw, 224px\" \/><\/div>\n<\/p><\/div>\n<div class=\"description cp-texte\" data-aos=\"fade-up\" data-aos-anchor-placement=\"top-bottom\" data-aos-offset=\"200\">\n<h2>La fresque \u00ab\u00a0Affronter le choc des r\u00e9alit\u00e9s\u00a0\u00bb<\/h2>\n<p>Dans le cadre de l&rsquo;op\u00e9ration \u00ab\u00a0Aix, ville de l&rsquo;\u00e9conomie\u00a0\u00bb, des \u00e9tudiants en arts de l&rsquo;\u00e9cole ESAAIX ont carte blanche pour r\u00e9aliser, pendant les Rencontres, une fresque sur toile g\u00e9ante autour du th\u00e8me de l&rsquo;\u00e9dition 2025.<\/p>\n<\/p><\/div>\n<\/p><\/div>\n<\/div>\n<div class=\"-wrapper -846 -mt-90 -mb-90\">\n<div class=\"cp-cta-image-texte\">\n<div class=\"media \" data-aos=\"fade-right\" data-aos-anchor-placement=\"top-bottom\" data-aos-offset=\"200\">\n<div class=\"image -walc \" style=\"padding-top:99.10714%\"><img width=\"224\" height=\"222\" src=\"https:\/\/www.lesrencontreseconomiques.fr\/wp-content\/uploads\/2025\/07\/230626_REAix25_livret-programme_web-pap-224x222.jpeg\" class=\"attachment-small size-small\" alt=\"\" decoding=\"async\" loading=\"lazy\" srcset=\"https:\/\/www.lesrencontreseconomiques.fr\/wp-content\/uploads\/2025\/07\/230626_REAix25_livret-programme_web-pap-224x222.jpeg 224w, https:\/\/www.lesrencontreseconomiques.fr\/wp-content\/uploads\/2025\/07\/230626_REAix25_livret-programme_web-pap-490x486.jpeg 490w, https:\/\/www.lesrencontreseconomiques.fr\/wp-content\/uploads\/2025\/07\/230626_REAix25_livret-programme_web-pap-150x150.jpeg 150w, https:\/\/www.lesrencontreseconomiques.fr\/wp-content\/uploads\/2025\/07\/230626_REAix25_livret-programme_web-pap-141x140.jpeg 141w, https:\/\/www.lesrencontreseconomiques.fr\/wp-content\/uploads\/2025\/07\/230626_REAix25_livret-programme_web-pap.jpeg 669w\" sizes=\"auto, (max-width: 224px) 100vw, 224px\" \/><\/div>\n<\/p><\/div>\n<div class=\"description cp-texte\" data-aos=\"fade-up\" data-aos-anchor-placement=\"top-bottom\" data-aos-offset=\"200\">\n<h2>Librairie Fnac<\/h2>\n<p>La Fnac, 1er libraire en France, propose lors des Rencontres \u00c9conomiques d\u2019Aix-en-Provence une s\u00e9lection de livres qui s\u2019inscrivent dans le prolongement des th\u00e9matiques abord\u00e9es lors des conf\u00e9rences : \u00e9conomie, entreprise, droit, sociologie, environnement, RSE&#8230; ainsi qu\u2019un espace o\u00f9 vous pourrez faire d\u00e9dicacer les ouvrages d\u2019auteurs invit\u00e9s.\u00a0Cette ann\u00e9e, la librairie prend vie avec les Caf\u00e9s signatures : une s\u00e9rie de mini-d\u00e9bats avec des auteurs pour d\u00e9couvrir les ouvrages.<\/p>\n<p>&nbsp;<\/p>\n<p><a class=\"cp-cta-bouton\" href=\"https:\/\/www.lesrencontreseconomiques.fr\/les-cafes-signatures\/\">Les caf\u00e9s signatures<\/a><\/p>\n<\/p><\/div>\n<\/p><\/div>\n<\/div>\n<div class=\"-wrapper -846 -mt-90 -mb-90\">\n<div class=\"cp-cta-image-texte\">\n<div class=\"media \" data-aos=\"fade-right\" data-aos-anchor-placement=\"top-bottom\" data-aos-offset=\"200\">\n<div class=\"image -walc \" style=\"padding-top:100%\"><img width=\"224\" height=\"224\" src=\"https:\/\/www.lesrencontreseconomiques.fr\/wp-content\/uploads\/2025\/07\/Vignettes-NL-Cercle-6-224x224.png\" class=\"attachment-small size-small\" alt=\"\" decoding=\"async\" loading=\"lazy\" srcset=\"https:\/\/www.lesrencontreseconomiques.fr\/wp-content\/uploads\/2025\/07\/Vignettes-NL-Cercle-6-224x224.png 224w, https:\/\/www.lesrencontreseconomiques.fr\/wp-content\/uploads\/2025\/07\/Vignettes-NL-Cercle-6-150x150.png 150w, https:\/\/www.lesrencontreseconomiques.fr\/wp-content\/uploads\/2025\/07\/Vignettes-NL-Cercle-6-140x140.png 140w, https:\/\/www.lesrencontreseconomiques.fr\/wp-content\/uploads\/2025\/07\/Vignettes-NL-Cercle-6.png 290w\" sizes=\"auto, (max-width: 224px) 100vw, 224px\" \/><\/div>\n<\/p><\/div>\n<div class=\"description cp-texte\" data-aos=\"fade-up\" data-aos-anchor-placement=\"top-bottom\" data-aos-offset=\"200\">\n<h2>Pionniers de l&rsquo;IA : dialogues entre France et Chine<\/h2>\n<p>Cathay Capital r\u00e9unit les fondateurs d&rsquo;exception qui redessinent les fronti\u00e8res de l&rsquo;innovation sur l&rsquo;ensemble de la cha\u00eene industrielle. Ce moment est le fruit d&rsquo;une conviction claire : la collaboration entre pionniers \u00e0 l&rsquo;international est d\u00e9sormais cl\u00e9 pour l&rsquo;accomplissement d&rsquo;une soci\u00e9t\u00e9 durable et \u00e0 fort impact.<\/p>\n<p><strong>\u2192 Samedi \u00e0 8h15 (Espace Bassin)<\/strong><\/p>\n<\/p><\/div>\n<\/p><\/div>\n<\/div>\n<div class=\"-wrapper -846 -mt-90 -mb-90\">\n<div class=\"cp-cta-image-texte\">\n<div class=\"media \" data-aos=\"fade-right\" data-aos-anchor-placement=\"top-bottom\" data-aos-offset=\"200\">\n<div class=\"image -walc \" style=\"padding-top:100%\"><img width=\"224\" height=\"224\" src=\"https:\/\/www.lesrencontreseconomiques.fr\/wp-content\/uploads\/2025\/07\/Vignettes-NL-Cercle-7-224x224.png\" class=\"attachment-small size-small\" alt=\"\" decoding=\"async\" loading=\"lazy\" srcset=\"https:\/\/www.lesrencontreseconomiques.fr\/wp-content\/uploads\/2025\/07\/Vignettes-NL-Cercle-7-224x224.png 224w, https:\/\/www.lesrencontreseconomiques.fr\/wp-content\/uploads\/2025\/07\/Vignettes-NL-Cercle-7-150x150.png 150w, https:\/\/www.lesrencontreseconomiques.fr\/wp-content\/uploads\/2025\/07\/Vignettes-NL-Cercle-7-140x140.png 140w, https:\/\/www.lesrencontreseconomiques.fr\/wp-content\/uploads\/2025\/07\/Vignettes-NL-Cercle-7.png 290w\" sizes=\"auto, (max-width: 224px) 100vw, 224px\" \/><\/div>\n<\/p><\/div>\n<div class=\"description cp-texte\" data-aos=\"fade-up\" data-aos-anchor-placement=\"top-bottom\" data-aos-offset=\"200\">\n<h2>Les petits-d\u00e9jeuners des Rencontres<\/h2>\n<p>Pour bien commencer la journ\u00e9e, ne manquez pas les petits d\u00e9jeuners des Rencontres. Des moments conviviaux o\u00f9 vous pourrez rencontrer les participants.<\/p>\n<p><strong>\u2192 Vendredi \u00e0 8h15<\/strong><\/p>\n<p><strong>\u2192 Samedi \u00e0 8h15<\/strong><\/p>\n<\/p><\/div>\n<\/p><\/div>\n<\/div>\n<div class=\"-wrapper -668 -mt-90 -mb-90\">\n<div class=\"cp-intro -texte\">\n<div class=\"description\">\n<div class=\"cp-texte\">\n<h2><a id=\"plan\" class=\"c-anchor\"><\/a>Le plan du parc<\/h2>\n<p><img loading=\"lazy\" decoding=\"async\" class=\"alignnone size-medium wp-image-19825\" src=\"https:\/\/www.lesrencontreseconomiques.fr\/wp-content\/uploads\/2025\/05\/250523_REAix25_plan-parc_2000x1050_RVB-1-490x257.png\" alt=\"\" width=\"490\" height=\"257\" srcset=\"https:\/\/www.lesrencontreseconomiques.fr\/wp-content\/uploads\/2025\/05\/250523_REAix25_plan-parc_2000x1050_RVB-1-490x257.png 490w, https:\/\/www.lesrencontreseconomiques.fr\/wp-content\/uploads\/2025\/05\/250523_REAix25_plan-parc_2000x1050_RVB-1-668x351.png 668w, https:\/\/www.lesrencontreseconomiques.fr\/wp-content\/uploads\/2025\/05\/250523_REAix25_plan-parc_2000x1050_RVB-1-1536x806.png 1536w, https:\/\/www.lesrencontreseconomiques.fr\/wp-content\/uploads\/2025\/05\/250523_REAix25_plan-parc_2000x1050_RVB-1-250x131.png 250w, https:\/\/www.lesrencontreseconomiques.fr\/wp-content\/uploads\/2025\/05\/250523_REAix25_plan-parc_2000x1050_RVB-1-224x118.png 224w, https:\/\/www.lesrencontreseconomiques.fr\/wp-content\/uploads\/2025\/05\/250523_REAix25_plan-parc_2000x1050_RVB-1.png 1600w\" sizes=\"auto, (max-width: 490px) 100vw, 490px\" \/><\/p>\n<\/p><\/div>\n<\/p><\/div>\n<\/p><\/div>\n<\/p><\/div>\n<div class=\"-wrapper -668 -mt-90 -mb-90\">\n<div class=\"cp-intro -texte\">\n<div class=\"description\">\n<div class=\"cp-texte\">\n<h2>Acc\u00e9der au parc<\/h2>\n<p><strong>Parc Jourdan &#8211; Avenue Anatole France &#8211; 13100 Aix-en-Provence<\/strong><\/p>\n<p><iframe loading=\"lazy\" style=\"border: 0;\" src=\"https:\/\/www.google.com\/maps\/embed?pb=!1m10!1m8!1m3!1d5786.025751569379!2d5.450018789326096!3d43.5229242218129!3m2!1i1024!2i768!4f13.1!5e0!3m2!1sfr!2sfr!4v1683625184838!5m2!1sfr!2sfr\" width=\"600\" height=\"450\" allowfullscreen=\"allowfullscreen\"><\/iframe><\/p>\n<\/p><\/div>\n<\/p><\/div>\n<\/p><\/div>\n<\/p><\/div>\n","protected":false},"excerpt":{"rendered":"<p>Les caf\u00e9s \u00e9ph\u00e9m\u00e8res Deux caf\u00e9s \u00e9ph\u00e9m\u00e8res vous accueillent pendant les Rencontres. Vous y retrouverez boissons et snacks tout au long de la journ\u00e9e. La fresque \u00ab\u00a0Affronter le choc des r\u00e9alit\u00e9s\u00a0\u00bb Dans le cadre de l&rsquo;op\u00e9ration \u00ab\u00a0Aix, ville de l&rsquo;\u00e9conomie\u00a0\u00bb, des \u00e9tudiants en arts de l&rsquo;\u00e9cole ESAAIX ont carte blanche pour r\u00e9aliser, pendant les Rencontres, une [&hellip;]<\/p>\n","protected":false},"author":2,"featured_media":0,"parent":7846,"menu_order":0,"comment_status":"closed","ping_status":"closed","template":"","meta":{"_acf_changed":false,"footnotes":""},"class_list":["post-8155","page","type-page","status-publish","hentry"],"acf":[],"yoast_head":"<!-- This site is optimized with the Yoast SEO plugin v26.5 - https:\/\/yoast.com\/wordpress\/plugins\/seo\/ -->\n<title>A voir dans le parc Jourdan - Les Rencontres \u00c9conomiques<\/title>\n<meta name=\"robots\" content=\"index, follow, max-snippet:-1, max-image-preview:large, max-video-preview:-1\" \/>\n<link rel=\"canonical\" href=\"https:\/\/www.lesrencontreseconomiques.fr\/autour-des-rencontres\/parc-jourdan\/\" \/>\n<meta property=\"og:locale\" content=\"fr_FR\" \/>\n<meta property=\"og:type\" content=\"article\" \/>\n<meta property=\"og:description\" content=\"Les caf\u00e9s \u00e9ph\u00e9m\u00e8res Deux caf\u00e9s \u00e9ph\u00e9m\u00e8res vous accueillent pendant les Rencontres. Vous y retrouverez boissons et snacks tout au long de la journ\u00e9e. La fresque \u00ab\u00a0Affronter le choc des r\u00e9alit\u00e9s\u00a0\u00bb Dans le cadre de l&rsquo;op\u00e9ration \u00ab\u00a0Aix, ville de l&rsquo;\u00e9conomie\u00a0\u00bb, des \u00e9tudiants en arts de l&rsquo;\u00e9cole ESAAIX ont carte blanche pour r\u00e9aliser, pendant les Rencontres, une [&hellip;]\" \/>\n<meta property=\"og:url\" content=\"https:\/\/www.lesrencontreseconomiques.fr\/autour-des-rencontres\/parc-jourdan\/\" \/>\n<meta property=\"og:site_name\" content=\"Les Rencontres \u00c9conomiques\" \/>\n<meta property=\"article:publisher\" content=\"https:\/\/www.facebook.com\/Le.Cercle.des.Economistes\/\" \/>\n<meta property=\"article:modified_time\" content=\"2025-07-01T12:04:11+00:00\" \/>\n<meta property=\"og:image\" content=\"https:\/\/www.lesrencontreseconomiques.fr\/wp-content\/uploads\/2025\/07\/Vignettes-NL-Cercle-4-224x224.png\" \/>\n<meta name=\"twitter:card\" content=\"summary_large_image\" \/>\n<meta name=\"twitter:site\" content=\"@Cercle_eco\" \/>\n<script type=\"application\/ld+json\" class=\"yoast-schema-graph\">{\"@context\":\"https:\/\/schema.org\",\"@graph\":[{\"@type\":\"WebPage\",\"@id\":\"https:\/\/www.lesrencontreseconomiques.fr\/autour-des-rencontres\/parc-jourdan\/\",\"url\":\"https:\/\/www.lesrencontreseconomiques.fr\/autour-des-rencontres\/parc-jourdan\/\",\"name\":\"A voir dans le parc Jourdan - Les Rencontres \u00c9conomiques\",\"isPartOf\":{\"@id\":\"https:\/\/www.lesrencontreseconomiques.fr\/#website\"},\"primaryImageOfPage\":{\"@id\":\"https:\/\/www.lesrencontreseconomiques.fr\/autour-des-rencontres\/parc-jourdan\/#primaryimage\"},\"image\":{\"@id\":\"https:\/\/www.lesrencontreseconomiques.fr\/autour-des-rencontres\/parc-jourdan\/#primaryimage\"},\"thumbnailUrl\":\"https:\/\/www.lesrencontreseconomiques.fr\/wp-content\/uploads\/2025\/07\/Vignettes-NL-Cercle-4-224x224.png\",\"datePublished\":\"2023-06-14T17:05:42+00:00\",\"dateModified\":\"2025-07-01T12:04:11+00:00\",\"breadcrumb\":{\"@id\":\"https:\/\/www.lesrencontreseconomiques.fr\/autour-des-rencontres\/parc-jourdan\/#breadcrumb\"},\"inLanguage\":\"fr-FR\",\"potentialAction\":[{\"@type\":\"ReadAction\",\"target\":[\"https:\/\/www.lesrencontreseconomiques.fr\/autour-des-rencontres\/parc-jourdan\/\"]}]},{\"@type\":\"ImageObject\",\"inLanguage\":\"fr-FR\",\"@id\":\"https:\/\/www.lesrencontreseconomiques.fr\/autour-des-rencontres\/parc-jourdan\/#primaryimage\",\"url\":\"https:\/\/www.lesrencontreseconomiques.fr\/wp-content\/uploads\/2025\/07\/Vignettes-NL-Cercle-4.png\",\"contentUrl\":\"https:\/\/www.lesrencontreseconomiques.fr\/wp-content\/uploads\/2025\/07\/Vignettes-NL-Cercle-4.png\",\"width\":290,\"height\":290},{\"@type\":\"BreadcrumbList\",\"@id\":\"https:\/\/www.lesrencontreseconomiques.fr\/autour-des-rencontres\/parc-jourdan\/#breadcrumb\",\"itemListElement\":[{\"@type\":\"ListItem\",\"position\":1,\"name\":\"Accueil\",\"item\":\"https:\/\/www.lesrencontreseconomiques.fr\/\"},{\"@type\":\"ListItem\",\"position\":2,\"name\":\"Autour des Rencontres\",\"item\":\"https:\/\/www.lesrencontreseconomiques.fr\/autour-des-rencontres\/\"},{\"@type\":\"ListItem\",\"position\":3,\"name\":\"A voir dans le parc Jourdan\"}]},{\"@type\":\"WebSite\",\"@id\":\"https:\/\/www.lesrencontreseconomiques.fr\/#website\",\"url\":\"https:\/\/www.lesrencontreseconomiques.fr\/\",\"name\":\"Les Rencontres \u00c9conomiques\",\"description\":\"\",\"potentialAction\":[{\"@type\":\"SearchAction\",\"target\":{\"@type\":\"EntryPoint\",\"urlTemplate\":\"https:\/\/www.lesrencontreseconomiques.fr\/?s={search_term_string}\"},\"query-input\":{\"@type\":\"PropertyValueSpecification\",\"valueRequired\":true,\"valueName\":\"search_term_string\"}}],\"inLanguage\":\"fr-FR\"}]}<\/script>\n<!-- \/ Yoast SEO plugin. -->","yoast_head_json":{"title":"A voir dans le parc Jourdan - Les Rencontres \u00c9conomiques","robots":{"index":"index","follow":"follow","max-snippet":"max-snippet:-1","max-image-preview":"max-image-preview:large","max-video-preview":"max-video-preview:-1"},"canonical":"https:\/\/www.lesrencontreseconomiques.fr\/autour-des-rencontres\/parc-jourdan\/","og_locale":"fr_FR","og_type":"article","og_description":"Les caf\u00e9s \u00e9ph\u00e9m\u00e8res Deux caf\u00e9s \u00e9ph\u00e9m\u00e8res vous accueillent pendant les Rencontres. Vous y retrouverez boissons et snacks tout au long de la journ\u00e9e. La fresque \u00ab\u00a0Affronter le choc des r\u00e9alit\u00e9s\u00a0\u00bb Dans le cadre de l&rsquo;op\u00e9ration \u00ab\u00a0Aix, ville de l&rsquo;\u00e9conomie\u00a0\u00bb, des \u00e9tudiants en arts de l&rsquo;\u00e9cole ESAAIX ont carte blanche pour r\u00e9aliser, pendant les Rencontres, une [&hellip;]","og_url":"https:\/\/www.lesrencontreseconomiques.fr\/autour-des-rencontres\/parc-jourdan\/","og_site_name":"Les Rencontres \u00c9conomiques","article_publisher":"https:\/\/www.facebook.com\/Le.Cercle.des.Economistes\/","article_modified_time":"2025-07-01T12:04:11+00:00","og_image":[{"url":"https:\/\/www.lesrencontreseconomiques.fr\/wp-content\/uploads\/2025\/07\/Vignettes-NL-Cercle-4-224x224.png","type":"","width":"","height":""}],"twitter_card":"summary_large_image","twitter_site":"@Cercle_eco","schema":{"@context":"https:\/\/schema.org","@graph":[{"@type":"WebPage","@id":"https:\/\/www.lesrencontreseconomiques.fr\/autour-des-rencontres\/parc-jourdan\/","url":"https:\/\/www.lesrencontreseconomiques.fr\/autour-des-rencontres\/parc-jourdan\/","name":"A voir dans le parc Jourdan - Les Rencontres \u00c9conomiques","isPartOf":{"@id":"https:\/\/www.lesrencontreseconomiques.fr\/#website"},"primaryImageOfPage":{"@id":"https:\/\/www.lesrencontreseconomiques.fr\/autour-des-rencontres\/parc-jourdan\/#primaryimage"},"image":{"@id":"https:\/\/www.lesrencontreseconomiques.fr\/autour-des-rencontres\/parc-jourdan\/#primaryimage"},"thumbnailUrl":"https:\/\/www.lesrencontreseconomiques.fr\/wp-content\/uploads\/2025\/07\/Vignettes-NL-Cercle-4-224x224.png","datePublished":"2023-06-14T17:05:42+00:00","dateModified":"2025-07-01T12:04:11+00:00","breadcrumb":{"@id":"https:\/\/www.lesrencontreseconomiques.fr\/autour-des-rencontres\/parc-jourdan\/#breadcrumb"},"inLanguage":"fr-FR","potentialAction":[{"@type":"ReadAction","target":["https:\/\/www.lesrencontreseconomiques.fr\/autour-des-rencontres\/parc-jourdan\/"]}]},{"@type":"ImageObject","inLanguage":"fr-FR","@id":"https:\/\/www.lesrencontreseconomiques.fr\/autour-des-rencontres\/parc-jourdan\/#primaryimage","url":"https:\/\/www.lesrencontreseconomiques.fr\/wp-content\/uploads\/2025\/07\/Vignettes-NL-Cercle-4.png","contentUrl":"https:\/\/www.lesrencontreseconomiques.fr\/wp-content\/uploads\/2025\/07\/Vignettes-NL-Cercle-4.png","width":290,"height":290},{"@type":"BreadcrumbList","@id":"https:\/\/www.lesrencontreseconomiques.fr\/autour-des-rencontres\/parc-jourdan\/#breadcrumb","itemListElement":[{"@type":"ListItem","position":1,"name":"Accueil","item":"https:\/\/www.lesrencontreseconomiques.fr\/"},{"@type":"ListItem","position":2,"name":"Autour des Rencontres","item":"https:\/\/www.lesrencontreseconomiques.fr\/autour-des-rencontres\/"},{"@type":"ListItem","position":3,"name":"A voir dans le parc Jourdan"}]},{"@type":"WebSite","@id":"https:\/\/www.lesrencontreseconomiques.fr\/#website","url":"https:\/\/www.lesrencontreseconomiques.fr\/","name":"Les Rencontres \u00c9conomiques","description":"","potentialAction":[{"@type":"SearchAction","target":{"@type":"EntryPoint","urlTemplate":"https:\/\/www.lesrencontreseconomiques.fr\/?s={search_term_string}"},"query-input":{"@type":"PropertyValueSpecification","valueRequired":true,"valueName":"search_term_string"}}],"inLanguage":"fr-FR"}]}},"_links":{"self":[{"href":"https:\/\/www.lesrencontreseconomiques.fr\/wp-json\/wp\/v2\/pages\/8155","targetHints":{"allow":["GET"]}}],"collection":[{"href":"https:\/\/www.lesrencontreseconomiques.fr\/wp-json\/wp\/v2\/pages"}],"about":[{"href":"https:\/\/www.lesrencontreseconomiques.fr\/wp-json\/wp\/v2\/types\/page"}],"author":[{"embeddable":true,"href":"https:\/\/www.lesrencontreseconomiques.fr\/wp-json\/wp\/v2\/users\/2"}],"replies":[{"embeddable":true,"href":"https:\/\/www.lesrencontreseconomiques.fr\/wp-json\/wp\/v2\/comments?post=8155"}],"version-history":[{"count":29,"href":"https:\/\/www.lesrencontreseconomiques.fr\/wp-json\/wp\/v2\/pages\/8155\/revisions"}],"predecessor-version":[{"id":22714,"href":"https:\/\/www.lesrencontreseconomiques.fr\/wp-json\/wp\/v2\/pages\/8155\/revisions\/22714"}],"up":[{"embeddable":true,"href":"https:\/\/www.lesrencontreseconomiques.fr\/wp-json\/wp\/v2\/pages\/7846"}],"wp:attachment":[{"href":"https:\/\/www.lesrencontreseconomiques.fr\/wp-json\/wp\/v2\/media?parent=8155"}],"curies":[{"name":"wp","href":"https:\/\/api.w.org\/{rel}","templated":true}]}}