{"id":20820,"date":"2025-06-11T10:55:15","date_gmt":"2025-06-11T08:55:15","guid":{"rendered":"https:\/\/www.lesrencontreseconomiques.fr\/?page_id=20820"},"modified":"2025-06-19T18:29:19","modified_gmt":"2025-06-19T16:29:19","slug":"les-terrasses-economiques","status":"publish","type":"page","link":"https:\/\/www.lesrencontreseconomiques.fr\/autour-des-rencontres\/aix-ville-de-leconomie\/les-terrasses-economiques\/","title":{"rendered":"Les terrasses \u00e9conomiques"},"content":{"rendered":"<div class=\"-wrapper -668 -mt-90 -mb-90\">\n<div class=\"cp-intro -texte\">\n<div class=\"description\">\n<div class=\"cp-texte\">\n<h3>Le temps d\u2019un caf\u00e9, venez d\u00e9battre des sujets \u00e9conomiques qui vous concernent avec des \u00e9conomistes et des acteurs de la vie \u00e9conomique d\u2019Aix.<\/h3>\n<p>&nbsp;<\/p>\n<hr \/>\n<p>&nbsp;<\/p>\n<h2>Aix-en-Provence : quelle strat\u00e9gie pour un centre-ville vivant et accessible \u00e0 tous les commer\u00e7ants ?<\/h2>\n<p>Avec <strong>Patrick Ardizzoni<\/strong>, Membre Elu R\u00e9f\u00e9rent du Territoire du Pays d\u2019Aix \u2013 CCI Aix Marseille Provence, <strong>Laure Scandolera<\/strong>, conseill\u00e8re municipal Commerces et <strong>Ariel Mendez<\/strong>, professeure \u00e0 Aix-Marseille Universit\u00e9<\/p>\n<p><em>Brasserie de L\u2019Archev\u00each\u00e9 &#8211; Le 2 juillet 9h<\/em><\/p>\n<p>&nbsp;<\/p>\n<h2>R\u00e9guler ou prot\u00e9ger ? Le dilemme europ\u00e9en face aux nouvelles logiques de puissance<\/h2>\n<p>Avec\u00a0<strong>Me C\u00e9dric Dubucq<\/strong> et <strong>Me Tristan Girard-Gaymard<\/strong>, Co-fondateur et Avocat associ\u00e9 au Cabinet Bruzzo Dubucq<\/p>\n<p><em>L\u2019Escargot &#8211; Le 2 juillet 14h30<\/em><\/p>\n<p>&nbsp;<\/p>\n<h2>L\u2019\u00e9conomie, \u00e7a nous regarde !<\/h2>\n<p>Avec <strong>Nathalie Chusseau<\/strong>, Economiste, <strong>Me Monika Mahy-Ma-Somga<\/strong>, B\u00e2tonni\u00e8re d\u2019Aix-en-Provence, <strong>S\u00e9bastien Molina<\/strong>, C<span data-olk-copy-source=\"MessageBody\">adre de l\u2019\u00c9cole de l\u2019\u00e9loquence<\/span>, et <strong>Nino Baraton<\/strong>, Cr\u00e9ateur de contenu (@nino.les.mots)<\/p>\n<p><em>Brasserie de L\u2019Archev\u00each\u00e9 &#8211; Le 3 juillet 10h<\/em><\/p>\n<\/p><\/div>\n<\/p><\/div>\n<\/p><\/div>\n<\/p><\/div>\n","protected":false},"excerpt":{"rendered":"<p>Le temps d\u2019un caf\u00e9, venez d\u00e9battre des sujets \u00e9conomiques qui vous concernent avec des \u00e9conomistes et des acteurs de la vie \u00e9conomique d\u2019Aix. &nbsp; &nbsp; Aix-en-Provence : quelle strat\u00e9gie pour un centre-ville vivant et accessible \u00e0 tous les commer\u00e7ants ? Avec Patrick Ardizzoni, Membre Elu R\u00e9f\u00e9rent du Territoire du Pays d\u2019Aix \u2013 CCI Aix Marseille [&hellip;]<\/p>\n","protected":false},"author":2,"featured_media":0,"parent":17537,"menu_order":0,"comment_status":"closed","ping_status":"closed","template":"","meta":{"_acf_changed":false,"footnotes":""},"class_list":["post-20820","page","type-page","status-publish","hentry"],"acf":[],"yoast_head":"<!-- This site is optimized with the Yoast SEO plugin v26.5 - https:\/\/yoast.com\/wordpress\/plugins\/seo\/ -->\n<title>Les terrasses \u00e9conomiques - Les Rencontres \u00c9conomiques<\/title>\n<meta name=\"robots\" content=\"index, follow, max-snippet:-1, max-image-preview:large, max-video-preview:-1\" \/>\n<link rel=\"canonical\" href=\"https:\/\/www.lesrencontreseconomiques.fr\/autour-des-rencontres\/aix-ville-de-leconomie\/les-terrasses-economiques\/\" \/>\n<meta property=\"og:locale\" content=\"fr_FR\" \/>\n<meta property=\"og:type\" content=\"article\" \/>\n<meta property=\"og:description\" content=\"Le temps d\u2019un caf\u00e9, venez d\u00e9battre des sujets \u00e9conomiques qui vous concernent avec des \u00e9conomistes et des acteurs de la vie \u00e9conomique d\u2019Aix. &nbsp; &nbsp; Aix-en-Provence : quelle strat\u00e9gie pour un centre-ville vivant et accessible \u00e0 tous les commer\u00e7ants ? Avec Patrick Ardizzoni, Membre Elu R\u00e9f\u00e9rent du Territoire du Pays d\u2019Aix \u2013 CCI Aix Marseille [&hellip;]\" \/>\n<meta property=\"og:url\" content=\"https:\/\/www.lesrencontreseconomiques.fr\/autour-des-rencontres\/aix-ville-de-leconomie\/les-terrasses-economiques\/\" \/>\n<meta property=\"og:site_name\" content=\"Les Rencontres \u00c9conomiques\" \/>\n<meta property=\"article:publisher\" content=\"https:\/\/www.facebook.com\/Le.Cercle.des.Economistes\/\" \/>\n<meta property=\"article:modified_time\" content=\"2025-06-19T16:29:19+00:00\" \/>\n<meta name=\"twitter:card\" content=\"summary_large_image\" \/>\n<meta name=\"twitter:site\" content=\"@Cercle_eco\" \/>\n<script type=\"application\/ld+json\" class=\"yoast-schema-graph\">{\"@context\":\"https:\/\/schema.org\",\"@graph\":[{\"@type\":\"WebPage\",\"@id\":\"https:\/\/www.lesrencontreseconomiques.fr\/autour-des-rencontres\/aix-ville-de-leconomie\/les-terrasses-economiques\/\",\"url\":\"https:\/\/www.lesrencontreseconomiques.fr\/autour-des-rencontres\/aix-ville-de-leconomie\/les-terrasses-economiques\/\",\"name\":\"Les terrasses \u00e9conomiques - Les Rencontres \u00c9conomiques\",\"isPartOf\":{\"@id\":\"https:\/\/www.lesrencontreseconomiques.fr\/#website\"},\"datePublished\":\"2025-06-11T08:55:15+00:00\",\"dateModified\":\"2025-06-19T16:29:19+00:00\",\"breadcrumb\":{\"@id\":\"https:\/\/www.lesrencontreseconomiques.fr\/autour-des-rencontres\/aix-ville-de-leconomie\/les-terrasses-economiques\/#breadcrumb\"},\"inLanguage\":\"fr-FR\",\"potentialAction\":[{\"@type\":\"ReadAction\",\"target\":[\"https:\/\/www.lesrencontreseconomiques.fr\/autour-des-rencontres\/aix-ville-de-leconomie\/les-terrasses-economiques\/\"]}]},{\"@type\":\"BreadcrumbList\",\"@id\":\"https:\/\/www.lesrencontreseconomiques.fr\/autour-des-rencontres\/aix-ville-de-leconomie\/les-terrasses-economiques\/#breadcrumb\",\"itemListElement\":[{\"@type\":\"ListItem\",\"position\":1,\"name\":\"Accueil\",\"item\":\"https:\/\/www.lesrencontreseconomiques.fr\/\"},{\"@type\":\"ListItem\",\"position\":2,\"name\":\"Autour des Rencontres\",\"item\":\"https:\/\/www.lesrencontreseconomiques.fr\/autour-des-rencontres\/\"},{\"@type\":\"ListItem\",\"position\":3,\"name\":\"Aix, ville de l&rsquo;\u00e9conomie\",\"item\":\"https:\/\/www.lesrencontreseconomiques.fr\/autour-des-rencontres\/aix-ville-de-leconomie\/\"},{\"@type\":\"ListItem\",\"position\":4,\"name\":\"Les terrasses \u00e9conomiques\"}]},{\"@type\":\"WebSite\",\"@id\":\"https:\/\/www.lesrencontreseconomiques.fr\/#website\",\"url\":\"https:\/\/www.lesrencontreseconomiques.fr\/\",\"name\":\"Les Rencontres \u00c9conomiques\",\"description\":\"\",\"potentialAction\":[{\"@type\":\"SearchAction\",\"target\":{\"@type\":\"EntryPoint\",\"urlTemplate\":\"https:\/\/www.lesrencontreseconomiques.fr\/?s={search_term_string}\"},\"query-input\":{\"@type\":\"PropertyValueSpecification\",\"valueRequired\":true,\"valueName\":\"search_term_string\"}}],\"inLanguage\":\"fr-FR\"}]}<\/script>\n<!-- \/ Yoast SEO plugin. -->","yoast_head_json":{"title":"Les terrasses \u00e9conomiques - Les Rencontres \u00c9conomiques","robots":{"index":"index","follow":"follow","max-snippet":"max-snippet:-1","max-image-preview":"max-image-preview:large","max-video-preview":"max-video-preview:-1"},"canonical":"https:\/\/www.lesrencontreseconomiques.fr\/autour-des-rencontres\/aix-ville-de-leconomie\/les-terrasses-economiques\/","og_locale":"fr_FR","og_type":"article","og_description":"Le temps d\u2019un caf\u00e9, venez d\u00e9battre des sujets \u00e9conomiques qui vous concernent avec des \u00e9conomistes et des acteurs de la vie \u00e9conomique d\u2019Aix. &nbsp; &nbsp; Aix-en-Provence : quelle strat\u00e9gie pour un centre-ville vivant et accessible \u00e0 tous les commer\u00e7ants ? Avec Patrick Ardizzoni, Membre Elu R\u00e9f\u00e9rent du Territoire du Pays d\u2019Aix \u2013 CCI Aix Marseille [&hellip;]","og_url":"https:\/\/www.lesrencontreseconomiques.fr\/autour-des-rencontres\/aix-ville-de-leconomie\/les-terrasses-economiques\/","og_site_name":"Les Rencontres \u00c9conomiques","article_publisher":"https:\/\/www.facebook.com\/Le.Cercle.des.Economistes\/","article_modified_time":"2025-06-19T16:29:19+00:00","twitter_card":"summary_large_image","twitter_site":"@Cercle_eco","schema":{"@context":"https:\/\/schema.org","@graph":[{"@type":"WebPage","@id":"https:\/\/www.lesrencontreseconomiques.fr\/autour-des-rencontres\/aix-ville-de-leconomie\/les-terrasses-economiques\/","url":"https:\/\/www.lesrencontreseconomiques.fr\/autour-des-rencontres\/aix-ville-de-leconomie\/les-terrasses-economiques\/","name":"Les terrasses \u00e9conomiques - Les Rencontres \u00c9conomiques","isPartOf":{"@id":"https:\/\/www.lesrencontreseconomiques.fr\/#website"},"datePublished":"2025-06-11T08:55:15+00:00","dateModified":"2025-06-19T16:29:19+00:00","breadcrumb":{"@id":"https:\/\/www.lesrencontreseconomiques.fr\/autour-des-rencontres\/aix-ville-de-leconomie\/les-terrasses-economiques\/#breadcrumb"},"inLanguage":"fr-FR","potentialAction":[{"@type":"ReadAction","target":["https:\/\/www.lesrencontreseconomiques.fr\/autour-des-rencontres\/aix-ville-de-leconomie\/les-terrasses-economiques\/"]}]},{"@type":"BreadcrumbList","@id":"https:\/\/www.lesrencontreseconomiques.fr\/autour-des-rencontres\/aix-ville-de-leconomie\/les-terrasses-economiques\/#breadcrumb","itemListElement":[{"@type":"ListItem","position":1,"name":"Accueil","item":"https:\/\/www.lesrencontreseconomiques.fr\/"},{"@type":"ListItem","position":2,"name":"Autour des Rencontres","item":"https:\/\/www.lesrencontreseconomiques.fr\/autour-des-rencontres\/"},{"@type":"ListItem","position":3,"name":"Aix, ville de l&rsquo;\u00e9conomie","item":"https:\/\/www.lesrencontreseconomiques.fr\/autour-des-rencontres\/aix-ville-de-leconomie\/"},{"@type":"ListItem","position":4,"name":"Les terrasses \u00e9conomiques"}]},{"@type":"WebSite","@id":"https:\/\/www.lesrencontreseconomiques.fr\/#website","url":"https:\/\/www.lesrencontreseconomiques.fr\/","name":"Les Rencontres \u00c9conomiques","description":"","potentialAction":[{"@type":"SearchAction","target":{"@type":"EntryPoint","urlTemplate":"https:\/\/www.lesrencontreseconomiques.fr\/?s={search_term_string}"},"query-input":{"@type":"PropertyValueSpecification","valueRequired":true,"valueName":"search_term_string"}}],"inLanguage":"fr-FR"}]}},"_links":{"self":[{"href":"https:\/\/www.lesrencontreseconomiques.fr\/wp-json\/wp\/v2\/pages\/20820","targetHints":{"allow":["GET"]}}],"collection":[{"href":"https:\/\/www.lesrencontreseconomiques.fr\/wp-json\/wp\/v2\/pages"}],"about":[{"href":"https:\/\/www.lesrencontreseconomiques.fr\/wp-json\/wp\/v2\/types\/page"}],"author":[{"embeddable":true,"href":"https:\/\/www.lesrencontreseconomiques.fr\/wp-json\/wp\/v2\/users\/2"}],"replies":[{"embeddable":true,"href":"https:\/\/www.lesrencontreseconomiques.fr\/wp-json\/wp\/v2\/comments?post=20820"}],"version-history":[{"count":11,"href":"https:\/\/www.lesrencontreseconomiques.fr\/wp-json\/wp\/v2\/pages\/20820\/revisions"}],"predecessor-version":[{"id":21950,"href":"https:\/\/www.lesrencontreseconomiques.fr\/wp-json\/wp\/v2\/pages\/20820\/revisions\/21950"}],"up":[{"embeddable":true,"href":"https:\/\/www.lesrencontreseconomiques.fr\/wp-json\/wp\/v2\/pages\/17537"}],"wp:attachment":[{"href":"https:\/\/www.lesrencontreseconomiques.fr\/wp-json\/wp\/v2\/media?parent=20820"}],"curies":[{"name":"wp","href":"https:\/\/api.w.org\/{rel}","templated":true}]}}

Les terrasses économiques

<div class="-wrapper -668 -mt-90 -mb-90">
<div class="cp-intro -texte">
<div class="description">
<div class="cp-texte">
<h3>Le temps d’un café, venez débattre des sujets économiques qui vous concernent avec des économistes et des acteurs de la vie économique d’Aix.</h3>
<p>&nbsp;</p>
<hr />
<p>&nbsp;</p>
<h2>Aix-en-Provence : quelle stratégie pour un centre-ville vivant et accessible à tous les commerçants ?</h2>
<p>Avec <strong>Patrick Ardizzoni</strong>, Membre Elu Référent du Territoire du Pays d’Aix – CCI Aix Marseille Provence, <strong>Laure Scandolera</strong>, conseillère municipal Commerces et <strong>Ariel Mendez</strong>, professeure à Aix-Marseille Université</p>
<p><em>Brasserie de L’Archevêché &#8211; Le 2 juillet 9h</em></p>
<p>&nbsp;</p>
<h2>Réguler ou protéger ? Le dilemme européen face aux nouvelles logiques de puissance</h2>
<p>Avec <strong>Me Cédric Dubucq</strong> et <strong>Me Tristan Girard-Gaymard</strong>, Co-fondateur et Avocat associé au Cabinet Bruzzo Dubucq</p>
<p><em>L’Escargot &#8211; Le 2 juillet 14h30</em></p>
<p>&nbsp;</p>
<h2>L’économie, ça nous regarde !</h2>
<p>Avec <strong>Nathalie Chusseau</strong>, Economiste, <strong>Me Monika Mahy-Ma-Somga</strong>, Bâtonnière d’Aix-en-Provence, <strong>Sébastien Molina</strong>, C<span data-olk-copy-source="MessageBody">adre de l’École de l’éloquence</span>, et <strong>Nino Baraton</strong>, Créateur de contenu (@nino.les.mots)</p>
<p><em>Brasserie de L’Archevêché &#8211; Le 3 juillet 10h</em></p>
</p></div>
</p></div>
</p></div>
</p></div>

<p>Le temps d’un café, venez débattre des sujets économiques qui vous concernent avec des économistes et des acteurs de la vie économique d’Aix. &nbsp; &nbsp; Aix-en-Provence : quelle stratégie pour un centre-ville vivant et accessible à tous les commerçants ? Avec Patrick Ardizzoni, Membre Elu Référent du Territoire du Pays d’Aix – CCI Aix Marseille [&hellip;]</p>

<!-- This site is optimized with the Yoast SEO plugin v26.5 - https://yoast.com/wordpress/plugins/seo/ -->
<title>Les terrasses économiques - Les Rencontres Économiques</title>
<meta name="robots" content="index, follow, max-snippet:-1, max-image-preview:large, max-video-preview:-1" />
<link rel="canonical" href="https://www.lesrencontreseconomiques.fr/autour-des-rencontres/aix-ville-de-leconomie/les-terrasses-economiques/" />
<meta property="og:locale" content="fr_FR" />
<meta property="og:type" content="article" />
<meta property="og:description" content="Le temps d’un café, venez débattre des sujets économiques qui vous concernent avec des économistes et des acteurs de la vie économique d’Aix. &nbsp; &nbsp; Aix-en-Provence : quelle stratégie pour un centre-ville vivant et accessible à tous les commerçants ? Avec Patrick Ardizzoni, Membre Elu Référent du Territoire du Pays d’Aix – CCI Aix Marseille [&hellip;]" />
<meta property="og:url" content="https://www.lesrencontreseconomiques.fr/autour-des-rencontres/aix-ville-de-leconomie/les-terrasses-economiques/" />
<meta property="og:site_name" content="Les Rencontres Économiques" />
<meta property="article:publisher" content="https://www.facebook.com/Le.Cercle.des.Economistes/" />
<meta property="article:modified_time" content="2025-06-19T16:29:19+00:00" />
<meta name="twitter:card" content="summary_large_image" />
<meta name="twitter:site" content="@Cercle_eco" />
<script type="application/ld+json" class="yoast-schema-graph">{"@context":"https://schema.org","@graph":[{"@type":"WebPage","@id":"https://www.lesrencontreseconomiques.fr/autour-des-rencontres/aix-ville-de-leconomie/les-terrasses-economiques/","url":"https://www.lesrencontreseconomiques.fr/autour-des-rencontres/aix-ville-de-leconomie/les-terrasses-economiques/","name":"Les terrasses économiques - Les Rencontres Économiques","isPartOf":{"@id":"https://www.lesrencontreseconomiques.fr/#website"},"datePublished":"2025-06-11T08:55:15+00:00","dateModified":"2025-06-19T16:29:19+00:00","breadcrumb":{"@id":"https://www.lesrencontreseconomiques.fr/autour-des-rencontres/aix-ville-de-leconomie/les-terrasses-economiques/#breadcrumb"},"inLanguage":"fr-FR","potentialAction":[{"@type":"ReadAction","target":["https://www.lesrencontreseconomiques.fr/autour-des-rencontres/aix-ville-de-leconomie/les-terrasses-economiques/"]}]},{"@type":"BreadcrumbList","@id":"https://www.lesrencontreseconomiques.fr/autour-des-rencontres/aix-ville-de-leconomie/les-terrasses-economiques/#breadcrumb","itemListElement":[{"@type":"ListItem","position":1,"name":"Accueil","item":"https://www.lesrencontreseconomiques.fr/"},{"@type":"ListItem","position":2,"name":"Autour des Rencontres","item":"https://www.lesrencontreseconomiques.fr/autour-des-rencontres/"},{"@type":"ListItem","position":3,"name":"Aix, ville de l&rsquo;économie","item":"https://www.lesrencontreseconomiques.fr/autour-des-rencontres/aix-ville-de-leconomie/"},{"@type":"ListItem","position":4,"name":"Les terrasses économiques"}]},{"@type":"WebSite","@id":"https://www.lesrencontreseconomiques.fr/#website","url":"https://www.lesrencontreseconomiques.fr/","name":"Les Rencontres Économiques","description":"","potentialAction":[{"@type":"SearchAction","target":{"@type":"EntryPoint","urlTemplate":"https://www.lesrencontreseconomiques.fr/?s={search_term_string}"},"query-input":{"@type":"PropertyValueSpecification","valueRequired":true,"valueName":"search_term_string"}}],"inLanguage":"fr-FR"}]}</script>
<!-- / Yoast SEO plugin. -->

Les terrasses économiques - Les Rencontres Économiques

Le temps d’un café, venez débattre des sujets économiques qui vous concernent avec des économistes et des acteurs de la vie économique d’Aix. &nbsp; &nbsp; Aix-en-Provence : quelle stratégie pour un centre-ville vivant et accessible à tous les commerçants ? Avec Patrick Ardizzoni, Membre Elu Référent du Territoire du Pays d’Aix – CCI Aix Marseille [&hellip;]

Les Rencontres Économiques

Aix, ville de l&rsquo;économie
