{"id":18135,"date":"2025-05-15T11:54:56","date_gmt":"2025-05-15T09:54:56","guid":{"rendered":"https:\/\/www.lesrencontreseconomiques.fr\/?page_id=18135"},"modified":"2025-05-15T11:54:56","modified_gmt":"2025-05-15T09:54:56","slug":"agora-jeunesses","status":"publish","type":"page","link":"https:\/\/www.lesrencontreseconomiques.fr\/jeunesses\/agora-jeunesses\/","title":{"rendered":"Agora Jeunesse(s)"},"content":{"rendered":"<div class=\"-wrapper -668 -mt-90 -mb-90\">\n<div class=\"cp-intro -texte\">\n<div class=\"description\">\n<div class=\"cp-texte\">\n<p>Le Cercle des \u00e9conomistes poursuit son engagement pour que les nouvelles g\u00e9n\u00e9rations participent au d\u00e9bat \u00e9conomique. Dans le cadre de la 3e \u00e9dition du Projet \u00ab Jeunesse(s) \u00bb, six agoras ouvriront un espace de discussion original autour de l&rsquo;environnement, des territoires,\u00a0 de l&rsquo;acc\u00e8s \u00e0 l&#8217;emploi, de la sant\u00e9, de l&rsquo;interg\u00e9n\u00e9rationnel et de la vie politique.<\/p>\n<p>Pendant 45 min, un scientifique et un membre du projet Jeunesse(s) animeront cette s\u00e9quence o\u00f9 la parole et les id\u00e9es circuleront librement, sans captation ! Leur mission : poser le cadre du d\u00e9bat, en lien avec les r\u00e9sultats de la grande enqu\u00eate Jeunesse(s), puis permettre \u00e0 chacun de partager son exp\u00e9rience, son analyse et ses propositions.<\/p>\n<\/p><\/div>\n<\/p><\/div>\n<\/p><\/div>\n<\/p><\/div>\n<div class=\"-wrapper -846 -is-hr -mt-90 -mb-90\">\n<hr>\n<\/div>\n<div class=\"cp-section-header -wrapper -846 -mt-90\" data-reaix-uid-1>\n<h2 class=\"cp-titre-2 -section\" data-aos=\"fade-right\" data-aos-anchor-placement=\"top-bottom\" data-aos-offset=\"200\">Le programme<\/h2>\n<\/p><\/div>\n<div class=\"-wrapper -846  -mb-90\" data-reaix-uid-2>\n<div class=\"cp-remontee-events\">\n<div class=\"events -grid\">\n<div class=\"event\">\n<div class=\"media\" data-aos=\"flip-left\" data-aos-anchor-placement=\"top-bottom\" data-aos-offset=\"200\" data-aos-anchor=\"[data-reaix-uid-2]\">\n<div class=\"image -walc \" style=\"padding-top:100%\"><img width=\"290\" height=\"290\" src=\"https:\/\/www.lesrencontreseconomiques.fr\/wp-content\/uploads\/2025\/05\/Capture-decran-2025-05-14-a-11.21.58-290x290.png\" class=\"attachment-small_square_crop size-small_square_crop\" alt=\"\" decoding=\"async\" loading=\"lazy\" srcset=\"https:\/\/www.lesrencontreseconomiques.fr\/wp-content\/uploads\/2025\/05\/Capture-decran-2025-05-14-a-11.21.58-290x290.png 290w, https:\/\/www.lesrencontreseconomiques.fr\/wp-content\/uploads\/2025\/05\/Capture-decran-2025-05-14-a-11.21.58-150x150.png 150w\" sizes=\"auto, (max-width: 290px) 100vw, 290px\" \/><\/div>\n<\/p><\/div>\n<div class=\"contenu\" data-aos=\"zoom-in\" data-aos-anchor-placement=\"top-bottom\" data-aos-offset=\"200\" data-aos-delay=\"200\" data-aos-anchor=\"[data-reaix-uid-2]\">\n<div class=\"date\">\n\t\t\t\t\t\t4 juillet |<br \/>\n\t\t\t\t\t\t<img decoding=\"async\" src=\"https:\/\/www.lesrencontreseconomiques.fr\/wp-content\/themes\/reaix\/assets\/img\/pictos\/clock-grey-cercle.png\" alt=\"\"><br \/>\n\t\t\t\t\t\t15:00 &#8211;<br \/>\n\t\t\t\t\t\t15:45\t\t\t\t\t<\/div>\n<div class=\"type\">Agora 2<\/div>\n<p>\t\t\t\t\t\t\t\t\t\t<a class=\"titre\" href=\"https:\/\/www.lesrencontreseconomiques.fr\/evenements\/agora-2-le-territoire-premiere-fracture-entre-les-jeunesses\/\"><br \/>\n\t\t\t\t\t\tLe territoire, premi\u00e8re fracture entre les jeunesses\t\t\t\t\t<\/a><\/p>\n<div class=\"accroche\"><\/div>\n<div class=\"lien\">\n\t\t\t\t\t\t<span class=\"cp-cta-plus -rouge -fs-14\"><span>En savoir plus<\/span><\/span>\n\t\t\t\t\t<\/div>\n<\/p><\/div>\n<\/p><\/div>\n<div class=\"event -vertical\">\n<div class=\"media\" data-aos=\"flip-left\" data-aos-anchor-placement=\"top-bottom\" data-aos-offset=\"200\" data-aos-delay=\"400\" data-aos-anchor=\"[data-reaix-uid-2]\">\n<div class=\"image -walc \" style=\"padding-top:100%\"><img width=\"290\" height=\"290\" src=\"https:\/\/www.lesrencontreseconomiques.fr\/wp-content\/uploads\/2025\/05\/AdobeStock_781432128-290x290.jpeg\" class=\"attachment-small_square_crop size-small_square_crop\" alt=\"\" decoding=\"async\" loading=\"lazy\" srcset=\"https:\/\/www.lesrencontreseconomiques.fr\/wp-content\/uploads\/2025\/05\/AdobeStock_781432128-290x290.jpeg 290w, https:\/\/www.lesrencontreseconomiques.fr\/wp-content\/uploads\/2025\/05\/AdobeStock_781432128-150x150.jpeg 150w\" sizes=\"auto, (max-width: 290px) 100vw, 290px\" \/><\/div>\n<\/p><\/div>\n<div class=\"contenu\" data-aos=\"zoom-in\" data-aos-anchor-placement=\"top-bottom\" data-aos-offset=\"200\" data-aos-delay=\"1000\" data-aos-anchor=\"[data-reaix-uid-2]\">\n<div class=\"date\">\n\t\t\t\t\t\t4 juillet |<br \/>\n\t\t\t\t\t\t<img decoding=\"async\" src=\"https:\/\/www.lesrencontreseconomiques.fr\/wp-content\/themes\/reaix\/assets\/img\/pictos\/clock-grey-cercle.png\" alt=\"\"><br \/>\n\t\t\t\t\t\t17:30 &#8211;<br \/>\n\t\t\t\t\t\t18:15\t\t\t\t\t<\/div>\n<div class=\"type\">Agora 3<\/div>\n<p>\t\t\t\t\t\t\t\t\t\t<a class=\"titre\" href=\"https:\/\/www.lesrencontreseconomiques.fr\/evenements\/agora-3-de-lecole-au-travail-lacces-a-lemploi\/\"><br \/>\n\t\t\t\t\t\tDe l\u2019\u00e9cole au travail, l\u2019acc\u00e8s \u00e0 l\u2019emploi\t\t\t\t\t<\/a><\/p>\n<div class=\"accroche\"><\/div>\n<div class=\"lien\">\n\t\t\t\t\t\t<span class=\"cp-cta-plus -rouge -fs-14\"><span>En savoir plus<\/span><\/span>\n\t\t\t\t\t<\/div>\n<\/p><\/div>\n<\/p><\/div>\n<div class=\"event -switch\">\n<div class=\"media\" data-aos=\"flip-left\" data-aos-anchor-placement=\"top-bottom\" data-aos-offset=\"200\" data-aos-delay=\"800\" data-aos-anchor=\"[data-reaix-uid-2]\">\n<div class=\"image -walc \" style=\"padding-top:100%\"><img width=\"290\" height=\"290\" src=\"https:\/\/www.lesrencontreseconomiques.fr\/wp-content\/uploads\/2025\/05\/Capture-decran-2025-05-14-a-11.23.27-290x290.png\" class=\"attachment-small_square_crop size-small_square_crop\" alt=\"\" decoding=\"async\" loading=\"lazy\" srcset=\"https:\/\/www.lesrencontreseconomiques.fr\/wp-content\/uploads\/2025\/05\/Capture-decran-2025-05-14-a-11.23.27-290x290.png 290w, https:\/\/www.lesrencontreseconomiques.fr\/wp-content\/uploads\/2025\/05\/Capture-decran-2025-05-14-a-11.23.27-150x150.png 150w\" sizes=\"auto, (max-width: 290px) 100vw, 290px\" \/><\/div>\n<\/p><\/div>\n<div class=\"contenu\" data-aos=\"zoom-in\" data-aos-anchor-placement=\"top-bottom\" data-aos-offset=\"200\" data-aos-delay=\"600\" data-aos-anchor=\"[data-reaix-uid-2]\">\n<div class=\"date\">\n\t\t\t\t\t\t4 juillet |<br \/>\n\t\t\t\t\t\t<img decoding=\"async\" src=\"https:\/\/www.lesrencontreseconomiques.fr\/wp-content\/themes\/reaix\/assets\/img\/pictos\/clock-grey-cercle.png\" alt=\"\"><br \/>\n\t\t\t\t\t\t11:30 &#8211;<br \/>\n\t\t\t\t\t\t12:15\t\t\t\t\t<\/div>\n<div class=\"type\">Agora 1<\/div>\n<p>\t\t\t\t\t\t\t\t\t\t<a class=\"titre\" href=\"https:\/\/www.lesrencontreseconomiques.fr\/evenements\/agora-1-ecologie-et-developpement-la-difficile-conciliation\/\"><br \/>\n\t\t\t\t\t\tEcologie et d\u00e9veloppement, la difficile conciliation\t\t\t\t\t<\/a><\/p>\n<div class=\"accroche\"><\/div>\n<div class=\"lien\">\n\t\t\t\t\t\t<span class=\"cp-cta-plus -rouge -fs-14\"><span>En savoir plus<\/span><\/span>\n\t\t\t\t\t<\/div>\n<\/p><\/div>\n<\/p><\/div>\n<\/p><\/div>\n<\/p><\/div>\n<\/div>\n<div class=\"-wrapper -846 -mt-90 -mb-90\" data-reaix-uid-3>\n<div class=\"cp-remontee-events\">\n<div class=\"events -grid\">\n<div class=\"event\">\n<div class=\"media\" data-aos=\"flip-left\" data-aos-anchor-placement=\"top-bottom\" data-aos-offset=\"200\" data-aos-anchor=\"[data-reaix-uid-3]\">\n<div class=\"image -walc \" style=\"padding-top:100%\"><img width=\"290\" height=\"290\" src=\"https:\/\/www.lesrencontreseconomiques.fr\/wp-content\/uploads\/2025\/05\/S-SanteInegalite-290x290.jpg\" class=\"attachment-small_square_crop size-small_square_crop\" alt=\"\" decoding=\"async\" loading=\"lazy\" srcset=\"https:\/\/www.lesrencontreseconomiques.fr\/wp-content\/uploads\/2025\/05\/S-SanteInegalite-290x290.jpg 290w, https:\/\/www.lesrencontreseconomiques.fr\/wp-content\/uploads\/2025\/05\/S-SanteInegalite-150x150.jpg 150w\" sizes=\"auto, (max-width: 290px) 100vw, 290px\" \/><\/div>\n<\/p><\/div>\n<div class=\"contenu\" data-aos=\"zoom-in\" data-aos-anchor-placement=\"top-bottom\" data-aos-offset=\"200\" data-aos-delay=\"200\" data-aos-anchor=\"[data-reaix-uid-3]\">\n<div class=\"date\">\n\t\t\t\t\t\t5 juillet |<br \/>\n\t\t\t\t\t\t<img decoding=\"async\" src=\"https:\/\/www.lesrencontreseconomiques.fr\/wp-content\/themes\/reaix\/assets\/img\/pictos\/clock-grey-cercle.png\" alt=\"\"><br \/>\n\t\t\t\t\t\t15:30 &#8211;<br \/>\n\t\t\t\t\t\t16:15\t\t\t\t\t<\/div>\n<div class=\"type\">Agora 5<\/div>\n<p>\t\t\t\t\t\t\t\t\t\t<a class=\"titre\" href=\"https:\/\/www.lesrencontreseconomiques.fr\/evenements\/agora-5-lintergenerationnel-au-coeur-des-solidarites\/\"><br \/>\n\t\t\t\t\t\tL\u2019interg\u00e9n\u00e9rationnel au c\u0153ur des solidarit\u00e9s\t\t\t\t\t<\/a><\/p>\n<div class=\"accroche\"><\/div>\n<div class=\"lien\">\n\t\t\t\t\t\t<span class=\"cp-cta-plus -rouge -fs-14\"><span>En savoir plus<\/span><\/span>\n\t\t\t\t\t<\/div>\n<\/p><\/div>\n<\/p><\/div>\n<div class=\"event -vertical\">\n<div class=\"media\" data-aos=\"flip-left\" data-aos-anchor-placement=\"top-bottom\" data-aos-offset=\"200\" data-aos-delay=\"400\" data-aos-anchor=\"[data-reaix-uid-3]\">\n<div class=\"image -walc \" style=\"padding-top:100%\"><img width=\"290\" height=\"290\" src=\"https:\/\/www.lesrencontreseconomiques.fr\/wp-content\/uploads\/2025\/05\/GERARDBOTTINO_Shutterstock_manifjeunespourleclimataMarseilleenseptembre2019-290x290.jpg\" class=\"attachment-small_square_crop size-small_square_crop\" alt=\"\" decoding=\"async\" loading=\"lazy\" srcset=\"https:\/\/www.lesrencontreseconomiques.fr\/wp-content\/uploads\/2025\/05\/GERARDBOTTINO_Shutterstock_manifjeunespourleclimataMarseilleenseptembre2019-290x290.jpg 290w, https:\/\/www.lesrencontreseconomiques.fr\/wp-content\/uploads\/2025\/05\/GERARDBOTTINO_Shutterstock_manifjeunespourleclimataMarseilleenseptembre2019-150x150.jpg 150w\" sizes=\"auto, (max-width: 290px) 100vw, 290px\" \/><\/div>\n<\/p><\/div>\n<div class=\"contenu\" data-aos=\"zoom-in\" data-aos-anchor-placement=\"top-bottom\" data-aos-offset=\"200\" data-aos-delay=\"1000\" data-aos-anchor=\"[data-reaix-uid-3]\">\n<div class=\"date\">\n\t\t\t\t\t\t5 juillet |<br \/>\n\t\t\t\t\t\t<img decoding=\"async\" src=\"https:\/\/www.lesrencontreseconomiques.fr\/wp-content\/themes\/reaix\/assets\/img\/pictos\/clock-grey-cercle.png\" alt=\"\"><br \/>\n\t\t\t\t\t\t17:00 &#8211;<br \/>\n\t\t\t\t\t\t17:45\t\t\t\t\t<\/div>\n<div class=\"type\">Agora 6<\/div>\n<p>\t\t\t\t\t\t\t\t\t\t<a class=\"titre\" href=\"https:\/\/www.lesrencontreseconomiques.fr\/evenements\/agora-6-les-jeunes-et-la-politique\/\"><br \/>\n\t\t\t\t\t\tLes jeunes et la politique\t\t\t\t\t<\/a><\/p>\n<div class=\"accroche\"><\/div>\n<div class=\"lien\">\n\t\t\t\t\t\t<span class=\"cp-cta-plus -rouge -fs-14\"><span>En savoir plus<\/span><\/span>\n\t\t\t\t\t<\/div>\n<\/p><\/div>\n<\/p><\/div>\n<div class=\"event -switch\">\n<div class=\"media\" data-aos=\"flip-left\" data-aos-anchor-placement=\"top-bottom\" data-aos-offset=\"200\" data-aos-delay=\"800\" data-aos-anchor=\"[data-reaix-uid-3]\">\n<div class=\"image -walc \" style=\"padding-top:100%\"><img width=\"290\" height=\"290\" src=\"https:\/\/www.lesrencontreseconomiques.fr\/wp-content\/uploads\/2025\/05\/Capture-decran-2025-05-14-a-11.28.31-290x290.png\" class=\"attachment-small_square_crop size-small_square_crop\" alt=\"\" decoding=\"async\" loading=\"lazy\" srcset=\"https:\/\/www.lesrencontreseconomiques.fr\/wp-content\/uploads\/2025\/05\/Capture-decran-2025-05-14-a-11.28.31-290x290.png 290w, https:\/\/www.lesrencontreseconomiques.fr\/wp-content\/uploads\/2025\/05\/Capture-decran-2025-05-14-a-11.28.31-150x150.png 150w\" sizes=\"auto, (max-width: 290px) 100vw, 290px\" \/><\/div>\n<\/p><\/div>\n<div class=\"contenu\" data-aos=\"zoom-in\" data-aos-anchor-placement=\"top-bottom\" data-aos-offset=\"200\" data-aos-delay=\"600\" data-aos-anchor=\"[data-reaix-uid-3]\">\n<div class=\"date\">\n\t\t\t\t\t\t5 juillet |<br \/>\n\t\t\t\t\t\t<img decoding=\"async\" src=\"https:\/\/www.lesrencontreseconomiques.fr\/wp-content\/themes\/reaix\/assets\/img\/pictos\/clock-grey-cercle.png\" alt=\"\"><br \/>\n\t\t\t\t\t\t11:00 &#8211;<br \/>\n\t\t\t\t\t\t11:45\t\t\t\t\t<\/div>\n<div class=\"type\">Agora 4<\/div>\n<p>\t\t\t\t\t\t\t\t\t\t<a class=\"titre\" href=\"https:\/\/www.lesrencontreseconomiques.fr\/evenements\/agora-4-precarite-et-sante-les-jeunes-en-danger\/\"><br \/>\n\t\t\t\t\t\tPr\u00e9carit\u00e9 et sant\u00e9, les jeunes en danger\t\t\t\t\t<\/a><\/p>\n<div class=\"accroche\"><\/div>\n<div class=\"lien\">\n\t\t\t\t\t\t<span class=\"cp-cta-plus -rouge -fs-14\"><span>En savoir plus<\/span><\/span>\n\t\t\t\t\t<\/div>\n<\/p><\/div>\n<\/p><\/div>\n<\/p><\/div>\n<\/p><\/div>\n<\/div>\n","protected":false},"excerpt":{"rendered":"<p>Le Cercle des \u00e9conomistes poursuit son engagement pour que les nouvelles g\u00e9n\u00e9rations participent au d\u00e9bat \u00e9conomique. Dans le cadre de la 3e \u00e9dition du Projet \u00ab Jeunesse(s) \u00bb, six agoras ouvriront un espace de discussion original autour de l&rsquo;environnement, des territoires,\u00a0 de l&rsquo;acc\u00e8s \u00e0 l&#8217;emploi, de la sant\u00e9, de l&rsquo;interg\u00e9n\u00e9rationnel et de la vie politique. [&hellip;]<\/p>\n","protected":false},"author":2,"featured_media":0,"parent":8,"menu_order":0,"comment_status":"closed","ping_status":"closed","template":"","meta":{"_acf_changed":false,"footnotes":""},"class_list":["post-18135","page","type-page","status-publish","hentry"],"acf":[],"yoast_head":"<!-- This site is optimized with the Yoast SEO plugin v26.5 - https:\/\/yoast.com\/wordpress\/plugins\/seo\/ -->\n<title>Agora Jeunesse(s) - Les Rencontres \u00c9conomiques<\/title>\n<meta name=\"robots\" content=\"index, follow, max-snippet:-1, max-image-preview:large, max-video-preview:-1\" \/>\n<link rel=\"canonical\" href=\"https:\/\/www.lesrencontreseconomiques.fr\/jeunesses\/agora-jeunesses\/\" \/>\n<meta property=\"og:locale\" content=\"fr_FR\" \/>\n<meta property=\"og:type\" content=\"article\" \/>\n<meta property=\"og:description\" content=\"Le Cercle des \u00e9conomistes poursuit son engagement pour que les nouvelles g\u00e9n\u00e9rations participent au d\u00e9bat \u00e9conomique. Dans le cadre de la 3e \u00e9dition du Projet \u00ab Jeunesse(s) \u00bb, six agoras ouvriront un espace de discussion original autour de l&rsquo;environnement, des territoires,\u00a0 de l&rsquo;acc\u00e8s \u00e0 l&#8217;emploi, de la sant\u00e9, de l&rsquo;interg\u00e9n\u00e9rationnel et de la vie politique. [&hellip;]\" \/>\n<meta property=\"og:url\" content=\"https:\/\/www.lesrencontreseconomiques.fr\/jeunesses\/agora-jeunesses\/\" \/>\n<meta property=\"og:site_name\" content=\"Les Rencontres \u00c9conomiques\" \/>\n<meta property=\"article:publisher\" content=\"https:\/\/www.facebook.com\/Le.Cercle.des.Economistes\/\" \/>\n<meta property=\"og:image\" content=\"https:\/\/www.lesrencontreseconomiques.fr\/wp-content\/uploads\/2025\/05\/Capture-decran-2025-05-14-a-11.21.58-290x290.png\" \/>\n<meta name=\"twitter:card\" content=\"summary_large_image\" \/>\n<meta name=\"twitter:site\" content=\"@Cercle_eco\" \/>\n<script type=\"application\/ld+json\" class=\"yoast-schema-graph\">{\"@context\":\"https:\/\/schema.org\",\"@graph\":[{\"@type\":\"WebPage\",\"@id\":\"https:\/\/www.lesrencontreseconomiques.fr\/jeunesses\/agora-jeunesses\/\",\"url\":\"https:\/\/www.lesrencontreseconomiques.fr\/jeunesses\/agora-jeunesses\/\",\"name\":\"Agora Jeunesse(s) - Les Rencontres \u00c9conomiques\",\"isPartOf\":{\"@id\":\"https:\/\/www.lesrencontreseconomiques.fr\/#website\"},\"primaryImageOfPage\":{\"@id\":\"https:\/\/www.lesrencontreseconomiques.fr\/jeunesses\/agora-jeunesses\/#primaryimage\"},\"image\":{\"@id\":\"https:\/\/www.lesrencontreseconomiques.fr\/jeunesses\/agora-jeunesses\/#primaryimage\"},\"thumbnailUrl\":\"https:\/\/www.lesrencontreseconomiques.fr\/wp-content\/uploads\/2025\/05\/Capture-decran-2025-05-14-a-11.21.58-290x290.png\",\"datePublished\":\"2025-05-15T09:54:56+00:00\",\"breadcrumb\":{\"@id\":\"https:\/\/www.lesrencontreseconomiques.fr\/jeunesses\/agora-jeunesses\/#breadcrumb\"},\"inLanguage\":\"fr-FR\",\"potentialAction\":[{\"@type\":\"ReadAction\",\"target\":[\"https:\/\/www.lesrencontreseconomiques.fr\/jeunesses\/agora-jeunesses\/\"]}]},{\"@type\":\"ImageObject\",\"inLanguage\":\"fr-FR\",\"@id\":\"https:\/\/www.lesrencontreseconomiques.fr\/jeunesses\/agora-jeunesses\/#primaryimage\",\"url\":\"https:\/\/www.lesrencontreseconomiques.fr\/wp-content\/uploads\/2025\/05\/Capture-decran-2025-05-14-a-11.21.58.png\",\"contentUrl\":\"https:\/\/www.lesrencontreseconomiques.fr\/wp-content\/uploads\/2025\/05\/Capture-decran-2025-05-14-a-11.21.58.png\",\"width\":1522,\"height\":1084},{\"@type\":\"BreadcrumbList\",\"@id\":\"https:\/\/www.lesrencontreseconomiques.fr\/jeunesses\/agora-jeunesses\/#breadcrumb\",\"itemListElement\":[{\"@type\":\"ListItem\",\"position\":1,\"name\":\"Accueil\",\"item\":\"https:\/\/www.lesrencontreseconomiques.fr\/\"},{\"@type\":\"ListItem\",\"position\":2,\"name\":\"Jeunesses\",\"item\":\"https:\/\/www.lesrencontreseconomiques.fr\/jeunesses\/\"},{\"@type\":\"ListItem\",\"position\":3,\"name\":\"Agora Jeunesse(s)\"}]},{\"@type\":\"WebSite\",\"@id\":\"https:\/\/www.lesrencontreseconomiques.fr\/#website\",\"url\":\"https:\/\/www.lesrencontreseconomiques.fr\/\",\"name\":\"Les Rencontres \u00c9conomiques\",\"description\":\"\",\"potentialAction\":[{\"@type\":\"SearchAction\",\"target\":{\"@type\":\"EntryPoint\",\"urlTemplate\":\"https:\/\/www.lesrencontreseconomiques.fr\/?s={search_term_string}\"},\"query-input\":{\"@type\":\"PropertyValueSpecification\",\"valueRequired\":true,\"valueName\":\"search_term_string\"}}],\"inLanguage\":\"fr-FR\"}]}<\/script>\n<!-- \/ Yoast SEO plugin. -->","yoast_head_json":{"title":"Agora Jeunesse(s) - Les Rencontres \u00c9conomiques","robots":{"index":"index","follow":"follow","max-snippet":"max-snippet:-1","max-image-preview":"max-image-preview:large","max-video-preview":"max-video-preview:-1"},"canonical":"https:\/\/www.lesrencontreseconomiques.fr\/jeunesses\/agora-jeunesses\/","og_locale":"fr_FR","og_type":"article","og_description":"Le Cercle des \u00e9conomistes poursuit son engagement pour que les nouvelles g\u00e9n\u00e9rations participent au d\u00e9bat \u00e9conomique. Dans le cadre de la 3e \u00e9dition du Projet \u00ab Jeunesse(s) \u00bb, six agoras ouvriront un espace de discussion original autour de l&rsquo;environnement, des territoires,\u00a0 de l&rsquo;acc\u00e8s \u00e0 l&#8217;emploi, de la sant\u00e9, de l&rsquo;interg\u00e9n\u00e9rationnel et de la vie politique. [&hellip;]","og_url":"https:\/\/www.lesrencontreseconomiques.fr\/jeunesses\/agora-jeunesses\/","og_site_name":"Les Rencontres \u00c9conomiques","article_publisher":"https:\/\/www.facebook.com\/Le.Cercle.des.Economistes\/","og_image":[{"url":"https:\/\/www.lesrencontreseconomiques.fr\/wp-content\/uploads\/2025\/05\/Capture-decran-2025-05-14-a-11.21.58-290x290.png","type":"","width":"","height":""}],"twitter_card":"summary_large_image","twitter_site":"@Cercle_eco","schema":{"@context":"https:\/\/schema.org","@graph":[{"@type":"WebPage","@id":"https:\/\/www.lesrencontreseconomiques.fr\/jeunesses\/agora-jeunesses\/","url":"https:\/\/www.lesrencontreseconomiques.fr\/jeunesses\/agora-jeunesses\/","name":"Agora Jeunesse(s) - Les Rencontres \u00c9conomiques","isPartOf":{"@id":"https:\/\/www.lesrencontreseconomiques.fr\/#website"},"primaryImageOfPage":{"@id":"https:\/\/www.lesrencontreseconomiques.fr\/jeunesses\/agora-jeunesses\/#primaryimage"},"image":{"@id":"https:\/\/www.lesrencontreseconomiques.fr\/jeunesses\/agora-jeunesses\/#primaryimage"},"thumbnailUrl":"https:\/\/www.lesrencontreseconomiques.fr\/wp-content\/uploads\/2025\/05\/Capture-decran-2025-05-14-a-11.21.58-290x290.png","datePublished":"2025-05-15T09:54:56+00:00","breadcrumb":{"@id":"https:\/\/www.lesrencontreseconomiques.fr\/jeunesses\/agora-jeunesses\/#breadcrumb"},"inLanguage":"fr-FR","potentialAction":[{"@type":"ReadAction","target":["https:\/\/www.lesrencontreseconomiques.fr\/jeunesses\/agora-jeunesses\/"]}]},{"@type":"ImageObject","inLanguage":"fr-FR","@id":"https:\/\/www.lesrencontreseconomiques.fr\/jeunesses\/agora-jeunesses\/#primaryimage","url":"https:\/\/www.lesrencontreseconomiques.fr\/wp-content\/uploads\/2025\/05\/Capture-decran-2025-05-14-a-11.21.58.png","contentUrl":"https:\/\/www.lesrencontreseconomiques.fr\/wp-content\/uploads\/2025\/05\/Capture-decran-2025-05-14-a-11.21.58.png","width":1522,"height":1084},{"@type":"BreadcrumbList","@id":"https:\/\/www.lesrencontreseconomiques.fr\/jeunesses\/agora-jeunesses\/#breadcrumb","itemListElement":[{"@type":"ListItem","position":1,"name":"Accueil","item":"https:\/\/www.lesrencontreseconomiques.fr\/"},{"@type":"ListItem","position":2,"name":"Jeunesses","item":"https:\/\/www.lesrencontreseconomiques.fr\/jeunesses\/"},{"@type":"ListItem","position":3,"name":"Agora Jeunesse(s)"}]},{"@type":"WebSite","@id":"https:\/\/www.lesrencontreseconomiques.fr\/#website","url":"https:\/\/www.lesrencontreseconomiques.fr\/","name":"Les Rencontres \u00c9conomiques","description":"","potentialAction":[{"@type":"SearchAction","target":{"@type":"EntryPoint","urlTemplate":"https:\/\/www.lesrencontreseconomiques.fr\/?s={search_term_string}"},"query-input":{"@type":"PropertyValueSpecification","valueRequired":true,"valueName":"search_term_string"}}],"inLanguage":"fr-FR"}]}},"_links":{"self":[{"href":"https:\/\/www.lesrencontreseconomiques.fr\/wp-json\/wp\/v2\/pages\/18135","targetHints":{"allow":["GET"]}}],"collection":[{"href":"https:\/\/www.lesrencontreseconomiques.fr\/wp-json\/wp\/v2\/pages"}],"about":[{"href":"https:\/\/www.lesrencontreseconomiques.fr\/wp-json\/wp\/v2\/types\/page"}],"author":[{"embeddable":true,"href":"https:\/\/www.lesrencontreseconomiques.fr\/wp-json\/wp\/v2\/users\/2"}],"replies":[{"embeddable":true,"href":"https:\/\/www.lesrencontreseconomiques.fr\/wp-json\/wp\/v2\/comments?post=18135"}],"version-history":[{"count":13,"href":"https:\/\/www.lesrencontreseconomiques.fr\/wp-json\/wp\/v2\/pages\/18135\/revisions"}],"predecessor-version":[{"id":18901,"href":"https:\/\/www.lesrencontreseconomiques.fr\/wp-json\/wp\/v2\/pages\/18135\/revisions\/18901"}],"up":[{"embeddable":true,"href":"https:\/\/www.lesrencontreseconomiques.fr\/wp-json\/wp\/v2\/pages\/8"}],"wp:attachment":[{"href":"https:\/\/www.lesrencontreseconomiques.fr\/wp-json\/wp\/v2\/media?parent=18135"}],"curies":[{"name":"wp","href":"https:\/\/api.w.org\/{rel}","templated":true}]}}