{"id":17365,"date":"2025-05-15T10:47:10","date_gmt":"2025-05-15T08:47:10","guid":{"rendered":"https:\/\/www.lesrencontreseconomiques.fr\/?page_id=17365"},"modified":"2025-06-25T14:50:05","modified_gmt":"2025-06-25T12:50:05","slug":"inscription","status":"publish","type":"page","link":"https:\/\/www.lesrencontreseconomiques.fr\/inscription\/","title":{"rendered":"Inscription"},"content":{"rendered":"<div class=\"-wrapper -668 -mt-90 -mb-90\">\n<div class=\"cp-intro -texte\">\n<div class=\"description\">\n<div class=\"cp-texte\">\n<h2>Sur place ou en ligne, vivez la 25e \u00e9dition des Rencontres \u00c9conomiques d\u2019Aix-en-Provence<\/h2>\n<p>Les Rencontres \u00c9conomiques d\u2019Aix-en-Provence, les 3, 4 et 5 juillet 2025, sont le plus grand d\u00e9bat \u00e9conomique d\u2019Europe ouvert \u00e0 tous. Vivez l&rsquo;exp\u00e9rience sur place, dans le parc Jourdan d&rsquo;Aix-en-Provence, ou partout dans le monde gr\u00e2ce \u00e0 la diffusion en direct de l&rsquo;int\u00e9gralit\u00e9 des d\u00e9bats.<\/p>\n<p>Pendant trois jours, 70 sessions et controverses seront anim\u00e9es par plus de <a href=\"https:\/\/www.lesrencontreseconomiques.fr\/2024\/intervenants\/\">400 intervenants<\/a> autour du th\u00e8me \u00ab\u00a0Affronter le choc des r\u00e9alit\u00e9s\u00a0\u00bb.<\/p>\n<p>Inscrivez-vous gratuitement et entrez dans le d\u00e9bat !<\/p>\n<p><a class=\"cp-cta-bouton\" href=\"#presentiel\">Formulaire pr\u00e9sentiel<\/a> <a class=\"cp-cta-bouton\" href=\"#distanciel\">Formulaire distanciel<\/a><\/p>\n<\/p><\/div>\n<\/p><\/div>\n<\/p><\/div>\n<\/p><\/div>\n<div class=\"-wrapper -668 -mt-90 -mb-90\">\n<div class=\"cp-intro -texte\">\n<div class=\"description\">\n<div class=\"cp-texte\">\n<h2><a id=\"presentiel\" class=\"c-anchor\"><\/a>Formulaire d\u2019inscription pr\u00e9sentiel<\/h2>\n<p>Veuillez saisir les informations pour compl\u00e9ter votre inscription. Chaque demande est nominale. Veuillez remplir un formulaire pour chaque participant \u00e0 inscrire.<\/p>\n<\/p><\/div>\n<\/p><\/div>\n<\/p><\/div>\n<\/p><\/div>\n<div class=\"-wrapper -668 -mt-90 -mb-90\">\n<div class=\"cp-intro -texte\">\n<div class=\"description\">\n<div class=\"cp-texte\">\n<div class=\"df-form-widget\" data-form-code=\"reaix_gp_presentiel_2025\" data-domain=\"cercle.digifactory.fr\"><\/div>\n<\/p><\/div>\n<\/p><\/div>\n<\/p><\/div>\n<\/div>\n<div class=\"-wrapper -668 -mt-90 -mb-90\">\n<div class=\"cp-intro -texte\">\n<div class=\"description\">\n<div class=\"cp-texte\">\n<h2><a id=\"distanciel\" class=\"c-anchor\"><\/a>Formulaire d\u2019inscription distanciel<\/h2>\n<p>Veuillez saisir les informations pour compl\u00e9ter votre inscription. Chaque demande est nominale. Veuillez remplir un formulaire pour chaque participant \u00e0 inscrire.<\/p>\n<\/p><\/div>\n<\/p><\/div>\n<\/p><\/div>\n<\/p><\/div>\n<div class=\"-wrapper -668 -mt-90 -mb-90\">\n<div class=\"cp-intro -texte\">\n<div class=\"description\">\n<div class=\"cp-texte\">\n<div class=\"df-form-widget\" data-form-code=\"reaix_gp_distanciel_2025\" data-domain=\"cercle.digifactory.fr\"><\/div>\n<\/p><\/div>\n<\/p><\/div>\n<\/p><\/div>\n<\/div>\n","protected":false},"excerpt":{"rendered":"<p>Sur place ou en ligne, vivez la 25e \u00e9dition des Rencontres \u00c9conomiques d\u2019Aix-en-Provence Les Rencontres \u00c9conomiques d\u2019Aix-en-Provence, les 3, 4 et 5 juillet 2025, sont le plus grand d\u00e9bat \u00e9conomique d\u2019Europe ouvert \u00e0 tous. Vivez l&rsquo;exp\u00e9rience sur place, dans le parc Jourdan d&rsquo;Aix-en-Provence, ou partout dans le monde gr\u00e2ce \u00e0 la diffusion en direct de [&hellip;]<\/p>\n","protected":false},"author":2,"featured_media":0,"parent":0,"menu_order":0,"comment_status":"closed","ping_status":"closed","template":"","meta":{"_acf_changed":false,"footnotes":""},"class_list":["post-17365","page","type-page","status-publish","hentry"],"acf":[],"yoast_head":"<!-- This site is optimized with the Yoast SEO plugin v26.5 - https:\/\/yoast.com\/wordpress\/plugins\/seo\/ -->\n<title>Inscription - Les Rencontres \u00c9conomiques<\/title>\n<meta name=\"robots\" content=\"index, follow, max-snippet:-1, max-image-preview:large, max-video-preview:-1\" \/>\n<link rel=\"canonical\" href=\"https:\/\/www.lesrencontreseconomiques.fr\/inscription\/\" \/>\n<meta property=\"og:locale\" content=\"fr_FR\" \/>\n<meta property=\"og:type\" content=\"article\" \/>\n<meta property=\"og:description\" content=\"Sur place ou en ligne, vivez la 25e \u00e9dition des Rencontres \u00c9conomiques d\u2019Aix-en-Provence Les Rencontres \u00c9conomiques d\u2019Aix-en-Provence, les 3, 4 et 5 juillet 2025, sont le plus grand d\u00e9bat \u00e9conomique d\u2019Europe ouvert \u00e0 tous. Vivez l&rsquo;exp\u00e9rience sur place, dans le parc Jourdan d&rsquo;Aix-en-Provence, ou partout dans le monde gr\u00e2ce \u00e0 la diffusion en direct de [&hellip;]\" \/>\n<meta property=\"og:url\" content=\"https:\/\/www.lesrencontreseconomiques.fr\/inscription\/\" \/>\n<meta property=\"og:site_name\" content=\"Les Rencontres \u00c9conomiques\" \/>\n<meta property=\"article:publisher\" content=\"https:\/\/www.facebook.com\/Le.Cercle.des.Economistes\/\" \/>\n<meta property=\"article:modified_time\" content=\"2025-06-25T12:50:05+00:00\" \/>\n<meta name=\"twitter:card\" content=\"summary_large_image\" \/>\n<meta name=\"twitter:site\" content=\"@Cercle_eco\" \/>\n<script type=\"application\/ld+json\" class=\"yoast-schema-graph\">{\"@context\":\"https:\/\/schema.org\",\"@graph\":[{\"@type\":\"WebPage\",\"@id\":\"https:\/\/www.lesrencontreseconomiques.fr\/inscription\/\",\"url\":\"https:\/\/www.lesrencontreseconomiques.fr\/inscription\/\",\"name\":\"Inscription - Les Rencontres \u00c9conomiques\",\"isPartOf\":{\"@id\":\"https:\/\/www.lesrencontreseconomiques.fr\/#website\"},\"datePublished\":\"2025-05-15T08:47:10+00:00\",\"dateModified\":\"2025-06-25T12:50:05+00:00\",\"breadcrumb\":{\"@id\":\"https:\/\/www.lesrencontreseconomiques.fr\/inscription\/#breadcrumb\"},\"inLanguage\":\"fr-FR\",\"potentialAction\":[{\"@type\":\"ReadAction\",\"target\":[\"https:\/\/www.lesrencontreseconomiques.fr\/inscription\/\"]}]},{\"@type\":\"BreadcrumbList\",\"@id\":\"https:\/\/www.lesrencontreseconomiques.fr\/inscription\/#breadcrumb\",\"itemListElement\":[{\"@type\":\"ListItem\",\"position\":1,\"name\":\"Accueil\",\"item\":\"https:\/\/www.lesrencontreseconomiques.fr\/\"},{\"@type\":\"ListItem\",\"position\":2,\"name\":\"Inscription\"}]},{\"@type\":\"WebSite\",\"@id\":\"https:\/\/www.lesrencontreseconomiques.fr\/#website\",\"url\":\"https:\/\/www.lesrencontreseconomiques.fr\/\",\"name\":\"Les Rencontres \u00c9conomiques\",\"description\":\"\",\"potentialAction\":[{\"@type\":\"SearchAction\",\"target\":{\"@type\":\"EntryPoint\",\"urlTemplate\":\"https:\/\/www.lesrencontreseconomiques.fr\/?s={search_term_string}\"},\"query-input\":{\"@type\":\"PropertyValueSpecification\",\"valueRequired\":true,\"valueName\":\"search_term_string\"}}],\"inLanguage\":\"fr-FR\"}]}<\/script>\n<!-- \/ Yoast SEO plugin. -->","yoast_head_json":{"title":"Inscription - Les Rencontres \u00c9conomiques","robots":{"index":"index","follow":"follow","max-snippet":"max-snippet:-1","max-image-preview":"max-image-preview:large","max-video-preview":"max-video-preview:-1"},"canonical":"https:\/\/www.lesrencontreseconomiques.fr\/inscription\/","og_locale":"fr_FR","og_type":"article","og_description":"Sur place ou en ligne, vivez la 25e \u00e9dition des Rencontres \u00c9conomiques d\u2019Aix-en-Provence Les Rencontres \u00c9conomiques d\u2019Aix-en-Provence, les 3, 4 et 5 juillet 2025, sont le plus grand d\u00e9bat \u00e9conomique d\u2019Europe ouvert \u00e0 tous. Vivez l&rsquo;exp\u00e9rience sur place, dans le parc Jourdan d&rsquo;Aix-en-Provence, ou partout dans le monde gr\u00e2ce \u00e0 la diffusion en direct de [&hellip;]","og_url":"https:\/\/www.lesrencontreseconomiques.fr\/inscription\/","og_site_name":"Les Rencontres \u00c9conomiques","article_publisher":"https:\/\/www.facebook.com\/Le.Cercle.des.Economistes\/","article_modified_time":"2025-06-25T12:50:05+00:00","twitter_card":"summary_large_image","twitter_site":"@Cercle_eco","schema":{"@context":"https:\/\/schema.org","@graph":[{"@type":"WebPage","@id":"https:\/\/www.lesrencontreseconomiques.fr\/inscription\/","url":"https:\/\/www.lesrencontreseconomiques.fr\/inscription\/","name":"Inscription - Les Rencontres \u00c9conomiques","isPartOf":{"@id":"https:\/\/www.lesrencontreseconomiques.fr\/#website"},"datePublished":"2025-05-15T08:47:10+00:00","dateModified":"2025-06-25T12:50:05+00:00","breadcrumb":{"@id":"https:\/\/www.lesrencontreseconomiques.fr\/inscription\/#breadcrumb"},"inLanguage":"fr-FR","potentialAction":[{"@type":"ReadAction","target":["https:\/\/www.lesrencontreseconomiques.fr\/inscription\/"]}]},{"@type":"BreadcrumbList","@id":"https:\/\/www.lesrencontreseconomiques.fr\/inscription\/#breadcrumb","itemListElement":[{"@type":"ListItem","position":1,"name":"Accueil","item":"https:\/\/www.lesrencontreseconomiques.fr\/"},{"@type":"ListItem","position":2,"name":"Inscription"}]},{"@type":"WebSite","@id":"https:\/\/www.lesrencontreseconomiques.fr\/#website","url":"https:\/\/www.lesrencontreseconomiques.fr\/","name":"Les Rencontres \u00c9conomiques","description":"","potentialAction":[{"@type":"SearchAction","target":{"@type":"EntryPoint","urlTemplate":"https:\/\/www.lesrencontreseconomiques.fr\/?s={search_term_string}"},"query-input":{"@type":"PropertyValueSpecification","valueRequired":true,"valueName":"search_term_string"}}],"inLanguage":"fr-FR"}]}},"_links":{"self":[{"href":"https:\/\/www.lesrencontreseconomiques.fr\/wp-json\/wp\/v2\/pages\/17365","targetHints":{"allow":["GET"]}}],"collection":[{"href":"https:\/\/www.lesrencontreseconomiques.fr\/wp-json\/wp\/v2\/pages"}],"about":[{"href":"https:\/\/www.lesrencontreseconomiques.fr\/wp-json\/wp\/v2\/types\/page"}],"author":[{"embeddable":true,"href":"https:\/\/www.lesrencontreseconomiques.fr\/wp-json\/wp\/v2\/users\/2"}],"replies":[{"embeddable":true,"href":"https:\/\/www.lesrencontreseconomiques.fr\/wp-json\/wp\/v2\/comments?post=17365"}],"version-history":[{"count":27,"href":"https:\/\/www.lesrencontreseconomiques.fr\/wp-json\/wp\/v2\/pages\/17365\/revisions"}],"predecessor-version":[{"id":22108,"href":"https:\/\/www.lesrencontreseconomiques.fr\/wp-json\/wp\/v2\/pages\/17365\/revisions\/22108"}],"wp:attachment":[{"href":"https:\/\/www.lesrencontreseconomiques.fr\/wp-json\/wp\/v2\/media?parent=17365"}],"curies":[{"name":"wp","href":"https:\/\/api.w.org\/{rel}","templated":true}]}}

<div class="-wrapper -668 -mt-90 -mb-90">
<div class="cp-intro -texte">
<div class="description">
<div class="cp-texte">
<h2>Sur place ou en ligne, vivez la 25e édition des Rencontres Économiques d’Aix-en-Provence</h2>
<p>Les Rencontres Économiques d’Aix-en-Provence, les 3, 4 et 5 juillet 2025, sont le plus grand débat économique d’Europe ouvert à tous. Vivez l&rsquo;expérience sur place, dans le parc Jourdan d&rsquo;Aix-en-Provence, ou partout dans le monde grâce à la diffusion en direct de l&rsquo;intégralité des débats.</p>
<p>Pendant trois jours, 70 sessions et controverses seront animées par plus de <a href="https://www.lesrencontreseconomiques.fr/2024/intervenants/">400 intervenants</a> autour du thème « Affronter le choc des réalités ».</p>
<p>Inscrivez-vous gratuitement et entrez dans le débat !</p>
<p><a class="cp-cta-bouton" href="#presentiel">Formulaire présentiel</a> <a class="cp-cta-bouton" href="#distanciel">Formulaire distanciel</a></p>
</p></div>
</p></div>
</p></div>
</p></div>
<div class="-wrapper -668 -mt-90 -mb-90">
<div class="cp-intro -texte">
<div class="description">
<div class="cp-texte">
<h2><a id="presentiel" class="c-anchor"></a>Formulaire d’inscription présentiel</h2>
<p>Veuillez saisir les informations pour compléter votre inscription. Chaque demande est nominale. Veuillez remplir un formulaire pour chaque participant à inscrire.</p>
</p></div>
</p></div>
</p></div>
</p></div>
<div class="-wrapper -668 -mt-90 -mb-90">
<div class="cp-intro -texte">
<div class="description">
<div class="cp-texte">
<div class="df-form-widget" data-form-code="reaix_gp_presentiel_2025" data-domain="cercle.digifactory.fr"></div>
</p></div>
</p></div>
</p></div>
</div>
<div class="-wrapper -668 -mt-90 -mb-90">
<div class="cp-intro -texte">
<div class="description">
<div class="cp-texte">
<h2><a id="distanciel" class="c-anchor"></a>Formulaire d’inscription distanciel</h2>
<p>Veuillez saisir les informations pour compléter votre inscription. Chaque demande est nominale. Veuillez remplir un formulaire pour chaque participant à inscrire.</p>
</p></div>
</p></div>
</p></div>
</p></div>
<div class="-wrapper -668 -mt-90 -mb-90">
<div class="cp-intro -texte">
<div class="description">
<div class="cp-texte">
<div class="df-form-widget" data-form-code="reaix_gp_distanciel_2025" data-domain="cercle.digifactory.fr"></div>
</p></div>
</p></div>
</p></div>
</div>

<p>Sur place ou en ligne, vivez la 25e édition des Rencontres Économiques d’Aix-en-Provence Les Rencontres Économiques d’Aix-en-Provence, les 3, 4 et 5 juillet 2025, sont le plus grand débat économique d’Europe ouvert à tous. Vivez l&rsquo;expérience sur place, dans le parc Jourdan d&rsquo;Aix-en-Provence, ou partout dans le monde grâce à la diffusion en direct de [&hellip;]</p>

<!-- This site is optimized with the Yoast SEO plugin v26.5 - https://yoast.com/wordpress/plugins/seo/ -->
<title>Inscription - Les Rencontres Économiques</title>
<meta name="robots" content="index, follow, max-snippet:-1, max-image-preview:large, max-video-preview:-1" />
<link rel="canonical" href="https://www.lesrencontreseconomiques.fr/inscription/" />
<meta property="og:locale" content="fr_FR" />
<meta property="og:type" content="article" />
<meta property="og:description" content="Sur place ou en ligne, vivez la 25e édition des Rencontres Économiques d’Aix-en-Provence Les Rencontres Économiques d’Aix-en-Provence, les 3, 4 et 5 juillet 2025, sont le plus grand débat économique d’Europe ouvert à tous. Vivez l&rsquo;expérience sur place, dans le parc Jourdan d&rsquo;Aix-en-Provence, ou partout dans le monde grâce à la diffusion en direct de [&hellip;]" />
<meta property="og:url" content="https://www.lesrencontreseconomiques.fr/inscription/" />
<meta property="og:site_name" content="Les Rencontres Économiques" />
<meta property="article:publisher" content="https://www.facebook.com/Le.Cercle.des.Economistes/" />
<meta property="article:modified_time" content="2025-06-25T12:50:05+00:00" />
<meta name="twitter:card" content="summary_large_image" />
<meta name="twitter:site" content="@Cercle_eco" />
<script type="application/ld+json" class="yoast-schema-graph">{"@context":"https://schema.org","@graph":[{"@type":"WebPage","@id":"https://www.lesrencontreseconomiques.fr/inscription/","url":"https://www.lesrencontreseconomiques.fr/inscription/","name":"Inscription - Les Rencontres Économiques","isPartOf":{"@id":"https://www.lesrencontreseconomiques.fr/#website"},"datePublished":"2025-05-15T08:47:10+00:00","dateModified":"2025-06-25T12:50:05+00:00","breadcrumb":{"@id":"https://www.lesrencontreseconomiques.fr/inscription/#breadcrumb"},"inLanguage":"fr-FR","potentialAction":[{"@type":"ReadAction","target":["https://www.lesrencontreseconomiques.fr/inscription/"]}]},{"@type":"BreadcrumbList","@id":"https://www.lesrencontreseconomiques.fr/inscription/#breadcrumb","itemListElement":[{"@type":"ListItem","position":1,"name":"Accueil","item":"https://www.lesrencontreseconomiques.fr/"},{"@type":"ListItem","position":2,"name":"Inscription"}]},{"@type":"WebSite","@id":"https://www.lesrencontreseconomiques.fr/#website","url":"https://www.lesrencontreseconomiques.fr/","name":"Les Rencontres Économiques","description":"","potentialAction":[{"@type":"SearchAction","target":{"@type":"EntryPoint","urlTemplate":"https://www.lesrencontreseconomiques.fr/?s={search_term_string}"},"query-input":{"@type":"PropertyValueSpecification","valueRequired":true,"valueName":"search_term_string"}}],"inLanguage":"fr-FR"}]}</script>
<!-- / Yoast SEO plugin. -->

Inscription - Les Rencontres Économiques

Sur place ou en ligne, vivez la 25e édition des Rencontres Économiques d’Aix-en-Provence Les Rencontres Économiques d’Aix-en-Provence, les 3, 4 et 5 juillet 2025, sont le plus grand débat économique d’Europe ouvert à tous. Vivez l&rsquo;expérience sur place, dans le parc Jourdan d&rsquo;Aix-en-Provence, ou partout dans le monde grâce à la diffusion en direct de [&hellip;]

Les Rencontres Économiques
