{"id":8,"date":"2020-11-12T16:18:25","date_gmt":"2020-11-12T15:18:25","guid":{"rendered":"https:\/\/www.lesrencontreseconomiques.fr\/?page_id=8"},"modified":"2024-06-24T18:05:51","modified_gmt":"2024-06-24T16:05:51","slug":"jeunesses","status":"publish","type":"page","link":"https:\/\/www.lesrencontreseconomiques.fr\/jeunesses\/","title":{"rendered":"Jeunesses"},"content":{"rendered":"<div class=\"-wrapper -668 -mt-90 -mb-90\">\n<div class=\"cp-intro -texte\">\n<div class=\"description\">\n<div class=\"cp-texte\">\n<h3>Apr\u00e8s le succ\u00e8s de la premi\u00e8re \u00e9dition du projet Jeunesse(s) en 2023, le Cercle des \u00e9conomistes a poursuivi son dialogue avec les 18-30 ans, engageant cette ann\u00e9e plus de 90 000 d\u2019entre eux dans toute la France ! Ces conversations ont pour objectif d\u2019ouvrir un espace d\u2019expression in\u00e9dit avec cette g\u00e9n\u00e9ration, souvent trop peu \u00e9cout\u00e9e, pour l\u2019int\u00e9grer pleinement dans les d\u00e9bats \u00e9conomiques et sociaux.<\/h3>\n<\/p><\/div>\n<\/p><\/div>\n<\/p><\/div>\n<\/p><\/div>\n<div class=\"-wrapper -846 -mt-90 -mb-90\">\n<div class=\"cp-chiffres-rouges\" data-reaix-uid-1>\n<div class=\"titre\" data-aos=\"fade-right\" data-aos-anchor-placement=\"top-bottom\" data-aos-offset=\"200\" data-aos-anchor=\"[data-reaix-uid-1]\">\n\t\t\tLe Projet Jeunesse(s) en chiffres\t\t<\/div>\n<div class=\"focus\" data-aos=\"fade-up\" data-aos-anchor-placement=\"top-bottom\" data-aos-offset=\"200\" data-aos-delay=\"200\" data-aos-anchor=\"[data-reaix-uid-1]\">\n<div class=\"data\">90K<\/div>\n<div class=\"texte\">jeunes engag\u00e9s dans les conversations<\/div>\n<\/p><\/div>\n<div class=\"focus\" data-aos=\"fade-up\" data-aos-anchor-placement=\"top-bottom\" data-aos-offset=\"200\" data-aos-delay=\"400\" data-aos-anchor=\"[data-reaix-uid-1]\">\n<div class=\"data\">150<\/div>\n<div class=\"texte\">jeunes \u00e0 Aix pour porter la voix des jeunesses<\/div>\n<\/p><\/div>\n<div class=\"focus\" data-aos=\"fade-up\" data-aos-anchor-placement=\"top-bottom\" data-aos-offset=\"200\" data-aos-delay=\"600\" data-aos-anchor=\"[data-reaix-uid-1]\">\n<div class=\"data\">16<\/div>\n<div class=\"texte\">recommandations \u00e0 porter<\/div>\n<\/p><\/div>\n<\/p><\/div>\n<\/div>\n<div class=\"-wrapper -846 -mt-90 -mb-minus-50\">\n<h2 class=\"cp-titre-rouge\">Les 3 \u00e9tapes du projet Jeunesse(s)<\/h2>\n<\/div>\n<div class=\"-wrapper -846 -mt-90 -mb-90\">\n<div class=\"cp-cta-image-texte\">\n<div class=\"media -no-shadow\" data-aos=\"fade-right\" data-aos-anchor-placement=\"top-bottom\" data-aos-offset=\"200\">\n<div class=\"image -walc \" style=\"padding-top:125%\"><img width=\"224\" height=\"280\" src=\"https:\/\/www.lesrencontreseconomiques.fr\/wp-content\/uploads\/2024\/06\/Design-sans-titre-8-224x280.png\" class=\"attachment-small size-small\" alt=\"\" decoding=\"async\" loading=\"lazy\" srcset=\"https:\/\/www.lesrencontreseconomiques.fr\/wp-content\/uploads\/2024\/06\/Design-sans-titre-8-224x280.png 224w, https:\/\/www.lesrencontreseconomiques.fr\/wp-content\/uploads\/2024\/06\/Design-sans-titre-8-490x613.png 490w, https:\/\/www.lesrencontreseconomiques.fr\/wp-content\/uploads\/2024\/06\/Design-sans-titre-8-668x835.png 668w, https:\/\/www.lesrencontreseconomiques.fr\/wp-content\/uploads\/2024\/06\/Design-sans-titre-8-112x140.png 112w, https:\/\/www.lesrencontreseconomiques.fr\/wp-content\/uploads\/2024\/06\/Design-sans-titre-8.png 1080w\" sizes=\"auto, (max-width: 224px) 100vw, 224px\" \/><\/div>\n<\/p><\/div>\n<div class=\"description cp-texte\" data-aos=\"fade-up\" data-aos-anchor-placement=\"top-bottom\" data-aos-offset=\"200\">\n<h3>JANVIER &#8211; AVRIL 2024<\/h3>\n<p>Pendant 4 mois, le Cercle des \u00e9conomistes, accompagn\u00e9 par le m\u00e9dia Jam, a dialogu\u00e9 via Messenger et sur les r\u00e9seaux sociaux avec les jeunesses autour de trois grandes th\u00e9matiques : l\u2019\u00e9galit\u00e9 des chances, l\u2019action citoyenne et \u00ab une seule sant\u00e9 \u00bb. Les r\u00e9sultats de cette enqu\u00eate de grande ampleur permettent de brosser un portrait r\u00e9aliste des enjeux auxquels les jeunes sont confront\u00e9s et ouvre des pistes de r\u00e9flexion passionnantes sur la France de demain..<\/p>\n<p><a class=\"cp-cta-bouton\" href=\"https:\/\/lecercledeseconomistes.fr\/jeunesses\/resultats\/\" target=\"_blank\" rel=\"noopener\">D\u00e9couvrir les r\u00e9sultats<\/a><\/p>\n<\/p><\/div>\n<\/p><\/div>\n<\/div>\n<div class=\"-wrapper -846 -mt-90 -mb-90\">\n<div class=\"cp-cta-image-texte\">\n<div class=\"media \" data-aos=\"fade-right\" data-aos-anchor-placement=\"top-bottom\" data-aos-offset=\"200\">\n<div class=\"image -walc \" style=\"padding-top:100%\"><img width=\"224\" height=\"224\" src=\"https:\/\/www.lesrencontreseconomiques.fr\/wp-content\/uploads\/2024\/06\/JECO-2022-224x224.png\" class=\"attachment-small size-small\" alt=\"\" decoding=\"async\" loading=\"lazy\" srcset=\"https:\/\/www.lesrencontreseconomiques.fr\/wp-content\/uploads\/2024\/06\/JECO-2022-224x224.png 224w, https:\/\/www.lesrencontreseconomiques.fr\/wp-content\/uploads\/2024\/06\/JECO-2022-490x490.png 490w, https:\/\/www.lesrencontreseconomiques.fr\/wp-content\/uploads\/2024\/06\/JECO-2022-668x668.png 668w, https:\/\/www.lesrencontreseconomiques.fr\/wp-content\/uploads\/2024\/06\/JECO-2022-150x150.png 150w, https:\/\/www.lesrencontreseconomiques.fr\/wp-content\/uploads\/2024\/06\/JECO-2022-140x140.png 140w, https:\/\/www.lesrencontreseconomiques.fr\/wp-content\/uploads\/2024\/06\/JECO-2022-290x290.png 290w, https:\/\/www.lesrencontreseconomiques.fr\/wp-content\/uploads\/2024\/06\/JECO-2022.png 1080w\" sizes=\"auto, (max-width: 224px) 100vw, 224px\" \/><\/div>\n<\/p><\/div>\n<div class=\"description cp-texte\" data-aos=\"fade-up\" data-aos-anchor-placement=\"top-bottom\" data-aos-offset=\"200\">\n<h3>AVRIL &#8211; MAI 2024<\/h3>\n<p>Ces conclusions ont fait l\u2019objet de groupes de travail th\u00e9matiques, compos\u00e9s de participants \u00e0 ces conversations et de jeunes repr\u00e9sentants d\u2019un \u00e9cosyst\u00e8me de 60 associations partenaires. Ils ont ainsi pu formuler des recommandations concr\u00e8tes \u00e0 destination des entreprises, d\u00e9cideurs du public, leaders d\u2019opinion, \u00e9conomistes\u2026 pr\u00e9sents aux Rencontres \u00c9conomiques d\u2019Aix-en-Provence.<\/p>\n<p><a class=\"cp-cta-bouton\" href=\"https:\/\/lecercledeseconomistes.fr\/jeunesses\/recommandations\/\" target=\"_blank\" rel=\"noopener\">D\u00e9couvrir les recommandations<\/a><\/p>\n<\/p><\/div>\n<\/p><\/div>\n<\/div>\n<div class=\"-wrapper -846 -mt-90 -mb-90\">\n<div class=\"cp-cta-image-texte\">\n<div class=\"media \" data-aos=\"fade-right\" data-aos-anchor-placement=\"top-bottom\" data-aos-offset=\"200\">\n<div class=\"image -walc \" style=\"padding-top:100%\"><img width=\"224\" height=\"224\" src=\"https:\/\/www.lesrencontreseconomiques.fr\/wp-content\/uploads\/2024\/06\/JECO-2022-1-224x224.png\" class=\"attachment-small size-small\" alt=\"\" decoding=\"async\" loading=\"lazy\" srcset=\"https:\/\/www.lesrencontreseconomiques.fr\/wp-content\/uploads\/2024\/06\/JECO-2022-1-224x224.png 224w, https:\/\/www.lesrencontreseconomiques.fr\/wp-content\/uploads\/2024\/06\/JECO-2022-1-490x490.png 490w, https:\/\/www.lesrencontreseconomiques.fr\/wp-content\/uploads\/2024\/06\/JECO-2022-1-668x668.png 668w, https:\/\/www.lesrencontreseconomiques.fr\/wp-content\/uploads\/2024\/06\/JECO-2022-1-150x150.png 150w, https:\/\/www.lesrencontreseconomiques.fr\/wp-content\/uploads\/2024\/06\/JECO-2022-1-140x140.png 140w, https:\/\/www.lesrencontreseconomiques.fr\/wp-content\/uploads\/2024\/06\/JECO-2022-1-290x290.png 290w, https:\/\/www.lesrencontreseconomiques.fr\/wp-content\/uploads\/2024\/06\/JECO-2022-1.png 1080w\" sizes=\"auto, (max-width: 224px) 100vw, 224px\" \/><\/div>\n<\/p><\/div>\n<div class=\"description cp-texte\" data-aos=\"fade-up\" data-aos-anchor-placement=\"top-bottom\" data-aos-offset=\"200\">\n<h3>5 &amp; 6 JUILLET 2024<\/h3>\n<p>Ces recommandations, que vous pourrez d\u00e9couvrir au QG Jeunesse(s) dans le parc Jourdan sont incarn\u00e9es par une d\u00e9l\u00e9gation de 150 jeunes enti\u00e8rement pris en charge par le Cercle des \u00e9conomistes pour porter haut et fort la voix et les id\u00e9es des jeunesses.<\/p>\n<\/p><\/div>\n<\/p><\/div>\n<\/div>\n<div class=\"-wrapper -1024 -is-hr -mt-90 -mb-90\">\n<hr>\n<\/div>\n<div class=\"-wrapper -1024 -mt-90 -mb-90\">\n<div class=\"cp-partenaires-v2\" data-reaix-uid-2>\n<div class=\"en-tete\">\n<h2 class=\"cp-titre-2\" data-aos=\"fade-right\" data-aos-anchor-placement=\"top-bottom\" data-aos-offset=\"200\" data-aos-anchor=\"[data-reaix-uid-2]\">Partenaires<\/h2>\n<p>\t\t\t\t\t\t\t<a href=\"https:\/\/lecercledeseconomistes.fr\/jeunesses\/\" target=\"_blank\" class=\"cp-cta-plus -rouge\" data-aos=\"fade-right\" data-aos-anchor-placement=\"top-bottom\" data-aos-offset=\"200\" data-aos-delay=\"200\" data-aos-anchor=\"[data-reaix-uid-2]\" rel=\"noopener\"><br \/>\n\t\t\t\t\t<span>Voir tous les partenaires<\/span><br \/>\n\t\t\t\t<\/a>\n\t\t\t\t\t<\/div>\n<div class=\"logos-wrap\" data-aos=\"fade-up\" data-aos-anchor-placement=\"top-bottom\" data-aos-offset=\"200\" data-aos-delay=\"600\" data-aos-anchor=\"[data-reaix-uid-2]\">\n<ul class=\"logos\">\n<li>\n\t\t\t\t\t<a href=\"https:\/\/www.bpifrance.fr\/\" target=\"_blank\" rel=\"noopener\"><br \/>\n\t\t\t\t\t\t<img width=\"250\" height=\"72\" src=\"https:\/\/www.lesrencontreseconomiques.fr\/wp-content\/uploads\/2024\/06\/Logo_Bpifrance.svg_-250x72.png\" class=\"attachment-partner-small size-partner-small\" alt=\"Bpifrance\" title=\"Bpifrance\" decoding=\"async\" loading=\"lazy\" srcset=\"https:\/\/www.lesrencontreseconomiques.fr\/wp-content\/uploads\/2024\/06\/Logo_Bpifrance.svg_-250x72.png 250w, https:\/\/www.lesrencontreseconomiques.fr\/wp-content\/uploads\/2024\/06\/Logo_Bpifrance.svg_-490x141.png 490w, https:\/\/www.lesrencontreseconomiques.fr\/wp-content\/uploads\/2024\/06\/Logo_Bpifrance.svg_-668x192.png 668w, https:\/\/www.lesrencontreseconomiques.fr\/wp-content\/uploads\/2024\/06\/Logo_Bpifrance.svg_-224x64.png 224w, https:\/\/www.lesrencontreseconomiques.fr\/wp-content\/uploads\/2024\/06\/Logo_Bpifrance.svg_.png 1024w\" sizes=\"auto, (max-width: 250px) 100vw, 250px\" \/>\t\t\t\t\t<\/a>\n\t\t\t\t<\/li>\n<li>\n\t\t\t\t\t<a href=\"https:\/\/www.groupeonepoint.com\/fr\/\" target=\"_blank\" rel=\"noopener\"><br \/>\n\t\t\t\t\t\t<img width=\"250\" height=\"121\" src=\"https:\/\/www.lesrencontreseconomiques.fr\/wp-content\/uploads\/2024\/06\/onepoint_rvb_baseline-250x121.png\" class=\"attachment-partner-small size-partner-small\" alt=\"Onepoint\" title=\"Onepoint\" decoding=\"async\" loading=\"lazy\" srcset=\"https:\/\/www.lesrencontreseconomiques.fr\/wp-content\/uploads\/2024\/06\/onepoint_rvb_baseline-250x121.png 250w, https:\/\/www.lesrencontreseconomiques.fr\/wp-content\/uploads\/2024\/06\/onepoint_rvb_baseline-490x238.png 490w, https:\/\/www.lesrencontreseconomiques.fr\/wp-content\/uploads\/2024\/06\/onepoint_rvb_baseline-668x324.png 668w, https:\/\/www.lesrencontreseconomiques.fr\/wp-content\/uploads\/2024\/06\/onepoint_rvb_baseline-224x109.png 224w, https:\/\/www.lesrencontreseconomiques.fr\/wp-content\/uploads\/2024\/06\/onepoint_rvb_baseline.png 996w\" sizes=\"auto, (max-width: 250px) 100vw, 250px\" \/>\t\t\t\t\t<\/a>\n\t\t\t\t<\/li>\n<li>\n\t\t\t\t\t<a href=\"https:\/\/www.groupe-sncf.com\/fr\" target=\"_blank\" rel=\"noopener\"><br \/>\n\t\t\t\t\t\t<img width=\"250\" height=\"132\" src=\"https:\/\/www.lesrencontreseconomiques.fr\/wp-content\/uploads\/2024\/06\/Logo_SNCF_2011.svg_-250x132.png\" class=\"attachment-partner-small size-partner-small\" alt=\"SNCF\" title=\"SNCF\" decoding=\"async\" loading=\"lazy\" srcset=\"https:\/\/www.lesrencontreseconomiques.fr\/wp-content\/uploads\/2024\/06\/Logo_SNCF_2011.svg_-250x132.png 250w, https:\/\/www.lesrencontreseconomiques.fr\/wp-content\/uploads\/2024\/06\/Logo_SNCF_2011.svg_-490x258.png 490w, https:\/\/www.lesrencontreseconomiques.fr\/wp-content\/uploads\/2024\/06\/Logo_SNCF_2011.svg_-668x352.png 668w, https:\/\/www.lesrencontreseconomiques.fr\/wp-content\/uploads\/2024\/06\/Logo_SNCF_2011.svg_-224x118.png 224w, https:\/\/www.lesrencontreseconomiques.fr\/wp-content\/uploads\/2024\/06\/Logo_SNCF_2011.svg_.png 1024w\" sizes=\"auto, (max-width: 250px) 100vw, 250px\" \/>\t\t\t\t\t<\/a>\n\t\t\t\t<\/li>\n<li>\n\t\t\t\t\t<a href=\"https:\/\/www.univ-amu.fr\/\" target=\"_blank\" rel=\"noopener\"><br \/>\n\t\t\t\t\t\t<img width=\"250\" height=\"86\" src=\"https:\/\/www.lesrencontreseconomiques.fr\/wp-content\/uploads\/2024\/06\/Aix-Marseille_universite_logo-1-250x86.png\" class=\"attachment-partner-small size-partner-small\" alt=\"Aix-Marseille Universit\u00e9\" title=\"Aix-Marseille Universit\u00e9\" decoding=\"async\" loading=\"lazy\" srcset=\"https:\/\/www.lesrencontreseconomiques.fr\/wp-content\/uploads\/2024\/06\/Aix-Marseille_universite_logo-1-250x86.png 250w, https:\/\/www.lesrencontreseconomiques.fr\/wp-content\/uploads\/2024\/06\/Aix-Marseille_universite_logo-1-490x168.png 490w, https:\/\/www.lesrencontreseconomiques.fr\/wp-content\/uploads\/2024\/06\/Aix-Marseille_universite_logo-1-668x229.png 668w, https:\/\/www.lesrencontreseconomiques.fr\/wp-content\/uploads\/2024\/06\/Aix-Marseille_universite_logo-1-1536x526.png 1536w, https:\/\/www.lesrencontreseconomiques.fr\/wp-content\/uploads\/2024\/06\/Aix-Marseille_universite_logo-1-224x77.png 224w, https:\/\/www.lesrencontreseconomiques.fr\/wp-content\/uploads\/2024\/06\/Aix-Marseille_universite_logo-1.png 1600w\" sizes=\"auto, (max-width: 250px) 100vw, 250px\" \/>\t\t\t\t\t<\/a>\n\t\t\t\t<\/li>\n<li>\n\t\t\t\t\t<a href=\"https:\/\/www.lescrous.fr\/\" target=\"_blank\" rel=\"noopener\"><br \/>\n\t\t\t\t\t\t<img width=\"140\" height=\"140\" src=\"https:\/\/www.lesrencontreseconomiques.fr\/wp-content\/uploads\/2024\/06\/les-crous-logo-140x140.png\" class=\"attachment-partner-small size-partner-small\" alt=\"Les Crous\" title=\"Les Crous\" decoding=\"async\" loading=\"lazy\" srcset=\"https:\/\/www.lesrencontreseconomiques.fr\/wp-content\/uploads\/2024\/06\/les-crous-logo-140x140.png 140w, https:\/\/www.lesrencontreseconomiques.fr\/wp-content\/uploads\/2024\/06\/les-crous-logo-150x150.png 150w, https:\/\/www.lesrencontreseconomiques.fr\/wp-content\/uploads\/2024\/06\/les-crous-logo-224x225.png 224w, https:\/\/www.lesrencontreseconomiques.fr\/wp-content\/uploads\/2024\/06\/les-crous-logo-290x290.png 290w, https:\/\/www.lesrencontreseconomiques.fr\/wp-content\/uploads\/2024\/06\/les-crous-logo.png 297w\" sizes=\"auto, (max-width: 140px) 100vw, 140px\" \/>\t\t\t\t\t<\/a>\n\t\t\t\t<\/li>\n<li>\n\t\t\t\t\t<a href=\"https:\/\/www.enseignementsup-recherche.gouv.fr\/fr\" target=\"_blank\" rel=\"noopener\"><br \/>\n\t\t\t\t\t\t<img width=\"148\" height=\"140\" src=\"https:\/\/www.lesrencontreseconomiques.fr\/wp-content\/uploads\/2024\/06\/Capture-decran-2024-02-26-152936-148x140.png\" class=\"attachment-partner-small size-partner-small\" alt=\"Minist\u00e8re de l&#039;enseignement sup\u00e9rieur, de la recherche et de l&#039;innovation\" title=\"Minist\u00e8re de l&#039;enseignement sup\u00e9rieur, de la recherche et de l&#039;innovation\" decoding=\"async\" loading=\"lazy\" srcset=\"https:\/\/www.lesrencontreseconomiques.fr\/wp-content\/uploads\/2024\/06\/Capture-decran-2024-02-26-152936-148x140.png 148w, https:\/\/www.lesrencontreseconomiques.fr\/wp-content\/uploads\/2024\/06\/Capture-decran-2024-02-26-152936-224x213.png 224w, https:\/\/www.lesrencontreseconomiques.fr\/wp-content\/uploads\/2024\/06\/Capture-decran-2024-02-26-152936.png 352w\" sizes=\"auto, (max-width: 148px) 100vw, 148px\" \/>\t\t\t\t\t<\/a>\n\t\t\t\t<\/li>\n<\/ul><\/div>\n<\/p><\/div>\n<\/div>\n","protected":false},"excerpt":{"rendered":"<p>Apr\u00e8s le succ\u00e8s de la premi\u00e8re \u00e9dition du projet Jeunesse(s) en 2023, le Cercle des \u00e9conomistes a poursuivi son dialogue avec les 18-30 ans, engageant cette ann\u00e9e plus de 90 000 d\u2019entre eux dans toute la France ! Ces conversations ont pour objectif d\u2019ouvrir un espace d\u2019expression in\u00e9dit avec cette g\u00e9n\u00e9ration, souvent trop peu \u00e9cout\u00e9e, [&hellip;]<\/p>\n","protected":false},"author":1,"featured_media":0,"parent":0,"menu_order":0,"comment_status":"closed","ping_status":"closed","template":"","meta":{"_acf_changed":false,"footnotes":""},"class_list":["post-8","page","type-page","status-publish","hentry"],"acf":[],"yoast_head":"<!-- This site is optimized with the Yoast SEO plugin v24.5 - https:\/\/yoast.com\/wordpress\/plugins\/seo\/ -->\n<title>Jeunesses - Les Rencontres \u00c9conomiques<\/title>\n<meta name=\"robots\" content=\"index, follow, max-snippet:-1, max-image-preview:large, max-video-preview:-1\" \/>\n<link rel=\"canonical\" href=\"https:\/\/www.lesrencontreseconomiques.fr\/jeunesses\/\" \/>\n<meta property=\"og:locale\" content=\"fr_FR\" \/>\n<meta property=\"og:type\" content=\"article\" \/>\n<meta property=\"og:description\" content=\"Apr\u00e8s le succ\u00e8s de la premi\u00e8re \u00e9dition du projet Jeunesse(s) en 2023, le Cercle des \u00e9conomistes a poursuivi son dialogue avec les 18-30 ans, engageant cette ann\u00e9e plus de 90 000 d\u2019entre eux dans toute la France ! Ces conversations ont pour objectif d\u2019ouvrir un espace d\u2019expression in\u00e9dit avec cette g\u00e9n\u00e9ration, souvent trop peu \u00e9cout\u00e9e, [&hellip;]\" \/>\n<meta property=\"og:url\" content=\"https:\/\/www.lesrencontreseconomiques.fr\/jeunesses\/\" \/>\n<meta property=\"og:site_name\" content=\"Les Rencontres \u00c9conomiques\" \/>\n<meta property=\"article:publisher\" content=\"https:\/\/www.facebook.com\/Le.Cercle.des.Economistes\/\" \/>\n<meta property=\"article:modified_time\" content=\"2024-06-24T16:05:51+00:00\" \/>\n<meta property=\"og:image\" content=\"https:\/\/www.lesrencontreseconomiques.fr\/wp-content\/uploads\/2024\/06\/Design-sans-titre-8-224x280.png\" \/>\n<meta name=\"twitter:card\" content=\"summary_large_image\" \/>\n<meta name=\"twitter:site\" content=\"@Cercle_eco\" \/>\n<script type=\"application\/ld+json\" class=\"yoast-schema-graph\">{\"@context\":\"https:\/\/schema.org\",\"@graph\":[{\"@type\":\"WebPage\",\"@id\":\"https:\/\/www.lesrencontreseconomiques.fr\/jeunesses\/\",\"url\":\"https:\/\/www.lesrencontreseconomiques.fr\/jeunesses\/\",\"name\":\"Jeunesses - Les Rencontres \u00c9conomiques\",\"isPartOf\":{\"@id\":\"https:\/\/www.lesrencontreseconomiques.fr\/#website\"},\"primaryImageOfPage\":{\"@id\":\"https:\/\/www.lesrencontreseconomiques.fr\/jeunesses\/#primaryimage\"},\"image\":{\"@id\":\"https:\/\/www.lesrencontreseconomiques.fr\/jeunesses\/#primaryimage\"},\"thumbnailUrl\":\"https:\/\/www.lesrencontreseconomiques.fr\/wp-content\/uploads\/2024\/06\/Design-sans-titre-8-224x280.png\",\"datePublished\":\"2020-11-12T15:18:25+00:00\",\"dateModified\":\"2024-06-24T16:05:51+00:00\",\"breadcrumb\":{\"@id\":\"https:\/\/www.lesrencontreseconomiques.fr\/jeunesses\/#breadcrumb\"},\"inLanguage\":\"fr-FR\",\"potentialAction\":[{\"@type\":\"ReadAction\",\"target\":[\"https:\/\/www.lesrencontreseconomiques.fr\/jeunesses\/\"]}]},{\"@type\":\"ImageObject\",\"inLanguage\":\"fr-FR\",\"@id\":\"https:\/\/www.lesrencontreseconomiques.fr\/jeunesses\/#primaryimage\",\"url\":\"https:\/\/www.lesrencontreseconomiques.fr\/wp-content\/uploads\/2024\/06\/Design-sans-titre-8.png\",\"contentUrl\":\"https:\/\/www.lesrencontreseconomiques.fr\/wp-content\/uploads\/2024\/06\/Design-sans-titre-8.png\",\"width\":1080,\"height\":1350},{\"@type\":\"BreadcrumbList\",\"@id\":\"https:\/\/www.lesrencontreseconomiques.fr\/jeunesses\/#breadcrumb\",\"itemListElement\":[{\"@type\":\"ListItem\",\"position\":1,\"name\":\"Accueil\",\"item\":\"https:\/\/www.lesrencontreseconomiques.fr\/\"},{\"@type\":\"ListItem\",\"position\":2,\"name\":\"Jeunesses\"}]},{\"@type\":\"WebSite\",\"@id\":\"https:\/\/www.lesrencontreseconomiques.fr\/#website\",\"url\":\"https:\/\/www.lesrencontreseconomiques.fr\/\",\"name\":\"Les Rencontres \u00c9conomiques\",\"description\":\"\",\"potentialAction\":[{\"@type\":\"SearchAction\",\"target\":{\"@type\":\"EntryPoint\",\"urlTemplate\":\"https:\/\/www.lesrencontreseconomiques.fr\/?s={search_term_string}\"},\"query-input\":{\"@type\":\"PropertyValueSpecification\",\"valueRequired\":true,\"valueName\":\"search_term_string\"}}],\"inLanguage\":\"fr-FR\"}]}<\/script>\n<!-- \/ Yoast SEO plugin. -->","yoast_head_json":{"title":"Jeunesses - Les Rencontres \u00c9conomiques","robots":{"index":"index","follow":"follow","max-snippet":"max-snippet:-1","max-image-preview":"max-image-preview:large","max-video-preview":"max-video-preview:-1"},"canonical":"https:\/\/www.lesrencontreseconomiques.fr\/jeunesses\/","og_locale":"fr_FR","og_type":"article","og_description":"Apr\u00e8s le succ\u00e8s de la premi\u00e8re \u00e9dition du projet Jeunesse(s) en 2023, le Cercle des \u00e9conomistes a poursuivi son dialogue avec les 18-30 ans, engageant cette ann\u00e9e plus de 90 000 d\u2019entre eux dans toute la France ! Ces conversations ont pour objectif d\u2019ouvrir un espace d\u2019expression in\u00e9dit avec cette g\u00e9n\u00e9ration, souvent trop peu \u00e9cout\u00e9e, [&hellip;]","og_url":"https:\/\/www.lesrencontreseconomiques.fr\/jeunesses\/","og_site_name":"Les Rencontres \u00c9conomiques","article_publisher":"https:\/\/www.facebook.com\/Le.Cercle.des.Economistes\/","article_modified_time":"2024-06-24T16:05:51+00:00","og_image":[{"url":"https:\/\/www.lesrencontreseconomiques.fr\/wp-content\/uploads\/2024\/06\/Design-sans-titre-8-224x280.png","type":"","width":"","height":""}],"twitter_card":"summary_large_image","twitter_site":"@Cercle_eco","schema":{"@context":"https:\/\/schema.org","@graph":[{"@type":"WebPage","@id":"https:\/\/www.lesrencontreseconomiques.fr\/jeunesses\/","url":"https:\/\/www.lesrencontreseconomiques.fr\/jeunesses\/","name":"Jeunesses - Les Rencontres \u00c9conomiques","isPartOf":{"@id":"https:\/\/www.lesrencontreseconomiques.fr\/#website"},"primaryImageOfPage":{"@id":"https:\/\/www.lesrencontreseconomiques.fr\/jeunesses\/#primaryimage"},"image":{"@id":"https:\/\/www.lesrencontreseconomiques.fr\/jeunesses\/#primaryimage"},"thumbnailUrl":"https:\/\/www.lesrencontreseconomiques.fr\/wp-content\/uploads\/2024\/06\/Design-sans-titre-8-224x280.png","datePublished":"2020-11-12T15:18:25+00:00","dateModified":"2024-06-24T16:05:51+00:00","breadcrumb":{"@id":"https:\/\/www.lesrencontreseconomiques.fr\/jeunesses\/#breadcrumb"},"inLanguage":"fr-FR","potentialAction":[{"@type":"ReadAction","target":["https:\/\/www.lesrencontreseconomiques.fr\/jeunesses\/"]}]},{"@type":"ImageObject","inLanguage":"fr-FR","@id":"https:\/\/www.lesrencontreseconomiques.fr\/jeunesses\/#primaryimage","url":"https:\/\/www.lesrencontreseconomiques.fr\/wp-content\/uploads\/2024\/06\/Design-sans-titre-8.png","contentUrl":"https:\/\/www.lesrencontreseconomiques.fr\/wp-content\/uploads\/2024\/06\/Design-sans-titre-8.png","width":1080,"height":1350},{"@type":"BreadcrumbList","@id":"https:\/\/www.lesrencontreseconomiques.fr\/jeunesses\/#breadcrumb","itemListElement":[{"@type":"ListItem","position":1,"name":"Accueil","item":"https:\/\/www.lesrencontreseconomiques.fr\/"},{"@type":"ListItem","position":2,"name":"Jeunesses"}]},{"@type":"WebSite","@id":"https:\/\/www.lesrencontreseconomiques.fr\/#website","url":"https:\/\/www.lesrencontreseconomiques.fr\/","name":"Les Rencontres \u00c9conomiques","description":"","potentialAction":[{"@type":"SearchAction","target":{"@type":"EntryPoint","urlTemplate":"https:\/\/www.lesrencontreseconomiques.fr\/?s={search_term_string}"},"query-input":{"@type":"PropertyValueSpecification","valueRequired":true,"valueName":"search_term_string"}}],"inLanguage":"fr-FR"}]}},"_links":{"self":[{"href":"https:\/\/www.lesrencontreseconomiques.fr\/wp-json\/wp\/v2\/pages\/8","targetHints":{"allow":["GET"]}}],"collection":[{"href":"https:\/\/www.lesrencontreseconomiques.fr\/wp-json\/wp\/v2\/pages"}],"about":[{"href":"https:\/\/www.lesrencontreseconomiques.fr\/wp-json\/wp\/v2\/types\/page"}],"author":[{"embeddable":true,"href":"https:\/\/www.lesrencontreseconomiques.fr\/wp-json\/wp\/v2\/users\/1"}],"replies":[{"embeddable":true,"href":"https:\/\/www.lesrencontreseconomiques.fr\/wp-json\/wp\/v2\/comments?post=8"}],"version-history":[{"count":53,"href":"https:\/\/www.lesrencontreseconomiques.fr\/wp-json\/wp\/v2\/pages\/8\/revisions"}],"predecessor-version":[{"id":18660,"href":"https:\/\/www.lesrencontreseconomiques.fr\/wp-json\/wp\/v2\/pages\/8\/revisions\/18660"}],"wp:attachment":[{"href":"https:\/\/www.lesrencontreseconomiques.fr\/wp-json\/wp\/v2\/media?parent=8"}],"curies":[{"name":"wp","href":"https:\/\/api.w.org\/{rel}","templated":true}]}}