
{"id":4624,"date":"2022-07-10T15:02:39","date_gmt":"2022-07-10T13:02:39","guid":{"rendered":"https:\/\/www.lesrencontreseconomiques.fr\/?page_id=4624"},"modified":"2022-07-10T15:14:20","modified_gmt":"2022-07-10T13:14:20","slug":"etat-durgence-economique","status":"publish","type":"page","link":"https:\/\/www.lesrencontreseconomiques.fr\/etat-durgence-economique\/","title":{"rendered":"Etat d&rsquo;urgence \u00e9conomique"},"content":{"rendered":"<div class=\"-wrapper -846 -mt-90 -mb-90\">\n<div class=\"cp-intro -texte\">\n<div class=\"description\">\n<div class=\"cp-texte\">\n<blockquote>\n<h3>\u00ab\u00a0Nous avons tent\u00e9, avec de nombreuses insuffisances, d\u2019articuler une politique \u00e9conomique de court terme et des exigences de long terme, ce que l\u2019on pourrait appeler une strat\u00e9gie \u00e9conomique n\u00e9cessaire.\u00a0\u00bb<\/h3>\n<\/blockquote>\n<p style=\"text-align: right;\">Les membres du Cercle des \u00e9conomistes (1)<\/p>\n<p>&nbsp;<\/p>\n<p><strong>La situation que nous vivons aujourd\u2019hui est particuli\u00e8rement importante, entre craintes sociales pour les prochains mois et ambition \u00e9conomique pour les ann\u00e9es \u00e0 venir. Oui, nous sommes convaincus que nous risquons d\u2019une part de faire face tr\u00e8s prochainement \u00e0 un choc \u00e9conomique et social important auquel nous devons r\u00e9pondre par des d\u00e9cisions urgentes, et d\u2019autre part qu\u2019il nous faut relancer le d\u00e9bat avec ambition sur les grands sujets qui structurent l\u2019\u00e9volution du monde. Le d\u00e9bat doit s\u2019appuyer sur l\u2019\u00e9valuation des politiques publiques actuelles, essentielle pour parvenir \u00e0 trouver un consensus sur l\u2019\u00e9tat des lieux \u00e9conomique du pays et r\u00e9ussir \u00e0 d\u00e9finir les points d\u2019accord et de d\u00e9saccord.<\/strong><\/p>\n<p>&nbsp;<\/p>\n<p style=\"text-align: center;\"><a class=\"cp-cta-bouton -telecharger\" href=\"https:\/\/www.lesrencontreseconomiques.fr\/wp-content\/uploads\/2022\/07\/20220710_reaix2022-df.pdf\" target=\"_blank\" rel=\"noopener\">T\u00e9l\u00e9charger l&rsquo;\u00e9tat d&rsquo;urgence \u00e9conomique (PDF)<\/a>\u00a0 \u00a0 \u00a0<a class=\"cp-cta-bouton -gris\" href=\"https:\/\/www.lesrencontreseconomiques.fr\/evenements\/declaration-des-rencontres-economiques\/\">Revoir sa pr\u00e9sentation aux #REAix2022<\/a><\/p>\n<\/p><\/div>\n<\/p><\/div>\n<\/p><\/div>\n<\/p><\/div>\n<div class=\"-wrapper -846 -mt-90 -mb-90\">\n<div class=\"cp-intro -texte\">\n<div class=\"description\">\n<div class=\"cp-texte\">\n<h2>Le poids du court terme<\/h2>\n<p>Dans cette situation, l\u2019exigence d\u2019une vraie strat\u00e9gie \u00e9conomique s\u2019impose pour les cinq ans \u00e0 venir. Nous faisons pourtant face \u00e0 une absence de vision claire. La priorit\u00e9 absolue est d\u2019abord d\u2019analyser et de proposer ce qui devrait \u00eatre fait sur les deux points nodaux, les politiques mon\u00e9taires et les politiques budg\u00e9taires, qui sont plus que jamais \u00e9troitement li\u00e9es.<\/p>\n<h3>Deux options face \u00e0 l\u2019inflation<\/h3>\n<p>La mani\u00e8re de traiter l\u2019inflation est au c\u0153ur m\u00eame de la strat\u00e9gie \u00e9conomique que l\u2019on souhaite mener. Il nous para\u00eet important de rappeler que la banque centrale est ind\u00e9pendante et doit mener la politique mon\u00e9taire qu\u2019elle juge opportune. Elle a selon nous deux possibilit\u00e9s face \u00e0 l\u2019inflation : donner la priorit\u00e9 \u00e0 la lutte contre l\u2019inflation ou au maintien de la croissance. Ce choix conditionne les marges de man\u0153uvre dont dispose la politique budg\u00e9taire, ainsi que les investissements que nous pouvons r\u00e9aliser et les moyens de les financer.<\/p>\n<p>La premi\u00e8re strat\u00e9gie est une politique mon\u00e9taire restrictive, pr\u00f4n\u00e9e par les banques centrales, pour contenir l\u2019inflation, mais fait courir le risque d\u2019une r\u00e9cession. Cette politique laisse entendre que le financement des nouvelles d\u00e9penses se fera par plus d\u2019imp\u00f4ts, compte tenu de la remont\u00e9e des taux d\u2019int\u00e9r\u00eats qu\u2019entra\u00eene cette option.<\/p>\n<p>Le seconde strat\u00e9gie est une politique mon\u00e9taire accommodante, comme c\u2019est le cas depuis plusieurs ann\u00e9es, pour donner la priorit\u00e9 \u00e0 la croissance mais fait courir le risque d\u2019un emballement de l\u2019inflation. Elle laisse entendre que le financement des nouvelles d\u00e9penses se fera par de la dette.<\/p>\n<h3>La strat\u00e9gie \u00e9conomique adapt\u00e9e<\/h3>\n<p>Nous pensons que la strat\u00e9gie \u00e9conomique \u00e0 adopter doit se d\u00e9rouler en trois temps.<\/p>\n<p>Premi\u00e8rement, il faut donner la priorit\u00e9 au maintien du pouvoir d\u2019achat des plus modestes (revenu allant jusqu\u2019\u00e0 1,2 fois le Smic). Pour cela, il appara\u00eet judicieux de regrouper les aides au sein d\u2019un ch\u00e8que unique pour une dur\u00e9e de 12 mois maximum, afin d\u2019\u00e9viter le risque de cr\u00e9er une spirale inflationniste.<\/p>\n<p>Deuxi\u00e8mement, il faut r\u00e9duire les d\u00e9penses publiques par la r\u00e9organisation et la num\u00e9risation de l\u2019administration publique d\u2019une part, et par une r\u00e9forme du syst\u00e8me de retraite d\u2019autre part, qui contribuerait \u00e0 l\u2019augmentation du taux d\u2019emploi. Cette r\u00e9organisation du fonctionnement de l\u2019Etat et l\u2019augmentation du taux d\u2019activit\u00e9 redonneront de la cr\u00e9dibilit\u00e9 \u00e0 l\u2019action de l\u2019Etat pour faire des investissements.<\/p>\n<p>Troisi\u00e8mement, il faut effectuer des investissements cons\u00e9quents de long terme, que nous estimons \u00e0 100 milliards d\u2019euros. Ces investissements massifs, en particulier dans les domaines de l\u2019\u00e9ducation, de la recherche, de l\u2019innovation et de la transition \u00e9cologique, doivent contribuer \u00e0 la croissance de long terme et nous permettre de r\u00e9ussir les transformations du monde.<\/p>\n<p>La situation \u00e9conomique et sociale de court terme est tr\u00e8s d\u00e9licate. N\u2019oublions jamais que les crises acc\u00e9l\u00e8rent les ph\u00e9nom\u00e8nes de pauvret\u00e9. L\u2019urgence de la situation requiert un sursaut national. Les douze prochains mois seront d\u00e9cisifs pour limiter toute tension \u00e9conomique et sociale. Toutes les propositions que nous formulons supposent des modalit\u00e9s de financement.<\/p>\n<\/p><\/div>\n<\/p><\/div>\n<\/p><\/div>\n<\/p><\/div>\n<div class=\"cp-section-header -wrapper -846 -mt-90\">\n<h2 class=\"cp-titre-2 -section\" data-aos=\"fade-right\" data-aos-anchor-placement=\"top-bottom\" data-aos-offset=\"200\">Sept d\u00e9cisions \u00e0 prendre<\/h2>\n<\/div>\n<div class=\"-wrapper -846 -mb-90\">\n<div class=\"cp-remontee-intervenants -grille-multi -grille-row -alternate\">\n<div class=\"intervenants\" data-reaix-uid-1>\n<div class=\"contenu\" data-aos=\"fade-up\" data-aos-anchor-placement=\"top-bottom\" data-aos-offset=\"200\" data-aos-anchor=\"[data-reaix-uid-1]\">\n<div class=\"fonction\"><\/div>\n<div class=\"media\">\n<div class=\"image -walc \" style=\"padding-top:129.46429%\"><img decoding=\"async\" width=\"224\" height=\"290\" src=\"https:\/\/www.lesrencontreseconomiques.fr\/wp-content\/uploads\/2022\/07\/1-224x290.png\" class=\"attachment-small_portrait_crop size-small_portrait_crop\" alt=\"\" loading=\"lazy\" \/><\/div>\n<\/p><\/div>\n<div class=\"description\">\n\t\t\t\t\t\t<span class=\"nom\">Le pouvoir d&rsquo;achat<\/span><\/p>\n<div class=\"titre\"> <\/div>\n<\/p><\/div>\n<\/p><\/div>\n<div class=\"contenu\" data-aos=\"fade-up\" data-aos-anchor-placement=\"top-bottom\" data-aos-offset=\"200\" data-aos-delay=\"100\" data-aos-anchor=\"[data-reaix-uid-1]\">\n<div class=\"fonction\"><\/div>\n<div class=\"media\">\n<div class=\"image -walc \" style=\"padding-top:129.46429%\"><img decoding=\"async\" width=\"224\" height=\"290\" src=\"https:\/\/www.lesrencontreseconomiques.fr\/wp-content\/uploads\/2022\/07\/2-224x290.png\" class=\"attachment-small_portrait_crop size-small_portrait_crop\" alt=\"\" loading=\"lazy\" \/><\/div>\n<\/p><\/div>\n<div class=\"description\">\n\t\t\t\t\t\t<span class=\"nom\">Le logement<\/span><\/p>\n<div class=\"titre\"> <\/div>\n<\/p><\/div>\n<\/p><\/div>\n<div class=\"contenu\" data-aos=\"fade-up\" data-aos-anchor-placement=\"top-bottom\" data-aos-offset=\"200\" data-aos-delay=\"200\" data-aos-anchor=\"[data-reaix-uid-1]\">\n<div class=\"fonction\"><\/div>\n<div class=\"media\">\n<div class=\"image -walc \" style=\"padding-top:129.46429%\"><img decoding=\"async\" width=\"224\" height=\"290\" src=\"https:\/\/www.lesrencontreseconomiques.fr\/wp-content\/uploads\/2022\/07\/7-224x290.png\" class=\"attachment-small_portrait_crop size-small_portrait_crop\" alt=\"\" loading=\"lazy\" \/><\/div>\n<\/p><\/div>\n<div class=\"description\">\n\t\t\t\t\t\t<span class=\"nom\">L&#8217;emploi<\/span><\/p>\n<div class=\"titre\"> <\/div>\n<\/p><\/div>\n<\/p><\/div>\n<div class=\"contenu\" data-aos=\"fade-up\" data-aos-anchor-placement=\"top-bottom\" data-aos-offset=\"200\" data-aos-delay=\"300\" data-aos-anchor=\"[data-reaix-uid-1]\">\n<div class=\"fonction\"><\/div>\n<div class=\"media\">\n<div class=\"image -walc \" style=\"padding-top:129.46429%\"><img decoding=\"async\" width=\"224\" height=\"290\" src=\"https:\/\/www.lesrencontreseconomiques.fr\/wp-content\/uploads\/2022\/07\/4-224x290.png\" class=\"attachment-small_portrait_crop size-small_portrait_crop\" alt=\"\" loading=\"lazy\" \/><\/div>\n<\/p><\/div>\n<div class=\"description\">\n\t\t\t\t\t\t<span class=\"nom\">La comp\u00e9titivit\u00e9<\/span><\/p>\n<div class=\"titre\"> <\/div>\n<\/p><\/div>\n<\/p><\/div>\n<div class=\"contenu\" data-aos=\"fade-up\" data-aos-anchor-placement=\"top-bottom\" data-aos-offset=\"200\" data-aos-delay=\"400\" data-aos-anchor=\"[data-reaix-uid-1]\">\n<div class=\"fonction\"><\/div>\n<div class=\"media\">\n<div class=\"image -walc \" style=\"padding-top:129.46429%\"><img decoding=\"async\" width=\"224\" height=\"290\" src=\"https:\/\/www.lesrencontreseconomiques.fr\/wp-content\/uploads\/2022\/07\/3-224x290.png\" class=\"attachment-small_portrait_crop size-small_portrait_crop\" alt=\"\" loading=\"lazy\" \/><\/div>\n<\/p><\/div>\n<div class=\"description\">\n\t\t\t\t\t\t<span class=\"nom\">La production d&rsquo;\u00e9nergie<\/span><\/p>\n<div class=\"titre\"> <\/div>\n<\/p><\/div>\n<\/p><\/div>\n<div class=\"contenu\" data-aos=\"fade-up\" data-aos-anchor-placement=\"top-bottom\" data-aos-offset=\"200\" data-aos-delay=\"500\" data-aos-anchor=\"[data-reaix-uid-1]\">\n<div class=\"fonction\"><\/div>\n<div class=\"media\">\n<div class=\"image -walc \" style=\"padding-top:129.46429%\"><img decoding=\"async\" width=\"224\" height=\"290\" src=\"https:\/\/www.lesrencontreseconomiques.fr\/wp-content\/uploads\/2022\/07\/5-224x290.png\" class=\"attachment-small_portrait_crop size-small_portrait_crop\" alt=\"\" loading=\"lazy\" \/><\/div>\n<\/p><\/div>\n<div class=\"description\">\n\t\t\t\t\t\t<span class=\"nom\">Les services publics<\/span><\/p>\n<div class=\"titre\"> <\/div>\n<\/p><\/div>\n<\/p><\/div>\n<div class=\"contenu\" data-aos=\"fade-up\" data-aos-anchor-placement=\"top-bottom\" data-aos-offset=\"200\" data-aos-delay=\"600\" data-aos-anchor=\"[data-reaix-uid-1]\">\n<div class=\"fonction\"><\/div>\n<div class=\"media\">\n<div class=\"image -walc \" style=\"padding-top:129.46429%\"><img decoding=\"async\" width=\"224\" height=\"290\" src=\"https:\/\/www.lesrencontreseconomiques.fr\/wp-content\/uploads\/2022\/07\/6-224x290.png\" class=\"attachment-small_portrait_crop size-small_portrait_crop\" alt=\"\" loading=\"lazy\" \/><\/div>\n<\/p><\/div>\n<div class=\"description\">\n\t\t\t\t\t\t<span class=\"nom\">La dette<\/span><\/p>\n<div class=\"titre\"> <\/div>\n<\/p><\/div>\n<\/p><\/div>\n<\/p><\/div>\n<\/p><\/div>\n<\/div>\n<div class=\"-wrapper -846 -is-hr -mt-90 -mb-90\">\n<hr>\n<\/div>\n<div class=\"-wrapper -846 -mt-90 -mb-90\">\n<div class=\"cp-intro -texte\">\n<div class=\"description\">\n<div class=\"cp-texte\">\n<h2>R\u00e9ussir les transformations du monde<\/h2>\n<p>L\u2019urgence ne doit en aucun cas \u00eatre un frein ou entrer en contradiction avec l\u2019ambition que nous avons de r\u00e9ussir les transformations du monde qui, elles, s\u2019\u00e9talent sur une p\u00e9riode longue. Pour le long terme, l\u2019enjeu est bien le d\u00e9bat, tr\u00e8s rare pendant les derni\u00e8res campagnes \u00e9lectorales.<\/p>\n<p>Nous sommes convaincus que le d\u00e9bat doit exister, en particulier sur ces cinq grands sujets : la transition \u00e9cologique, la souverainet\u00e9 industrielle et technologique, les strat\u00e9gies de redistribution, la jeunesse et la formation, et le pacte social interg\u00e9n\u00e9rationnel.<\/p>\n<\/p><\/div>\n<\/p><\/div>\n<\/p><\/div>\n<\/p><\/div>\n<div class=\"cp-section-header -wrapper -846 -mt-90\">\n<h2 class=\"cp-titre-2 -section\" data-aos=\"fade-right\" data-aos-anchor-placement=\"top-bottom\" data-aos-offset=\"200\">Cinq grand sujets de d\u00e9bat<\/h2>\n<\/div>\n<div class=\"-wrapper -846 -mb-90\">\n<div class=\"cp-remontee-intervenants -grille-multi -grille-row -alternate\">\n<div class=\"intervenants\" data-reaix-uid-2>\n<div class=\"contenu\" data-aos=\"fade-up\" data-aos-anchor-placement=\"top-bottom\" data-aos-offset=\"200\" data-aos-anchor=\"[data-reaix-uid-2]\">\n<div class=\"fonction\"><\/div>\n<div class=\"media\">\n<div class=\"image -walc \" style=\"padding-top:129.46429%\"><img decoding=\"async\" width=\"224\" height=\"290\" src=\"https:\/\/www.lesrencontreseconomiques.fr\/wp-content\/uploads\/2022\/07\/sans-titre-1-224x290.png\" class=\"attachment-small_portrait_crop size-small_portrait_crop\" alt=\"\" loading=\"lazy\" \/><\/div>\n<\/p><\/div>\n<div class=\"description\">\n\t\t\t\t\t\t<span class=\"nom\">La transition \u00e9cologique<\/span><\/p>\n<div class=\"titre\"> <\/div>\n<\/p><\/div>\n<\/p><\/div>\n<div class=\"contenu\" data-aos=\"fade-up\" data-aos-anchor-placement=\"top-bottom\" data-aos-offset=\"200\" data-aos-delay=\"100\" data-aos-anchor=\"[data-reaix-uid-2]\">\n<div class=\"fonction\"><\/div>\n<div class=\"media\">\n<div class=\"image -walc \" style=\"padding-top:129.46429%\"><img decoding=\"async\" width=\"224\" height=\"290\" src=\"https:\/\/www.lesrencontreseconomiques.fr\/wp-content\/uploads\/2022\/07\/sans-titre-2-224x290.png\" class=\"attachment-small_portrait_crop size-small_portrait_crop\" alt=\"\" loading=\"lazy\" \/><\/div>\n<\/p><\/div>\n<div class=\"description\">\n\t\t\t\t\t\t<span class=\"nom\">La souverainet\u00e9 industrielle et technologique<\/span><\/p>\n<div class=\"titre\"> <\/div>\n<\/p><\/div>\n<\/p><\/div>\n<div class=\"contenu\" data-aos=\"fade-up\" data-aos-anchor-placement=\"top-bottom\" data-aos-offset=\"200\" data-aos-delay=\"200\" data-aos-anchor=\"[data-reaix-uid-2]\">\n<div class=\"fonction\"><\/div>\n<div class=\"media\">\n<div class=\"image -walc \" style=\"padding-top:129.46429%\"><img decoding=\"async\" width=\"224\" height=\"290\" src=\"https:\/\/www.lesrencontreseconomiques.fr\/wp-content\/uploads\/2022\/07\/sans-titre-3-224x290.png\" class=\"attachment-small_portrait_crop size-small_portrait_crop\" alt=\"\" loading=\"lazy\" \/><\/div>\n<\/p><\/div>\n<div class=\"description\">\n\t\t\t\t\t\t<span class=\"nom\">Les strat\u00e9gies de redistribution<\/span><\/p>\n<div class=\"titre\"> <\/div>\n<\/p><\/div>\n<\/p><\/div>\n<div class=\"contenu\" data-aos=\"fade-up\" data-aos-anchor-placement=\"top-bottom\" data-aos-offset=\"200\" data-aos-delay=\"300\" data-aos-anchor=\"[data-reaix-uid-2]\">\n<div class=\"fonction\"><\/div>\n<div class=\"media\">\n<div class=\"image -walc \" style=\"padding-top:129.46429%\"><img decoding=\"async\" width=\"224\" height=\"290\" src=\"https:\/\/www.lesrencontreseconomiques.fr\/wp-content\/uploads\/2022\/07\/10-224x290.png\" class=\"attachment-small_portrait_crop size-small_portrait_crop\" alt=\"\" loading=\"lazy\" \/><\/div>\n<\/p><\/div>\n<div class=\"description\">\n\t\t\t\t\t\t<span class=\"nom\">La jeunesse et la formation<\/span><\/p>\n<div class=\"titre\"> <\/div>\n<\/p><\/div>\n<\/p><\/div>\n<div class=\"contenu\" data-aos=\"fade-up\" data-aos-anchor-placement=\"top-bottom\" data-aos-offset=\"200\" data-aos-delay=\"400\" data-aos-anchor=\"[data-reaix-uid-2]\">\n<div class=\"fonction\"><\/div>\n<div class=\"media\">\n<div class=\"image -walc \" style=\"padding-top:129.46429%\"><img decoding=\"async\" width=\"224\" height=\"290\" src=\"https:\/\/www.lesrencontreseconomiques.fr\/wp-content\/uploads\/2022\/07\/11-224x290.png\" class=\"attachment-small_portrait_crop size-small_portrait_crop\" alt=\"\" loading=\"lazy\" \/><\/div>\n<\/p><\/div>\n<div class=\"description\">\n\t\t\t\t\t\t<span class=\"nom\">Le pacte interg\u00e9n\u00e9rationnel<\/span><\/p>\n<div class=\"titre\"> <\/div>\n<\/p><\/div>\n<\/p><\/div>\n<\/p><\/div>\n<\/p><\/div>\n<\/div>\n<div class=\"-wrapper -846 -is-hr -mt-90 -mb-90\">\n<hr>\n<\/div>\n<div class=\"-wrapper -846 -mt-90 -mb-90\">\n<div class=\"cp-intro -texte\">\n<div class=\"description\">\n<div class=\"cp-texte\">\n<p>1 A l\u2019exception d\u2019Agn\u00e8s B\u00e9nassy-Qu\u00e9r\u00e9, Laurence Boone, Beno\u00eet Coeur\u00e9 et Claire Waysand que leur statut institutionnel oblige \u00e0 un devoir de r\u00e9serve.<\/p>\n<\/p><\/div>\n<\/p><\/div>\n<\/p><\/div>\n<\/p><\/div>\n","protected":false},"excerpt":{"rendered":"<p>\u00ab\u00a0Nous avons tent\u00e9, avec de nombreuses insuffisances, d\u2019articuler une politique \u00e9conomique de court terme et des exigences de long terme, ce que l\u2019on pourrait appeler une strat\u00e9gie \u00e9conomique n\u00e9cessaire.\u00a0\u00bb Les membres du Cercle des \u00e9conomistes (1) &nbsp; La situation que nous vivons aujourd\u2019hui est particuli\u00e8rement importante, entre craintes sociales pour les prochains mois et ambition [&hellip;]<\/p>\n","protected":false},"author":2,"featured_media":0,"parent":0,"menu_order":0,"comment_status":"closed","ping_status":"closed","template":"","meta":[],"acf":[],"yoast_head":"<!-- This site is optimized with the Yoast SEO plugin v19.13 - https:\/\/yoast.com\/wordpress\/plugins\/seo\/ -->\n<title>Etat d&#039;urgence \u00e9conomique - Les Rencontres \u00c9conomiques<\/title>\n<meta name=\"robots\" content=\"index, follow, max-snippet:-1, max-image-preview:large, max-video-preview:-1\" \/>\n<link rel=\"canonical\" href=\"https:\/\/www.lesrencontreseconomiques.fr\/etat-durgence-economique\/\" \/>\n<meta property=\"og:locale\" content=\"fr_FR\" \/>\n<meta property=\"og:type\" content=\"article\" \/>\n<meta property=\"og:description\" content=\"\u00ab\u00a0Nous avons tent\u00e9, avec de nombreuses insuffisances, d\u2019articuler une politique \u00e9conomique de court terme et des exigences de long terme, ce que l\u2019on pourrait appeler une strat\u00e9gie \u00e9conomique n\u00e9cessaire.\u00a0\u00bb Les membres du Cercle des \u00e9conomistes (1) &nbsp; La situation que nous vivons aujourd\u2019hui est particuli\u00e8rement importante, entre craintes sociales pour les prochains mois et ambition [&hellip;]\" \/>\n<meta property=\"og:url\" content=\"https:\/\/www.lesrencontreseconomiques.fr\/etat-durgence-economique\/\" \/>\n<meta property=\"og:site_name\" content=\"Les Rencontres \u00c9conomiques\" \/>\n<meta property=\"article:publisher\" content=\"https:\/\/www.facebook.com\/Le.Cercle.des.Economistes\/\" \/>\n<meta property=\"article:modified_time\" content=\"2022-07-10T13:14:20+00:00\" \/>\n<meta property=\"og:image\" content=\"https:\/\/www.lesrencontreseconomiques.fr\/wp-content\/uploads\/2022\/06\/reaix2022-tw-card.png\" \/>\n<meta name=\"twitter:card\" content=\"summary_large_image\" \/>\n<meta name=\"twitter:image\" content=\"https:\/\/www.lesrencontreseconomiques.fr\/wp-content\/uploads\/2022\/06\/reaix2022-tw-card.png\" \/>\n<meta name=\"twitter:site\" content=\"@Cercle_eco\" \/>\n<meta name=\"twitter:label1\" content=\"Dur\u00e9e de lecture estim\u00e9e\" \/>\n\t<meta name=\"twitter:data1\" content=\"5 minutes\" \/>\n<script type=\"application\/ld+json\" class=\"yoast-schema-graph\">{\"@context\":\"https:\/\/schema.org\",\"@graph\":[{\"@type\":\"WebPage\",\"@id\":\"https:\/\/www.lesrencontreseconomiques.fr\/etat-durgence-economique\/\",\"url\":\"https:\/\/www.lesrencontreseconomiques.fr\/etat-durgence-economique\/\",\"name\":\"Etat d'urgence \u00e9conomique - Les Rencontres \u00c9conomiques\",\"isPartOf\":{\"@id\":\"https:\/\/www.lesrencontreseconomiques.fr\/#website\"},\"datePublished\":\"2022-07-10T13:02:39+00:00\",\"dateModified\":\"2022-07-10T13:14:20+00:00\",\"breadcrumb\":{\"@id\":\"https:\/\/www.lesrencontreseconomiques.fr\/etat-durgence-economique\/#breadcrumb\"},\"inLanguage\":\"fr-FR\",\"potentialAction\":[{\"@type\":\"ReadAction\",\"target\":[\"https:\/\/www.lesrencontreseconomiques.fr\/etat-durgence-economique\/\"]}]},{\"@type\":\"BreadcrumbList\",\"@id\":\"https:\/\/www.lesrencontreseconomiques.fr\/etat-durgence-economique\/#breadcrumb\",\"itemListElement\":[{\"@type\":\"ListItem\",\"position\":1,\"name\":\"Accueil\",\"item\":\"https:\/\/www.lesrencontreseconomiques.fr\/\"},{\"@type\":\"ListItem\",\"position\":2,\"name\":\"Etat d&rsquo;urgence \u00e9conomique\"}]},{\"@type\":\"WebSite\",\"@id\":\"https:\/\/www.lesrencontreseconomiques.fr\/#website\",\"url\":\"https:\/\/www.lesrencontreseconomiques.fr\/\",\"name\":\"Les Rencontres \u00c9conomiques\",\"description\":\"\",\"potentialAction\":[{\"@type\":\"SearchAction\",\"target\":{\"@type\":\"EntryPoint\",\"urlTemplate\":\"https:\/\/www.lesrencontreseconomiques.fr\/?s={search_term_string}\"},\"query-input\":\"required name=search_term_string\"}],\"inLanguage\":\"fr-FR\"}]}<\/script>\n<!-- \/ Yoast SEO plugin. -->","yoast_head_json":{"title":"Etat d'urgence \u00e9conomique - Les Rencontres \u00c9conomiques","robots":{"index":"index","follow":"follow","max-snippet":"max-snippet:-1","max-image-preview":"max-image-preview:large","max-video-preview":"max-video-preview:-1"},"canonical":"https:\/\/www.lesrencontreseconomiques.fr\/etat-durgence-economique\/","og_locale":"fr_FR","og_type":"article","og_description":"\u00ab\u00a0Nous avons tent\u00e9, avec de nombreuses insuffisances, d\u2019articuler une politique \u00e9conomique de court terme et des exigences de long terme, ce que l\u2019on pourrait appeler une strat\u00e9gie \u00e9conomique n\u00e9cessaire.\u00a0\u00bb Les membres du Cercle des \u00e9conomistes (1) &nbsp; La situation que nous vivons aujourd\u2019hui est particuli\u00e8rement importante, entre craintes sociales pour les prochains mois et ambition [&hellip;]","og_url":"https:\/\/www.lesrencontreseconomiques.fr\/etat-durgence-economique\/","og_site_name":"Les Rencontres \u00c9conomiques","article_publisher":"https:\/\/www.facebook.com\/Le.Cercle.des.Economistes\/","article_modified_time":"2022-07-10T13:14:20+00:00","og_image":[{"url":"https:\/\/www.lesrencontreseconomiques.fr\/wp-content\/uploads\/2022\/06\/reaix2022-tw-card.png"}],"twitter_card":"summary_large_image","twitter_image":"https:\/\/www.lesrencontreseconomiques.fr\/wp-content\/uploads\/2022\/06\/reaix2022-tw-card.png","twitter_site":"@Cercle_eco","twitter_misc":{"Dur\u00e9e de lecture estim\u00e9e":"5 minutes"},"schema":{"@context":"https:\/\/schema.org","@graph":[{"@type":"WebPage","@id":"https:\/\/www.lesrencontreseconomiques.fr\/etat-durgence-economique\/","url":"https:\/\/www.lesrencontreseconomiques.fr\/etat-durgence-economique\/","name":"Etat d'urgence \u00e9conomique - Les Rencontres \u00c9conomiques","isPartOf":{"@id":"https:\/\/www.lesrencontreseconomiques.fr\/#website"},"datePublished":"2022-07-10T13:02:39+00:00","dateModified":"2022-07-10T13:14:20+00:00","breadcrumb":{"@id":"https:\/\/www.lesrencontreseconomiques.fr\/etat-durgence-economique\/#breadcrumb"},"inLanguage":"fr-FR","potentialAction":[{"@type":"ReadAction","target":["https:\/\/www.lesrencontreseconomiques.fr\/etat-durgence-economique\/"]}]},{"@type":"BreadcrumbList","@id":"https:\/\/www.lesrencontreseconomiques.fr\/etat-durgence-economique\/#breadcrumb","itemListElement":[{"@type":"ListItem","position":1,"name":"Accueil","item":"https:\/\/www.lesrencontreseconomiques.fr\/"},{"@type":"ListItem","position":2,"name":"Etat d&rsquo;urgence \u00e9conomique"}]},{"@type":"WebSite","@id":"https:\/\/www.lesrencontreseconomiques.fr\/#website","url":"https:\/\/www.lesrencontreseconomiques.fr\/","name":"Les Rencontres \u00c9conomiques","description":"","potentialAction":[{"@type":"SearchAction","target":{"@type":"EntryPoint","urlTemplate":"https:\/\/www.lesrencontreseconomiques.fr\/?s={search_term_string}"},"query-input":"required name=search_term_string"}],"inLanguage":"fr-FR"}]}},"_links":{"self":[{"href":"https:\/\/www.lesrencontreseconomiques.fr\/wp-json\/wp\/v2\/pages\/4624"}],"collection":[{"href":"https:\/\/www.lesrencontreseconomiques.fr\/wp-json\/wp\/v2\/pages"}],"about":[{"href":"https:\/\/www.lesrencontreseconomiques.fr\/wp-json\/wp\/v2\/types\/page"}],"author":[{"embeddable":true,"href":"https:\/\/www.lesrencontreseconomiques.fr\/wp-json\/wp\/v2\/users\/2"}],"replies":[{"embeddable":true,"href":"https:\/\/www.lesrencontreseconomiques.fr\/wp-json\/wp\/v2\/comments?post=4624"}],"version-history":[{"count":0,"href":"https:\/\/www.lesrencontreseconomiques.fr\/wp-json\/wp\/v2\/pages\/4624\/revisions"}],"wp:attachment":[{"href":"https:\/\/www.lesrencontreseconomiques.fr\/wp-json\/wp\/v2\/media?parent=4624"}],"curies":[{"name":"wp","href":"https:\/\/api.w.org\/{rel}","templated":true}]}}