{"id":327,"date":"2021-04-21T16:39:15","date_gmt":"2021-04-21T14:39:15","guid":{"rendered":"https:\/\/www.lesrencontreseconomiques.fr\/?page_id=327"},"modified":"2021-04-21T16:39:15","modified_gmt":"2021-04-21T14:39:15","slug":"saisir-lavenir-ensemble","status":"publish","type":"page","link":"https:\/\/www.lesrencontreseconomiques.fr\/saisir-lavenir-ensemble\/","title":{"rendered":"Saisir l&rsquo;avenir, ensemble"},"content":{"rendered":"<div class=\"-wrapper -668 -mt-90 -mb-90\">\n<div class=\"cp-intro -texte\">\n<div class=\"description\">\n<div class=\"cp-texte\">\n<p>Depuis pr\u00e8s d\u2019un an, nos soci\u00e9t\u00e9s sont confront\u00e9es \u00e0 une situation sans pr\u00e9c\u00e9dent. La menace d\u2019une pand\u00e9mie mondiale qui \u00e9tait per\u00e7ue par beaucoup comme tr\u00e8s hypoth\u00e9tique est devenue une terrible r\u00e9alit\u00e9. Toutes les \u00e9conomies ont subi un choc sans pr\u00e9c\u00e9dent\u00a0: arr\u00eat brutal des \u00e9changes, chute des PIB, creusement des dettes publiques, destructions d\u2019emplois\u2026 Cette crise sanitaire puis \u00e9conomique s\u2019est rapidement mu\u00e9e en une crise sociale et politique. Entre r\u00e9silience et adaptation, il a fallu rapidement faire face et identifier des priorit\u00e9s. Les \u00c9tats ont assum\u00e9 l\u2019exercice d\u2019un pouvoir interventionniste in\u00e9dit pour pr\u00e9server la sant\u00e9, les emplois et les perspectives \u00e9conomiques de leur nation. Mais les \u00c9tats centraux ne peuvent pas tout, et de nouvelles vagues de la COVID risquent de m\u00e9langer les mesures d\u2019urgences avec les diff\u00e9rents plans de relance.<\/p>\n<p>Faire coop\u00e9rer tous les acteurs \u00e9conomiques pour pouvoir, dans le m\u00eame temps, pr\u00e9server les populations des cons\u00e9quences les plus graves et b\u00e2tir une soci\u00e9t\u00e9 plus r\u00e9siliente s\u2019annonce particuli\u00e8rement difficile. Dans les r\u00e9flexions sur le \u00ab\u00a0monde d\u2019apr\u00e8s\u00a0\u00bb, beaucoup expriment en effet l\u2019envie d\u2019un changement profond de nos mani\u00e8res de vivre, d\u2019\u00e9changer, de consommer, de travailler, de partager. Mais si nos conceptions du monde et de nos environnements sont bouscul\u00e9es, il ne s\u2019agit pas forc\u00e9ment de tout rejeter, y compris ce qui fonctionne. Esp\u00e9rer un \u00e9ventuel \u00ab\u00a0retour \u00e0 la normale\u00a0\u00bb, serait tout aussi illusoire. L\u2019occasion est l\u00e0 d\u2019imaginer collectivement les moyens de se sortir de la crise et la reconstruction d\u2019une soci\u00e9t\u00e9 capable de r\u00e9sister aux troubles.<\/p>\n<p>Dans ce contexte de crise aux multiples rebonds, le Cercle a lanc\u00e9 le d\u00e9bat autour de quatre th\u00e8mes\u00a0: la jeunesse et l\u2019\u00e9quilibre entre g\u00e9n\u00e9rations, la r\u00e9industrialisation et ses enjeux pour nos territoires, la technologie qu\u2019il faut se r\u00e9approprier au niveau fran\u00e7ais et europ\u00e9en, les ressources financi\u00e8res publiques et surtout priv\u00e9es qu\u2019il faut mobiliser pour r\u00e9investir. Ces d\u00e9bats, autour de quatre journ\u00e9es th\u00e9matiques, mais aussi les web-s\u00e9minaires sur l\u2019\u00e9tat de la France et les points de conjoncture, auront nourri nos r\u00e9flexions pour nous conduire aux Rencontres d\u2019Aix en juillet.<\/p>\n<p>Les Rencontres \u00c9conomiques d\u2019Aix-en-Provence 2021 sauront inventer la mani\u00e8re dont nos soci\u00e9t\u00e9s et nos \u00e9conomies, et en premier lieu la France et l\u2019Europe, doivent se rassembler et se coordonner pour prot\u00e9ger l\u2019essentiel, et rebondir. Elles se donneront aussi pour objectif d\u2019innover, de proposer des mesures combinant r\u00e9ponse aux urgences et vision de long terme, de s\u2019inscrire dans les grandes dynamiques de l\u2019avenir. Ces derni\u00e8res reposent tout \u00e0 la fois sur un environnement mieux respect\u00e9, une mondialisation repens\u00e9e, un rapport aux territoires retravaill\u00e9, une meilleure adaptation aux technologies num\u00e9riques mais surtout sur une vision partag\u00e9e de la soci\u00e9t\u00e9 dans laquelle nous voulons vivre ensemble. C\u2019est avec ces objectifs que les Rencontres \u00c9conomiques d\u2019Aix-en-Provence 2021 se tiendront autour du th\u00e8me :<\/p>\n<h3>\u00ab\u00a0Saisir l\u2019avenir, ensemble\u00a0\u00bb<\/h3>\n<\/p><\/div>\n<\/p><\/div>\n<\/p><\/div>\n<\/p><\/div>\n","protected":false},"excerpt":{"rendered":"<p>Depuis pr\u00e8s d\u2019un an, nos soci\u00e9t\u00e9s sont confront\u00e9es \u00e0 une situation sans pr\u00e9c\u00e9dent. La menace d\u2019une pand\u00e9mie mondiale qui \u00e9tait per\u00e7ue par beaucoup comme tr\u00e8s hypoth\u00e9tique est devenue une terrible r\u00e9alit\u00e9. Toutes les \u00e9conomies ont subi un choc sans pr\u00e9c\u00e9dent\u00a0: arr\u00eat brutal des \u00e9changes, chute des PIB, creusement des dettes publiques, destructions d\u2019emplois\u2026 Cette crise [&hellip;]<\/p>\n","protected":false},"author":2,"featured_media":0,"parent":0,"menu_order":0,"comment_status":"closed","ping_status":"closed","template":"","meta":[],"yoast_head":"<!-- This site is optimized with the Yoast SEO plugin v17.2 - https:\/\/yoast.com\/wordpress\/plugins\/seo\/ -->\n<meta name=\"robots\" content=\"index, follow, max-snippet:-1, max-image-preview:large, max-video-preview:-1\" \/>\n<link rel=\"canonical\" href=\"https:\/\/www.lesrencontreseconomiques.fr\/saisir-lavenir-ensemble\/\" \/>\n<meta property=\"og:locale\" content=\"fr_FR\" \/>\n<meta property=\"og:type\" content=\"article\" \/>\n<meta property=\"og:title\" content=\"Saisir l&#039;avenir, ensemble - Les Rencontres \u00c9conomiques\" \/>\n<meta property=\"og:description\" content=\"Depuis pr\u00e8s d\u2019un an, nos soci\u00e9t\u00e9s sont confront\u00e9es \u00e0 une situation sans pr\u00e9c\u00e9dent. La menace d\u2019une pand\u00e9mie mondiale qui \u00e9tait per\u00e7ue par beaucoup comme tr\u00e8s hypoth\u00e9tique est devenue une terrible r\u00e9alit\u00e9. Toutes les \u00e9conomies ont subi un choc sans pr\u00e9c\u00e9dent\u00a0: arr\u00eat brutal des \u00e9changes, chute des PIB, creusement des dettes publiques, destructions d\u2019emplois\u2026 Cette crise [&hellip;]\" \/>\n<meta property=\"og:url\" content=\"https:\/\/www.lesrencontreseconomiques.fr\/saisir-lavenir-ensemble\/\" \/>\n<meta property=\"og:site_name\" content=\"Les Rencontres \u00c9conomiques\" \/>\n<meta property=\"article:publisher\" content=\"https:\/\/www.facebook.com\/Le.Cercle.des.Economistes\/\" \/>\n<meta property=\"og:image\" content=\"https:\/\/www.lesrencontreseconomiques.fr\/wp-content\/uploads\/2021\/06\/olivier-lenel.png\" \/>\n\t<meta property=\"og:image:width\" content=\"615\" \/>\n\t<meta property=\"og:image:height\" content=\"800\" \/>\n<meta name=\"twitter:card\" content=\"summary_large_image\" \/>\n<meta name=\"twitter:image\" content=\"https:\/\/www.lesrencontreseconomiques.fr\/wp-content\/uploads\/2021\/06\/olivier-lenel.png\" \/>\n<meta name=\"twitter:site\" content=\"@Cercle_eco\" \/>\n<meta name=\"twitter:label1\" content=\"Dur\u00e9e de lecture est.\" \/>\n\t<meta name=\"twitter:data1\" content=\"3 minutes\" \/>\n<script type=\"application\/ld+json\" class=\"yoast-schema-graph\">{\"@context\":\"https:\/\/schema.org\",\"@graph\":[{\"@type\":\"WebSite\",\"@id\":\"https:\/\/www.lesrencontreseconomiques.fr\/#website\",\"url\":\"https:\/\/www.lesrencontreseconomiques.fr\/\",\"name\":\"Les Rencontres \\u00c9conomiques\",\"description\":\"\",\"potentialAction\":[{\"@type\":\"SearchAction\",\"target\":{\"@type\":\"EntryPoint\",\"urlTemplate\":\"https:\/\/www.lesrencontreseconomiques.fr\/?s={search_term_string}\"},\"query-input\":\"required name=search_term_string\"}],\"inLanguage\":\"fr-FR\"},{\"@type\":\"WebPage\",\"@id\":\"https:\/\/www.lesrencontreseconomiques.fr\/saisir-lavenir-ensemble\/#webpage\",\"url\":\"https:\/\/www.lesrencontreseconomiques.fr\/saisir-lavenir-ensemble\/\",\"name\":\"Saisir l'avenir, ensemble - Les Rencontres \\u00c9conomiques\",\"isPartOf\":{\"@id\":\"https:\/\/www.lesrencontreseconomiques.fr\/#website\"},\"datePublished\":\"2021-04-21T14:39:15+00:00\",\"dateModified\":\"2021-04-21T14:39:15+00:00\",\"breadcrumb\":{\"@id\":\"https:\/\/www.lesrencontreseconomiques.fr\/saisir-lavenir-ensemble\/#breadcrumb\"},\"inLanguage\":\"fr-FR\",\"potentialAction\":[{\"@type\":\"ReadAction\",\"target\":[\"https:\/\/www.lesrencontreseconomiques.fr\/saisir-lavenir-ensemble\/\"]}]},{\"@type\":\"BreadcrumbList\",\"@id\":\"https:\/\/www.lesrencontreseconomiques.fr\/saisir-lavenir-ensemble\/#breadcrumb\",\"itemListElement\":[{\"@type\":\"ListItem\",\"position\":1,\"name\":\"Accueil\",\"item\":\"https:\/\/www.lesrencontreseconomiques.fr\/\"},{\"@type\":\"ListItem\",\"position\":2,\"name\":\"Saisir l&rsquo;avenir, ensemble\"}]}]}<\/script>\n<!-- \/ Yoast SEO plugin. -->","yoast_head_json":{"robots":{"index":"index","follow":"follow","max-snippet":"max-snippet:-1","max-image-preview":"max-image-preview:large","max-video-preview":"max-video-preview:-1"},"canonical":"https:\/\/www.lesrencontreseconomiques.fr\/saisir-lavenir-ensemble\/","og_locale":"fr_FR","og_type":"article","og_title":"Saisir l'avenir, ensemble - Les Rencontres \u00c9conomiques","og_description":"Depuis pr\u00e8s d\u2019un an, nos soci\u00e9t\u00e9s sont confront\u00e9es \u00e0 une situation sans pr\u00e9c\u00e9dent. La menace d\u2019une pand\u00e9mie mondiale qui \u00e9tait per\u00e7ue par beaucoup comme tr\u00e8s hypoth\u00e9tique est devenue une terrible r\u00e9alit\u00e9. Toutes les \u00e9conomies ont subi un choc sans pr\u00e9c\u00e9dent\u00a0: arr\u00eat brutal des \u00e9changes, chute des PIB, creusement des dettes publiques, destructions d\u2019emplois\u2026 Cette crise [&hellip;]","og_url":"https:\/\/www.lesrencontreseconomiques.fr\/saisir-lavenir-ensemble\/","og_site_name":"Les Rencontres \u00c9conomiques","article_publisher":"https:\/\/www.facebook.com\/Le.Cercle.des.Economistes\/","og_image":[{"width":615,"height":800,"url":"https:\/\/www.lesrencontreseconomiques.fr\/wp-content\/uploads\/2021\/06\/olivier-lenel.png","path":"\/var\/www\/websites\/www.lesrencontreseconomiques.fr\/wordpress\/wp-content\/uploads\/2021\/06\/olivier-lenel.png","size":"full","id":2071,"alt":"","pixels":492000,"type":"image\/png"}],"twitter_card":"summary_large_image","twitter_image":"https:\/\/www.lesrencontreseconomiques.fr\/wp-content\/uploads\/2021\/06\/olivier-lenel.png","twitter_site":"@Cercle_eco","twitter_misc":{"Dur\u00e9e de lecture est.":"3 minutes"},"schema":{"@context":"https:\/\/schema.org","@graph":[{"@type":"WebSite","@id":"https:\/\/www.lesrencontreseconomiques.fr\/#website","url":"https:\/\/www.lesrencontreseconomiques.fr\/","name":"Les Rencontres \u00c9conomiques","description":"","potentialAction":[{"@type":"SearchAction","target":{"@type":"EntryPoint","urlTemplate":"https:\/\/www.lesrencontreseconomiques.fr\/?s={search_term_string}"},"query-input":"required name=search_term_string"}],"inLanguage":"fr-FR"},{"@type":"WebPage","@id":"https:\/\/www.lesrencontreseconomiques.fr\/saisir-lavenir-ensemble\/#webpage","url":"https:\/\/www.lesrencontreseconomiques.fr\/saisir-lavenir-ensemble\/","name":"Saisir l'avenir, ensemble - Les Rencontres \u00c9conomiques","isPartOf":{"@id":"https:\/\/www.lesrencontreseconomiques.fr\/#website"},"datePublished":"2021-04-21T14:39:15+00:00","dateModified":"2021-04-21T14:39:15+00:00","breadcrumb":{"@id":"https:\/\/www.lesrencontreseconomiques.fr\/saisir-lavenir-ensemble\/#breadcrumb"},"inLanguage":"fr-FR","potentialAction":[{"@type":"ReadAction","target":["https:\/\/www.lesrencontreseconomiques.fr\/saisir-lavenir-ensemble\/"]}]},{"@type":"BreadcrumbList","@id":"https:\/\/www.lesrencontreseconomiques.fr\/saisir-lavenir-ensemble\/#breadcrumb","itemListElement":[{"@type":"ListItem","position":1,"name":"Accueil","item":"https:\/\/www.lesrencontreseconomiques.fr\/"},{"@type":"ListItem","position":2,"name":"Saisir l&rsquo;avenir, ensemble"}]}]}},"_links":{"self":[{"href":"https:\/\/www.lesrencontreseconomiques.fr\/wp-json\/wp\/v2\/pages\/327"}],"collection":[{"href":"https:\/\/www.lesrencontreseconomiques.fr\/wp-json\/wp\/v2\/pages"}],"about":[{"href":"https:\/\/www.lesrencontreseconomiques.fr\/wp-json\/wp\/v2\/types\/page"}],"author":[{"embeddable":true,"href":"https:\/\/www.lesrencontreseconomiques.fr\/wp-json\/wp\/v2\/users\/2"}],"replies":[{"embeddable":true,"href":"https:\/\/www.lesrencontreseconomiques.fr\/wp-json\/wp\/v2\/comments?post=327"}],"version-history":[{"count":0,"href":"https:\/\/www.lesrencontreseconomiques.fr\/wp-json\/wp\/v2\/pages\/327\/revisions"}],"wp:attachment":[{"href":"https:\/\/www.lesrencontreseconomiques.fr\/wp-json\/wp\/v2\/media?parent=327"}],"curies":[{"name":"wp","href":"https:\/\/api.w.org\/{rel}","templated":true}]}}