{"id":2395,"date":"2021-06-23T12:41:27","date_gmt":"2021-06-23T10:41:27","guid":{"rendered":"https:\/\/www.lesrencontreseconomiques.fr\/?page_id=2395"},"modified":"2021-06-23T12:41:28","modified_gmt":"2021-06-23T10:41:28","slug":"saisir-lavenir-ensemble-2","status":"publish","type":"page","link":"https:\/\/www.lesrencontreseconomiques.fr\/saisir-lavenir-ensemble-2\/","title":{"rendered":"Saisir l\u2019avenir, ensemble"},"content":{"rendered":"<div class=\"-wrapper -668 -mt-90 -mb-90\">\n<div class=\"cp-intro -texte\">\n<div class=\"description\">\n<div class=\"cp-texte\">\n<h3>Par <strong>Louise Mushikiwabo, Secr\u00e9taire g\u00e9n\u00e9rale de la Francophonie<\/strong><\/h3>\n<p><a class=\"cp-cta-bouton\" href=\"https:\/\/www.lesrencontreseconomiques.fr\/intervenants\/louise-mushikiwabo\/\">Lire sa biographie<\/a><\/p>\n<\/p><\/div>\n<\/p><\/div>\n<\/p><\/div>\n<\/p><\/div>\n<div class=\"-wrapper -668 -mt-90 -mb-90\">\n<div class=\"cp-intro -texte\">\n<div class=\"description\">\n<div class=\"cp-texte\">\n<p>S\u2019il y a une le\u00e7on \u00e0 tirer de l\u2019actuelle crise, c\u2019est celle de l\u2019interd\u00e9pendance \u00e0 l\u2019\u00e9chelle mondiale. Le virus a frapp\u00e9 partout sans faire de distinction. Aucune communaut\u00e9 n&rsquo;a \u00e9t\u00e9 \u00e9pargn\u00e9e\u00a0; aucun pays non plus n\u2019a pu lutter seul. La p\u00e9nurie de masques en Europe a symbolis\u00e9 la d\u00e9pendance \u00e9conomique de l\u2019Asie. Pour r\u00e9pondre \u00e0 cette demande, une restructuration des fili\u00e8res de production s\u2019est impos\u00e9e. La mise au point des premiers vaccins dans quelques laboratoires a tenu en haleine les dirigeants de nos \u00c9tats, petits et grands. Et la recherche dans le domaine de la sant\u00e9 a connu des progr\u00e8s spectaculaires en un temps record.<\/p>\n<p>Face \u00e0 cette situation, certains ont r\u00e9pondu par des r\u00e9flexes nationalistes et protectionnistes, allant jusqu\u2019\u00e0 \u00e9branler des principes qui \u00e9taient au fondement m\u00eame d\u2019organisations bas\u00e9es sur l\u2019int\u00e9gration. \u00c0 la libre circulation de personnes, de produits et de services, se sont un temps substitu\u00e9s la fermeture des fronti\u00e8res et la recherche de l\u2019autosuffisance, mesures qui se comprennent en temps de haute contagion.<\/p>\n<p>Mais l\u2019inad\u00e9quation des r\u00e9ponses \u00e0 cette crise in\u00e9dite a vite \u00e9t\u00e9 une \u00e9vidence\u00a0: le repli sur soi, l\u2019aggravation rapide des in\u00e9galit\u00e9s, loin de pr\u00e9parer l\u2019avenir, nous ont mis face aux limites du \u00ab\u00a0monde d\u2019avant\u00a0\u00bb, un monde o\u00f9 les \u00ab\u00a0Nations unies\u00a0\u00bb \u00e9taient bien divis\u00e9es. Ce monde o\u00f9 un syst\u00e8me multilat\u00e9ral affaibli, qui servait de plus en plus les int\u00e9r\u00eats de quelques-unes de ces Nations et marginalisait les autres, ou tout simplement, ignorait leurs besoins vitaux, n\u2019avait pas permis de relever ensemble les d\u00e9fis communs li\u00e9s \u00e0 la pand\u00e9mie. Je ne reviendrai pas sur les atermoiements de l\u2019Organisation mondiale de la sant\u00e9 (OMS). La gouvernance \u00e9conomique internationale orchestr\u00e9e par l\u2019Organisation mondiale du commerce (OMC) a \u00e9t\u00e9 \u00e9galement remise en question. Et que dire de l\u2019ordre politique mondial, alors que, malgr\u00e9 les appels au cessez-le-feu, les affrontements dans certaines r\u00e9gions du monde n\u2019ont pas cess\u00e9 et certains conflits ont m\u00eame \u00e9t\u00e9 exacerb\u00e9s\u00a0?<\/p>\n<p>La crise a apport\u00e9 la preuve que l\u2019\u00e9quilibre mondial d\u00e9pend de la gestion efficace d\u2019une s\u00e9rie de situations sanitaires, \u00e9conomiques et politiques qui sont \u00e9troitement interconnect\u00e9es. Cette interd\u00e9pendance est salutaire. Elle doit stimuler nos m\u00e9canismes de coop\u00e9ration, appliqu\u00e9s en premier lieu \u00e0 l\u2019acc\u00e8s \u00e9quitable \u00e0 la vaccination. Car seule l\u2019immunit\u00e9 collective permettra de venir \u00e0 bout de la pand\u00e9mie, de relancer l\u2019\u00e9conomie mondiale, d\u2019\u00e9loigner le danger d\u2019une fracture irr\u00e9parable entre le Nord et le Sud et donc, de b\u00e2tir \u00ab le monde d\u2019apr\u00e8s \u00bb sur des fondations solides qui nous permettront de \u00ab\u00a0saisir l\u2019avenir ensemble\u00a0\u00bb.<\/p>\n<p>Car aussi longtemps qu\u2019un nombre important d\u2019\u00c9tats ne se sentiront pas parties prenantes, le syst\u00e8me multilat\u00e9ral restera fragile. Et je ne parle pas seulement des pays les moins avanc\u00e9s, mais aussi de certains pays \u00e9mergents, ou encore des pays de petite ou moyenne dimension\u2026<\/p>\n<p>&nbsp;<\/p>\n<p>Les pays africains, quant \u00e0 eux, devraient encourager beaucoup plus des dynamiques r\u00e9gionales, souvent plus aptes \u00e0 r\u00e9soudre des probl\u00e8mes de terrain, en particulier en Afrique o\u00f9 les organisations d\u2019int\u00e9gration r\u00e9gionale commencent \u00e0 faire leurs preuves. Ces blocs, \u00e0 leur tour, devraient \u00e0 la longue prot\u00e9ger leurs membres contre des chocs r\u00e9gionaux ou globaux et contribuer au d\u00e9veloppement durable de leurs \u00e9conomies. Ces organisations devraient \u00e9galement pouvoir jouer un plus grand r\u00f4le dans la pr\u00e9vention et le r\u00e8glement des crises, en travaillant intelligemment avec leurs partenaires internationaux.<\/p>\n<p>&nbsp;<\/p>\n<p>Et \u00e0 cet \u00e9gard, je suis intimement convaincue que l&rsquo;ordre multipolaire ne progressera que dans le cadre d\u2019une nouvelle approche, plus solidaire, en particulier du Fonds mon\u00e9taire international (FMI) qui devrait permette un all\u00e8gement de la dette des pays les moins avanc\u00e9s. Ce multilat\u00e9ralisme plus inclusif passe \u00e9videmment par une r\u00e9forme du Conseil de s\u00e9curit\u00e9, qui doit \u00eatre \u00e9largi aux grandes puissances r\u00e9gionales, et par l&rsquo;encadrement du v\u00e9to des membres permanents.<\/p>\n<p>&nbsp;<\/p>\n<p>Je suis \u00e9galement persuad\u00e9e que le nouvel ordre mondial ne verra le jour que si l&rsquo;Europe et l&rsquo;Afrique dont les destins sont intimement li\u00e9s, parviennent \u00e0 \u00e9tablir entre eux un partenariat solide. Ensemble, l\u2019Europe et l\u2019Afrique pourront contribuer \u00e0 am\u00e9liorer le bien-\u00eatre de leurs citoyens, \u00e0 offrir aux jeunes des opportunit\u00e9s et un encadrement, \u00e0 d\u00e9finir des r\u00e8gles multilat\u00e9rales dans diff\u00e9rents domaines (droits humains, commerce et investissement, num\u00e9rique, protection de l\u2019environnement\u2026) et \u00e0 les d\u00e9fendre dans les enceintes internationales.<\/p>\n<p>&nbsp;<\/p>\n<p>Enfin, pour \u00eatre efficace, le multilat\u00e9ralisme r\u00e9nov\u00e9 doit prendre en compte tous les acteurs\u00a0: associer la soci\u00e9t\u00e9 civile \u00e0 la r\u00e9flexion, \u00e0 la d\u00e9cision et \u00e0 l&rsquo;action\u00a0; veiller \u00e0 ce que les bonnes id\u00e9es et l&rsquo;\u00e9nergie de la jeunesse soient pleinement int\u00e9gr\u00e9es\u00a0; et, bien s\u00fbr, inclure pleinement les femmes, sans l\u2019apport desquelles aucune organisation ne peut se pr\u00e9tendre l\u00e9gitime.<\/p>\n<p>&nbsp;<\/p>\n<p>Il est ind\u00e9niable que des organisations d\u2019origine g\u00e9olinguistique comme celle que je dirige, l\u2019Organisation internationale de la Francophonie (OIF), ont toute leur place dans ce nouveau multilat\u00e9ralisme.<\/p>\n<p>&nbsp;<\/p>\n<p>La Francophonie, dont l&rsquo;ambition est de faire dialoguer 88 \u00c9tats et gouvernements, riches d&rsquo;histoires et de cultures diff\u00e9rentes, est elle-m\u00eame une exp\u00e9rience innovante de multilat\u00e9ralisme inclusif. Voulue \u00e0 l\u2019origine par des dirigeants africains, elle r\u00e9unit des \u00c9tats et gouvernements, aux r\u00e9alit\u00e9s \u00e9conomiques, sociales et politiques tr\u00e8s diverses. Elle cr\u00e9e des passerelles \u00e9conomiques et strat\u00e9giques \u00e0 diff\u00e9rents niveaux : qu\u2019il s\u2019agisse des traditionnelles coop\u00e9rations Nord-Sud ou d\u2019alliances plus in\u00e9dites, Sud-Sud ou tripartites, dans lesquelles l\u2019OIF joue un r\u00f4le de catalyseur, comme c\u2019est le cas pour les \u00ab missions \u00e9conomiques et commerciales \u00bb qui vont d\u00e9buter cette ann\u00e9e en Asie. Elle d\u00e9passe les clivages r\u00e9gionaux traditionnels et contribue \u00e0 l\u2019\u00e9laboration de compromis ou de consensus dans les enceintes internationales.<\/p>\n<p>&nbsp;<\/p>\n<p>Gr\u00e2ce au processus de transformation profonde que j\u2019ai engag\u00e9 depuis deux ans et dont je pr\u00e9senterai les premiers r\u00e9sultats aux chefs d\u2019\u00c9tat et de gouvernement r\u00e9unis en Sommet \u00e0 Djerba en novembre, l\u2019OIF est en passe de devenir un exemple de multilat\u00e9ralisme plus inclusif, plus solidaire et plus r\u00e9actif face aux d\u00e9fis \u00e9mergents.<\/p>\n<p>&nbsp;<\/p>\n<p>Notre organisation a mis au c\u0153ur de ses pr\u00e9occupations, non pas la supr\u00e9matie de la langue fran\u00e7aise, mais la pluralit\u00e9 des langues et la diversit\u00e9 des cultures, cl\u00e9s de l\u2019inclusion. Elle est naturellement mobilis\u00e9e sur l&rsquo;enjeu de l&rsquo;\u00e9galit\u00e9 entre les femmes et les hommes, en particulier pour faire progresser l&rsquo;\u00e9ducation des filles et l&rsquo;\u00e9mancipation \u00e9conomique des femmes. Cette mobilisation a \u00e9t\u00e9 \u00e0 la base de la cr\u00e9ation du Fonds \u00ab\u00a0La Francophonie avec elles\u00a0\u00bb qui vient en aide \u00e0 celles que l\u2019actuelle crise a rendues plus vuln\u00e9rables.<\/p>\n<p>&nbsp;<\/p>\n<p>La crise du coronavirus a acc\u00e9l\u00e9r\u00e9 la transformation interne de notre Organisation, comme de tant d\u2019autres. \u00c0 l\u2019\u00e9chelle mondiale, nous devons en tirer des le\u00e7ons pour g\u00e9rer l\u2019interd\u00e9pendance humaine. Je suis s\u00fbre que ces enseignements pourront s\u2019appliquer aux grands domaines o\u00f9 cette interd\u00e9pendance est \u00e9vidente, qu\u2019il s\u2019agisse du changement climatique, des flux migratoires, du progr\u00e8s li\u00e9 au num\u00e9rique, ou encore du terrorisme.<\/p>\n<p>&nbsp;<\/p>\n<p>&nbsp;<\/p>\n<p>&nbsp;<\/p>\n<\/p><\/div>\n<\/p><\/div>\n<\/p><\/div>\n<\/p><\/div>\n","protected":false},"excerpt":{"rendered":"<p>Par Louise Mushikiwabo, Secr\u00e9taire g\u00e9n\u00e9rale de la Francophonie Lire sa biographie S\u2019il y a une le\u00e7on \u00e0 tirer de l\u2019actuelle crise, c\u2019est celle de l\u2019interd\u00e9pendance \u00e0 l\u2019\u00e9chelle mondiale. Le virus a frapp\u00e9 partout sans faire de distinction. Aucune communaut\u00e9 n&rsquo;a \u00e9t\u00e9 \u00e9pargn\u00e9e\u00a0; aucun pays non plus n\u2019a pu lutter seul. La p\u00e9nurie de masques en [&hellip;]<\/p>\n","protected":false},"author":2,"featured_media":0,"parent":0,"menu_order":0,"comment_status":"closed","ping_status":"closed","template":"","meta":[],"yoast_head":"<!-- This site is optimized with the Yoast SEO plugin v17.2 - https:\/\/yoast.com\/wordpress\/plugins\/seo\/ -->\n<meta name=\"robots\" content=\"index, follow, max-snippet:-1, max-image-preview:large, max-video-preview:-1\" \/>\n<link rel=\"canonical\" href=\"https:\/\/www.lesrencontreseconomiques.fr\/saisir-lavenir-ensemble-2\/\" \/>\n<meta property=\"og:locale\" content=\"fr_FR\" \/>\n<meta property=\"og:type\" content=\"article\" \/>\n<meta property=\"og:title\" content=\"Saisir l\u2019avenir, ensemble - Les Rencontres \u00c9conomiques\" \/>\n<meta property=\"og:description\" content=\"Par Louise Mushikiwabo, Secr\u00e9taire g\u00e9n\u00e9rale de la Francophonie Lire sa biographie S\u2019il y a une le\u00e7on \u00e0 tirer de l\u2019actuelle crise, c\u2019est celle de l\u2019interd\u00e9pendance \u00e0 l\u2019\u00e9chelle mondiale. Le virus a frapp\u00e9 partout sans faire de distinction. Aucune communaut\u00e9 n&rsquo;a \u00e9t\u00e9 \u00e9pargn\u00e9e\u00a0; aucun pays non plus n\u2019a pu lutter seul. La p\u00e9nurie de masques en [&hellip;]\" \/>\n<meta property=\"og:url\" content=\"https:\/\/www.lesrencontreseconomiques.fr\/saisir-lavenir-ensemble-2\/\" \/>\n<meta property=\"og:site_name\" content=\"Les Rencontres \u00c9conomiques\" \/>\n<meta property=\"article:publisher\" content=\"https:\/\/www.facebook.com\/Le.Cercle.des.Economistes\/\" \/>\n<meta property=\"article:modified_time\" content=\"2021-06-23T10:41:28+00:00\" \/>\n<meta property=\"og:image\" content=\"https:\/\/www.lesrencontreseconomiques.fr\/wp-content\/uploads\/2021\/06\/olivier-lenel.png\" \/>\n\t<meta property=\"og:image:width\" content=\"615\" \/>\n\t<meta property=\"og:image:height\" content=\"800\" \/>\n<meta name=\"twitter:card\" content=\"summary_large_image\" \/>\n<meta name=\"twitter:image\" content=\"https:\/\/www.lesrencontreseconomiques.fr\/wp-content\/uploads\/2021\/06\/olivier-lenel.png\" \/>\n<meta name=\"twitter:site\" content=\"@Cercle_eco\" \/>\n<meta name=\"twitter:label1\" content=\"Dur\u00e9e de lecture est.\" \/>\n\t<meta name=\"twitter:data1\" content=\"7 minutes\" \/>\n<script type=\"application\/ld+json\" class=\"yoast-schema-graph\">{\"@context\":\"https:\/\/schema.org\",\"@graph\":[{\"@type\":\"WebSite\",\"@id\":\"https:\/\/www.lesrencontreseconomiques.fr\/#website\",\"url\":\"https:\/\/www.lesrencontreseconomiques.fr\/\",\"name\":\"Les Rencontres \\u00c9conomiques\",\"description\":\"\",\"potentialAction\":[{\"@type\":\"SearchAction\",\"target\":{\"@type\":\"EntryPoint\",\"urlTemplate\":\"https:\/\/www.lesrencontreseconomiques.fr\/?s={search_term_string}\"},\"query-input\":\"required name=search_term_string\"}],\"inLanguage\":\"fr-FR\"},{\"@type\":\"WebPage\",\"@id\":\"https:\/\/www.lesrencontreseconomiques.fr\/saisir-lavenir-ensemble-2\/#webpage\",\"url\":\"https:\/\/www.lesrencontreseconomiques.fr\/saisir-lavenir-ensemble-2\/\",\"name\":\"Saisir l\\u2019avenir, ensemble - Les Rencontres \\u00c9conomiques\",\"isPartOf\":{\"@id\":\"https:\/\/www.lesrencontreseconomiques.fr\/#website\"},\"datePublished\":\"2021-06-23T10:41:27+00:00\",\"dateModified\":\"2021-06-23T10:41:28+00:00\",\"breadcrumb\":{\"@id\":\"https:\/\/www.lesrencontreseconomiques.fr\/saisir-lavenir-ensemble-2\/#breadcrumb\"},\"inLanguage\":\"fr-FR\",\"potentialAction\":[{\"@type\":\"ReadAction\",\"target\":[\"https:\/\/www.lesrencontreseconomiques.fr\/saisir-lavenir-ensemble-2\/\"]}]},{\"@type\":\"BreadcrumbList\",\"@id\":\"https:\/\/www.lesrencontreseconomiques.fr\/saisir-lavenir-ensemble-2\/#breadcrumb\",\"itemListElement\":[{\"@type\":\"ListItem\",\"position\":1,\"name\":\"Accueil\",\"item\":\"https:\/\/www.lesrencontreseconomiques.fr\/\"},{\"@type\":\"ListItem\",\"position\":2,\"name\":\"Saisir l\\u2019avenir, ensemble\"}]}]}<\/script>\n<!-- \/ Yoast SEO plugin. -->","yoast_head_json":{"robots":{"index":"index","follow":"follow","max-snippet":"max-snippet:-1","max-image-preview":"max-image-preview:large","max-video-preview":"max-video-preview:-1"},"canonical":"https:\/\/www.lesrencontreseconomiques.fr\/saisir-lavenir-ensemble-2\/","og_locale":"fr_FR","og_type":"article","og_title":"Saisir l\u2019avenir, ensemble - Les Rencontres \u00c9conomiques","og_description":"Par Louise Mushikiwabo, Secr\u00e9taire g\u00e9n\u00e9rale de la Francophonie Lire sa biographie S\u2019il y a une le\u00e7on \u00e0 tirer de l\u2019actuelle crise, c\u2019est celle de l\u2019interd\u00e9pendance \u00e0 l\u2019\u00e9chelle mondiale. Le virus a frapp\u00e9 partout sans faire de distinction. Aucune communaut\u00e9 n&rsquo;a \u00e9t\u00e9 \u00e9pargn\u00e9e\u00a0; aucun pays non plus n\u2019a pu lutter seul. La p\u00e9nurie de masques en [&hellip;]","og_url":"https:\/\/www.lesrencontreseconomiques.fr\/saisir-lavenir-ensemble-2\/","og_site_name":"Les Rencontres \u00c9conomiques","article_publisher":"https:\/\/www.facebook.com\/Le.Cercle.des.Economistes\/","article_modified_time":"2021-06-23T10:41:28+00:00","og_image":[{"width":615,"height":800,"url":"https:\/\/www.lesrencontreseconomiques.fr\/wp-content\/uploads\/2021\/06\/olivier-lenel.png","path":"\/var\/www\/websites\/www.lesrencontreseconomiques.fr\/wordpress\/wp-content\/uploads\/2021\/06\/olivier-lenel.png","size":"full","id":2071,"alt":"","pixels":492000,"type":"image\/png"}],"twitter_card":"summary_large_image","twitter_image":"https:\/\/www.lesrencontreseconomiques.fr\/wp-content\/uploads\/2021\/06\/olivier-lenel.png","twitter_site":"@Cercle_eco","twitter_misc":{"Dur\u00e9e de lecture est.":"7 minutes"},"schema":{"@context":"https:\/\/schema.org","@graph":[{"@type":"WebSite","@id":"https:\/\/www.lesrencontreseconomiques.fr\/#website","url":"https:\/\/www.lesrencontreseconomiques.fr\/","name":"Les Rencontres \u00c9conomiques","description":"","potentialAction":[{"@type":"SearchAction","target":{"@type":"EntryPoint","urlTemplate":"https:\/\/www.lesrencontreseconomiques.fr\/?s={search_term_string}"},"query-input":"required name=search_term_string"}],"inLanguage":"fr-FR"},{"@type":"WebPage","@id":"https:\/\/www.lesrencontreseconomiques.fr\/saisir-lavenir-ensemble-2\/#webpage","url":"https:\/\/www.lesrencontreseconomiques.fr\/saisir-lavenir-ensemble-2\/","name":"Saisir l\u2019avenir, ensemble - Les Rencontres \u00c9conomiques","isPartOf":{"@id":"https:\/\/www.lesrencontreseconomiques.fr\/#website"},"datePublished":"2021-06-23T10:41:27+00:00","dateModified":"2021-06-23T10:41:28+00:00","breadcrumb":{"@id":"https:\/\/www.lesrencontreseconomiques.fr\/saisir-lavenir-ensemble-2\/#breadcrumb"},"inLanguage":"fr-FR","potentialAction":[{"@type":"ReadAction","target":["https:\/\/www.lesrencontreseconomiques.fr\/saisir-lavenir-ensemble-2\/"]}]},{"@type":"BreadcrumbList","@id":"https:\/\/www.lesrencontreseconomiques.fr\/saisir-lavenir-ensemble-2\/#breadcrumb","itemListElement":[{"@type":"ListItem","position":1,"name":"Accueil","item":"https:\/\/www.lesrencontreseconomiques.fr\/"},{"@type":"ListItem","position":2,"name":"Saisir l\u2019avenir, ensemble"}]}]}},"_links":{"self":[{"href":"https:\/\/www.lesrencontreseconomiques.fr\/wp-json\/wp\/v2\/pages\/2395"}],"collection":[{"href":"https:\/\/www.lesrencontreseconomiques.fr\/wp-json\/wp\/v2\/pages"}],"about":[{"href":"https:\/\/www.lesrencontreseconomiques.fr\/wp-json\/wp\/v2\/types\/page"}],"author":[{"embeddable":true,"href":"https:\/\/www.lesrencontreseconomiques.fr\/wp-json\/wp\/v2\/users\/2"}],"replies":[{"embeddable":true,"href":"https:\/\/www.lesrencontreseconomiques.fr\/wp-json\/wp\/v2\/comments?post=2395"}],"version-history":[{"count":0,"href":"https:\/\/www.lesrencontreseconomiques.fr\/wp-json\/wp\/v2\/pages\/2395\/revisions"}],"wp:attachment":[{"href":"https:\/\/www.lesrencontreseconomiques.fr\/wp-json\/wp\/v2\/media?parent=2395"}],"curies":[{"name":"wp","href":"https:\/\/api.w.org\/{rel}","templated":true}]}}