{"id":228,"date":"2020-12-16T12:48:58","date_gmt":"2020-12-16T11:48:58","guid":{"rendered":"https:\/\/www.lesrencontreseconomiques.fr\/?page_id=228"},"modified":"2021-11-15T17:34:09","modified_gmt":"2021-11-15T16:34:09","slug":"presse","status":"publish","type":"page","link":"https:\/\/www.lesrencontreseconomiques.fr\/presse\/","title":{"rendered":"Espace presse"},"content":{"rendered":"<div class=\"-wrapper -668 -mt-90 -mb-90\">\n<div class=\"cp-intro -texte\">\n<div class=\"description\">\n<div class=\"cp-texte\">\n<h3>Les Rencontres \u00c9conomiques d&rsquo;Aix-en-Provence auront lieu les 2-3-4 juillet 2021. Organis\u00e9s \u00e0 Aix-en-Provence, les d\u00e9bats seront int\u00e9gralement diffus\u00e9s en ligne et accessibles \u00e0 tous !<\/h3>\n<p>Vous recherchez&#8230;<\/p>\n<h3><a href=\"#com\">Communiqu\u00e9s de presse<\/a> &#8211; <a href=\"https:\/\/www.lesrencontreseconomiques.fr\/presse\/accreditation\/\">Demande d&rsquo;accr\u00e9ditation<\/a> &#8211; <a href=\"#confpresse\">Replay : Conf\u00e9rence de presse<\/a> &#8211;\u00a0<a href=\"#ressources\">Ressources<\/a> &#8211; <a href=\"#faq\">Infos pratiques<\/a> &#8211; <a href=\"#contacts\">Contacts<\/a><\/h3>\n<\/p><\/div>\n<\/p><\/div>\n<\/p><\/div>\n<\/p><\/div>\n<div class=\"-wrapper -668 -is-hr -mt-90 -mb-90\">\n<hr>\n<\/div>\n<div class=\"-wrapper -668 -mt-90 -mb-90\">\n<div class=\"cp-intro -texte\">\n<div class=\"description\">\n<div class=\"cp-texte\">\n<h2><a id=\"com\" class=\"c-anchor\"><\/a>Communiqu\u00e9s de presse<\/h2>\n<p style=\"text-align: center;\"><a class=\"cp-cta-bouton -fullwidth -telecharger\" href=\"https:\/\/www.lesrencontreseconomiques.fr\/dix-exigences-pour-la-presidentielle\/\" target=\"_blank\" rel=\"noopener\">04.07 | 10 exigences pour la pr\u00e9sidentielle : les propositions des Rencontres \u00c9conomiques d&rsquo;Aix-en-Provence<\/a><\/p>\n<p><a class=\"cp-cta-bouton -telecharger\" href=\"https:\/\/www.lesrencontreseconomiques.fr\/wp-content\/uploads\/2021\/06\/cp_reparer-la-france-et-repenser-de-la-capitalisme-conference-de-presse-vf03062021.pdf\" target=\"_blank\" rel=\"noopener\">03.06 | Le Cercle des \u00e9conomistes d\u00e9voile le programme des 21e Rencontres \u00c9conomiques d\u2019Aix-en-Provence \u00ab\u00a0Saisir l\u2019avenir, ensemble\u00a0\u00bb<\/a><\/p>\n<\/p><\/div>\n<\/p><\/div>\n<\/p><\/div>\n<\/p><\/div>\n<div class=\"-wrapper -668 -is-hr -mt-90 -mb-90\">\n<hr>\n<\/div>\n<div class=\"-wrapper -668 -mt-90 -mb-90\">\n<div class=\"cp-intro -texte\">\n<div class=\"description\">\n<div class=\"cp-texte\">\n<h2><a id=\"confpresse\" class=\"c-anchor\"><\/a>Conf\u00e9rence de presse<\/h2>\n<\/p><\/div>\n<\/p><\/div>\n<\/p><\/div>\n<\/p><\/div>\n<div class=\"-wrapper -668 -mt-90 -mb-90\">\n<div class=\"cp-intro -texte\">\n<div class=\"description\">\n<div class=\"cp-texte\">\n\t\t\t\t<iframe loading=\"lazy\" width=\"560\" height=\"315\" src=\"https:\/\/www.youtube.com\/embed\/HOWOBvMzpoY\" title=\"YouTube video player\" frameborder=\"0\" allow=\"accelerometer; autoplay; clipboard-write; encrypted-media; gyroscope; picture-in-picture\" allowfullscreen><\/iframe>\t\t\t<\/div>\n<\/p><\/div>\n<\/p><\/div>\n<\/div>\n<div class=\"-wrapper -668 -is-hr -mt-90 -mb-90\">\n<hr>\n<\/div>\n<div class=\"-wrapper -668 -mt-90 -mb-90\">\n<div class=\"cp-intro -texte\">\n<div class=\"description\">\n<div class=\"cp-texte\">\n<h2><a id=\"accred\" class=\"c-anchor\"><\/a>Les demandes d&rsquo;accr\u00e9ditation ne sont plus possibles<\/h2>\n<p>&nbsp;<\/p>\n<\/p><\/div>\n<\/p><\/div>\n<\/p><\/div>\n<\/p><\/div>\n<div class=\"-wrapper -846 -mt-90 -mb-90\">\n<div class=\"cp-chiffres-rouges\" data-reaix-uid-1>\n<div class=\"titre\" data-aos=\"fade-right\" data-aos-anchor-placement=\"top-bottom\" data-aos-offset=\"200\" data-aos-anchor=\"[data-reaix-uid-1]\">\n\t\t\tChiffres cl\u00e9s\t\t<\/div>\n<div class=\"focus\" data-aos=\"fade-up\" data-aos-anchor-placement=\"top-bottom\" data-aos-offset=\"200\" data-aos-delay=\"200\" data-aos-anchor=\"[data-reaix-uid-1]\">\n<div class=\"data\">53<\/div>\n<div class=\"texte\">sessions et d\u00e9bats<\/div>\n<\/p><\/div>\n<div class=\"focus\" data-aos=\"fade-up\" data-aos-anchor-placement=\"top-bottom\" data-aos-offset=\"200\" data-aos-delay=\"400\" data-aos-anchor=\"[data-reaix-uid-1]\">\n<div class=\"data\">350<\/div>\n<div class=\"texte\">intervenants<\/div>\n<\/p><\/div>\n<div class=\"focus\" data-aos=\"fade-up\" data-aos-anchor-placement=\"top-bottom\" data-aos-offset=\"200\" data-aos-delay=\"600\" data-aos-anchor=\"[data-reaix-uid-1]\">\n<div class=\"data\">40<\/div>\n<div class=\"texte\">pays repr\u00e9sent\u00e9s<\/div>\n<\/p><\/div>\n<\/p><\/div>\n<\/div>\n<div class=\"-wrapper -846 -mt-90 -mb-minus-50\">\n<h2 class=\"cp-titre-rouge\">Mais aussi&#8230;<\/h2>\n<\/div>\n<div class=\"-wrapper -846 -mt-90 -mb-90\">\n<div class=\"cp-chiffres-gris\" data-reaix-uid-2>\n\t\t\t\t<span class=\"chiffre\" data-aos=\"fade-left\" data-aos-anchor-placement=\"top-bottom\" data-aos-offset=\"200\" data-aos-anchor=\"[data-reaix-uid-2]\"><br \/>\n\t\t\t<strong>3<\/strong> jours de conf\u00e9rences\t\t<\/span><br \/>\n\t\t\t\t<span class=\"chiffre\" data-aos=\"fade-left\" data-aos-anchor-placement=\"top-bottom\" data-aos-offset=\"200\" data-aos-delay=\"400\" data-aos-anchor=\"[data-reaix-uid-2]\"><br \/>\n\t\t\t<strong>2<\/strong> grandes questions\t\t<\/span><br \/>\n\t\t\t\t<span class=\"chiffre\" data-aos=\"fade-left\" data-aos-anchor-placement=\"top-bottom\" data-aos-offset=\"200\" data-aos-delay=\"800\" data-aos-anchor=\"[data-reaix-uid-2]\"><br \/>\n\t\t\t<strong>5<\/strong> parcours th\u00e9matiques\t\t<\/span><br \/>\n\t\t\t\t<span class=\"chiffre\" data-aos=\"fade-left\" data-aos-anchor-placement=\"top-bottom\" data-aos-offset=\"200\" data-aos-delay=\"1200\" data-aos-anchor=\"[data-reaix-uid-2]\"><br \/>\n\t\t\t<strong>1<\/strong> d\u00e9claration finale\t\t<\/span><br \/>\n\t\t\t\t<span class=\"chiffre\" data-aos=\"fade-left\" data-aos-anchor-placement=\"top-bottom\" data-aos-offset=\"200\" data-aos-delay=\"1600\" data-aos-anchor=\"[data-reaix-uid-2]\"><br \/>\n\t\t\t<strong>104<\/strong> partenaires\t\t<\/span><br \/>\n\t\t\t\t<span class=\"chiffre\" data-aos=\"fade-left\" data-aos-anchor-placement=\"top-bottom\" data-aos-offset=\"200\" data-aos-delay=\"2000\" data-aos-anchor=\"[data-reaix-uid-2]\"><br \/>\n\t\t\t<strong>2<\/strong> masterclasses\t\t<\/span><br \/>\n\t\t\t\t<span class=\"chiffre\" data-aos=\"fade-left\" data-aos-anchor-placement=\"top-bottom\" data-aos-offset=\"200\" data-aos-delay=\"2400\" data-aos-anchor=\"[data-reaix-uid-2]\"><br \/>\n\t\t\t<strong>120<\/strong> jeunes de 18 \u00e0 28 ans invit\u00e9s\t\t<\/span>\n\t\t\t<\/div>\n<\/div>\n<div class=\"-wrapper -846 -is-hr -mt-90 -mb-90\">\n<hr>\n<\/div>\n<div class=\"-wrapper -668 -mt-90 -mb-90\">\n<div class=\"cp-intro -texte\">\n<div class=\"description\">\n<div class=\"cp-texte\">\n<h2><a id=\"ressources\" class=\"c-anchor\"><\/a>Ressources<\/h2>\n<h3>Logos<\/h3>\n<p><a href=\"https:\/\/www.lesrencontreseconomiques.fr\/wp-content\/uploads\/2021\/06\/cercle_logo.png\" target=\"_blank\" rel=\"noopener\"><img loading=\"lazy\" class=\"alignnone wp-image-1502 size-small\" src=\"https:\/\/www.lesrencontreseconomiques.fr\/wp-content\/uploads\/2021\/06\/cercle_logo-224x129.png\" alt=\"\" width=\"224\" height=\"129\" \/><\/a> \u00a0 \u00a0 \u00a0<a href=\"https:\/\/www.lesrencontreseconomiques.fr\/wp-content\/uploads\/2021\/06\/reaix_logo.png\" target=\"_blank\" rel=\"noopener\"><img loading=\"lazy\" class=\"alignnone wp-image-1503 size-small\" src=\"https:\/\/www.lesrencontreseconomiques.fr\/wp-content\/uploads\/2021\/06\/reaix_logo-224x142.png\" alt=\"\" width=\"224\" height=\"142\" \/><\/a><\/p>\n<h3>Affiche et th\u00e8me<\/h3>\n<p><a href=\"https:\/\/www.lesrencontreseconomiques.fr\/wp-content\/uploads\/2021\/06\/affiche-reaix2021-a4.jpg\"><img loading=\"lazy\" class=\"alignnone wp-image-1505\" src=\"https:\/\/www.lesrencontreseconomiques.fr\/wp-content\/uploads\/2021\/06\/affiche-reaix2021-a4-224x317.jpg\" alt=\"\" width=\"183\" height=\"259\" \/><\/a> \u00a0\u00a0\u00a0\u00a0 <a href=\"https:\/\/www.lesrencontreseconomiques.fr\/wp-content\/uploads\/2021\/06\/saisir-lavenir-ensemble-personnages.png\"><img loading=\"lazy\" class=\"alignnone wp-image-1506 size-small\" src=\"https:\/\/www.lesrencontreseconomiques.fr\/wp-content\/uploads\/2021\/06\/saisir-lavenir-ensemble-personnages-224x198.png\" alt=\"\" width=\"224\" height=\"198\" \/><\/a><\/p>\n<h3>R\u00e9seaux sociaux<\/h3>\n<p>Communiquez sur les r\u00e9seaux sociaux en utilisant les hashtags des 21e Rencontres \u00c9conomiques d&rsquo;Aix-en-Provence :<\/p>\n<p><a class=\"cp-cta-bouton\" href=\"https:\/\/twitter.com\/intent\/tweet?hashtags=REAix2021\">#REAix2021 <\/a>\u00a0 <a class=\"cp-cta-bouton\" href=\"https:\/\/twitter.com\/intent\/tweet?hashtags=LP1828\">#LP1828<\/a><\/p>\n<p>Suivez les derni\u00e8res actualit\u00e9s de l&rsquo;\u00e9v\u00e9nement sur <a href=\"https:\/\/twitter.com\/Cercle_eco\" target=\"_blank\" rel=\"noopener\">Twitter<\/a>, <a href=\"https:\/\/www.linkedin.com\/company\/cercle-des-\u00e9conomistes\/\" target=\"_blank\" rel=\"noopener\">Linkedin<\/a>, <a href=\"https:\/\/www.facebook.com\/Le.Cercle.des.Economistes\" target=\"_blank\" rel=\"noopener\">Facebook<\/a>, <a href=\"https:\/\/www.instagram.com\/cercle_eco\/\" target=\"_blank\" rel=\"noopener\">Instagram<\/a><\/p>\n<\/p><\/div>\n<\/p><\/div>\n<\/p><\/div>\n<\/p><\/div>\n<div class=\"-wrapper -668 -is-hr -mt-90 -mb-90\">\n<hr>\n<\/div>\n<div class=\"-wrapper -668 -mt-90 -mb-90\">\n<div class=\"cp-intro -texte\">\n<div class=\"description\">\n<div class=\"cp-texte\">\n<h2><a id=\"faq\" class=\"c-anchor\"><\/a>Infos pratiques<\/h2>\n<p><a class=\"cp-cta-bouton\" href=\"https:\/\/www.lesrencontreseconomiques.fr\/infos-pratiques\/\">Acc\u00e9der \u00e0 la FAQ<\/a><\/p>\n<\/p><\/div>\n<\/p><\/div>\n<\/p><\/div>\n<\/p><\/div>\n<div class=\"-wrapper -668 -is-hr -mt-90 -mb-90\">\n<hr>\n<\/div>\n<div class=\"-wrapper -668 -mt-90 -mb-90\">\n<div class=\"cp-intro -texte\">\n<div class=\"description\">\n<div class=\"cp-texte\">\n<h2><a id=\"contacts\" class=\"c-anchor\"><\/a>Contact presse<\/h2>\n<p>Pour toute demande, contactez : <strong>media@cercledeseconomistes.fr<\/strong><\/p>\n<\/p><\/div>\n<\/p><\/div>\n<\/p><\/div>\n<\/p><\/div>\n","protected":false},"excerpt":{"rendered":"<p>Les Rencontres \u00c9conomiques d&rsquo;Aix-en-Provence auront lieu les 2-3-4 juillet 2021. Organis\u00e9s \u00e0 Aix-en-Provence, les d\u00e9bats seront int\u00e9gralement diffus\u00e9s en ligne et accessibles \u00e0 tous ! Vous recherchez&#8230; Communiqu\u00e9s de presse &#8211; Demande d&rsquo;accr\u00e9ditation &#8211; Replay : Conf\u00e9rence de presse &#8211;\u00a0Ressources &#8211; Infos pratiques &#8211; Contacts Communiqu\u00e9s de presse 04.07 | 10 exigences pour la pr\u00e9sidentielle [&hellip;]<\/p>\n","protected":false},"author":2,"featured_media":0,"parent":0,"menu_order":0,"comment_status":"closed","ping_status":"closed","template":"","meta":[],"yoast_head":"<!-- This site is optimized with the Yoast SEO plugin v17.2 - https:\/\/yoast.com\/wordpress\/plugins\/seo\/ -->\n<meta name=\"robots\" content=\"index, follow, max-snippet:-1, max-image-preview:large, max-video-preview:-1\" \/>\n<link rel=\"canonical\" href=\"https:\/\/www.lesrencontreseconomiques.fr\/presse\/\" \/>\n<meta property=\"og:locale\" content=\"fr_FR\" \/>\n<meta property=\"og:type\" content=\"article\" \/>\n<meta property=\"og:title\" content=\"Espace presse - Les Rencontres \u00c9conomiques\" \/>\n<meta property=\"og:description\" content=\"Les Rencontres \u00c9conomiques d&rsquo;Aix-en-Provence auront lieu les 2-3-4 juillet 2021. Organis\u00e9s \u00e0 Aix-en-Provence, les d\u00e9bats seront int\u00e9gralement diffus\u00e9s en ligne et accessibles \u00e0 tous ! Vous recherchez&#8230; Communiqu\u00e9s de presse &#8211; Demande d&rsquo;accr\u00e9ditation &#8211; Replay : Conf\u00e9rence de presse &#8211;\u00a0Ressources &#8211; Infos pratiques &#8211; Contacts Communiqu\u00e9s de presse 04.07 | 10 exigences pour la pr\u00e9sidentielle [&hellip;]\" \/>\n<meta property=\"og:url\" content=\"https:\/\/www.lesrencontreseconomiques.fr\/presse\/\" \/>\n<meta property=\"og:site_name\" content=\"Les Rencontres \u00c9conomiques\" \/>\n<meta property=\"article:publisher\" content=\"https:\/\/www.facebook.com\/Le.Cercle.des.Economistes\/\" \/>\n<meta property=\"article:modified_time\" content=\"2021-11-15T16:34:09+00:00\" \/>\n<meta property=\"og:image\" content=\"https:\/\/www.lesrencontreseconomiques.fr\/wp-content\/uploads\/2021\/06\/olivier-lenel.png\" \/>\n<meta name=\"twitter:card\" content=\"summary_large_image\" \/>\n<meta name=\"twitter:image\" content=\"https:\/\/www.lesrencontreseconomiques.fr\/wp-content\/uploads\/2021\/06\/olivier-lenel.png\" \/>\n<meta name=\"twitter:site\" content=\"@Cercle_eco\" \/>\n<meta name=\"twitter:label1\" content=\"Dur\u00e9e de lecture est.\" \/>\n\t<meta name=\"twitter:data1\" content=\"1 minute\" \/>\n<script type=\"application\/ld+json\" class=\"yoast-schema-graph\">{\"@context\":\"https:\/\/schema.org\",\"@graph\":[{\"@type\":\"WebSite\",\"@id\":\"https:\/\/www.lesrencontreseconomiques.fr\/#website\",\"url\":\"https:\/\/www.lesrencontreseconomiques.fr\/\",\"name\":\"Les Rencontres \\u00c9conomiques\",\"description\":\"\",\"potentialAction\":[{\"@type\":\"SearchAction\",\"target\":{\"@type\":\"EntryPoint\",\"urlTemplate\":\"https:\/\/www.lesrencontreseconomiques.fr\/?s={search_term_string}\"},\"query-input\":\"required name=search_term_string\"}],\"inLanguage\":\"fr-FR\"},{\"@type\":\"ImageObject\",\"@id\":\"https:\/\/www.lesrencontreseconomiques.fr\/presse\/#primaryimage\",\"inLanguage\":\"fr-FR\",\"url\":\"https:\/\/www.lesrencontreseconomiques.fr\/wp-content\/uploads\/2021\/06\/cercle_logo.png\",\"contentUrl\":\"https:\/\/www.lesrencontreseconomiques.fr\/wp-content\/uploads\/2021\/06\/cercle_logo.png\",\"width\":1600,\"height\":922},{\"@type\":\"WebPage\",\"@id\":\"https:\/\/www.lesrencontreseconomiques.fr\/presse\/#webpage\",\"url\":\"https:\/\/www.lesrencontreseconomiques.fr\/presse\/\",\"name\":\"Espace presse - Les Rencontres \\u00c9conomiques\",\"isPartOf\":{\"@id\":\"https:\/\/www.lesrencontreseconomiques.fr\/#website\"},\"primaryImageOfPage\":{\"@id\":\"https:\/\/www.lesrencontreseconomiques.fr\/presse\/#primaryimage\"},\"datePublished\":\"2020-12-16T11:48:58+00:00\",\"dateModified\":\"2021-11-15T16:34:09+00:00\",\"breadcrumb\":{\"@id\":\"https:\/\/www.lesrencontreseconomiques.fr\/presse\/#breadcrumb\"},\"inLanguage\":\"fr-FR\",\"potentialAction\":[{\"@type\":\"ReadAction\",\"target\":[\"https:\/\/www.lesrencontreseconomiques.fr\/presse\/\"]}]},{\"@type\":\"BreadcrumbList\",\"@id\":\"https:\/\/www.lesrencontreseconomiques.fr\/presse\/#breadcrumb\",\"itemListElement\":[{\"@type\":\"ListItem\",\"position\":1,\"name\":\"Accueil\",\"item\":\"https:\/\/www.lesrencontreseconomiques.fr\/\"},{\"@type\":\"ListItem\",\"position\":2,\"name\":\"Espace presse\"}]}]}<\/script>\n<!-- \/ Yoast SEO plugin. -->","yoast_head_json":{"robots":{"index":"index","follow":"follow","max-snippet":"max-snippet:-1","max-image-preview":"max-image-preview:large","max-video-preview":"max-video-preview:-1"},"canonical":"https:\/\/www.lesrencontreseconomiques.fr\/presse\/","og_locale":"fr_FR","og_type":"article","og_title":"Espace presse - Les Rencontres \u00c9conomiques","og_description":"Les Rencontres \u00c9conomiques d&rsquo;Aix-en-Provence auront lieu les 2-3-4 juillet 2021. Organis\u00e9s \u00e0 Aix-en-Provence, les d\u00e9bats seront int\u00e9gralement diffus\u00e9s en ligne et accessibles \u00e0 tous ! Vous recherchez&#8230; Communiqu\u00e9s de presse &#8211; Demande d&rsquo;accr\u00e9ditation &#8211; Replay : Conf\u00e9rence de presse &#8211;\u00a0Ressources &#8211; Infos pratiques &#8211; Contacts Communiqu\u00e9s de presse 04.07 | 10 exigences pour la pr\u00e9sidentielle [&hellip;]","og_url":"https:\/\/www.lesrencontreseconomiques.fr\/presse\/","og_site_name":"Les Rencontres \u00c9conomiques","article_publisher":"https:\/\/www.facebook.com\/Le.Cercle.des.Economistes\/","article_modified_time":"2021-11-15T16:34:09+00:00","og_image":[{"url":"https:\/\/www.lesrencontreseconomiques.fr\/wp-content\/uploads\/2021\/06\/olivier-lenel.png"}],"twitter_card":"summary_large_image","twitter_image":"https:\/\/www.lesrencontreseconomiques.fr\/wp-content\/uploads\/2021\/06\/olivier-lenel.png","twitter_site":"@Cercle_eco","twitter_misc":{"Dur\u00e9e de lecture est.":"1 minute"},"schema":{"@context":"https:\/\/schema.org","@graph":[{"@type":"WebSite","@id":"https:\/\/www.lesrencontreseconomiques.fr\/#website","url":"https:\/\/www.lesrencontreseconomiques.fr\/","name":"Les Rencontres \u00c9conomiques","description":"","potentialAction":[{"@type":"SearchAction","target":{"@type":"EntryPoint","urlTemplate":"https:\/\/www.lesrencontreseconomiques.fr\/?s={search_term_string}"},"query-input":"required name=search_term_string"}],"inLanguage":"fr-FR"},{"@type":"ImageObject","@id":"https:\/\/www.lesrencontreseconomiques.fr\/presse\/#primaryimage","inLanguage":"fr-FR","url":"https:\/\/www.lesrencontreseconomiques.fr\/wp-content\/uploads\/2021\/06\/cercle_logo.png","contentUrl":"https:\/\/www.lesrencontreseconomiques.fr\/wp-content\/uploads\/2021\/06\/cercle_logo.png","width":1600,"height":922},{"@type":"WebPage","@id":"https:\/\/www.lesrencontreseconomiques.fr\/presse\/#webpage","url":"https:\/\/www.lesrencontreseconomiques.fr\/presse\/","name":"Espace presse - Les Rencontres \u00c9conomiques","isPartOf":{"@id":"https:\/\/www.lesrencontreseconomiques.fr\/#website"},"primaryImageOfPage":{"@id":"https:\/\/www.lesrencontreseconomiques.fr\/presse\/#primaryimage"},"datePublished":"2020-12-16T11:48:58+00:00","dateModified":"2021-11-15T16:34:09+00:00","breadcrumb":{"@id":"https:\/\/www.lesrencontreseconomiques.fr\/presse\/#breadcrumb"},"inLanguage":"fr-FR","potentialAction":[{"@type":"ReadAction","target":["https:\/\/www.lesrencontreseconomiques.fr\/presse\/"]}]},{"@type":"BreadcrumbList","@id":"https:\/\/www.lesrencontreseconomiques.fr\/presse\/#breadcrumb","itemListElement":[{"@type":"ListItem","position":1,"name":"Accueil","item":"https:\/\/www.lesrencontreseconomiques.fr\/"},{"@type":"ListItem","position":2,"name":"Espace presse"}]}]}},"_links":{"self":[{"href":"https:\/\/www.lesrencontreseconomiques.fr\/wp-json\/wp\/v2\/pages\/228"}],"collection":[{"href":"https:\/\/www.lesrencontreseconomiques.fr\/wp-json\/wp\/v2\/pages"}],"about":[{"href":"https:\/\/www.lesrencontreseconomiques.fr\/wp-json\/wp\/v2\/types\/page"}],"author":[{"embeddable":true,"href":"https:\/\/www.lesrencontreseconomiques.fr\/wp-json\/wp\/v2\/users\/2"}],"replies":[{"embeddable":true,"href":"https:\/\/www.lesrencontreseconomiques.fr\/wp-json\/wp\/v2\/comments?post=228"}],"version-history":[{"count":0,"href":"https:\/\/www.lesrencontreseconomiques.fr\/wp-json\/wp\/v2\/pages\/228\/revisions"}],"wp:attachment":[{"href":"https:\/\/www.lesrencontreseconomiques.fr\/wp-json\/wp\/v2\/media?parent=228"}],"curies":[{"name":"wp","href":"https:\/\/api.w.org\/{rel}","templated":true}]}}